000
CXUS52 KFFC 011010
CF6VPC
PRELIMINARY LOCAL CLIMATOLOGICAL DATA (WS FORM: F-6)
STATION: CARTERSVILLE
MONTH: SEPTEMBER
YEAR: 2021
LATITUDE: 34 7 N
LONGITUDE: 84 51 W
TEMPERATURE IN F: :PCPN: SNOW: WIND :SUNSHINE: SKY :PK WND
================================================================================
1 2 3 4 5 6A 6B 7 8 9 10 11 12 13 14 15 16 17 18
12Z AVG MX 2MIN
DY MAX MIN AVG DEP HDD CDD WTR SNW DPTH SPD SPD DIR MIN PSBL S-S WX SPD DR
================================================================================
1 84 72 78 2 0 13 0.00 M M 7.2 14 270 M M 5 20 270
2 84 66 75 -1 0 10 0.00 M M 1.2 5 99 M M 2 1 13 99
3 82 64 73 -3 0 8 0.00 M M 2.4 9 100 M M 1 1 15 110
4 82 61 72 -4 0 7 0.00 M M 0.6 5 60 M M 1 1 M M
5 86 61 74 -1 0 9 0.00 M M 0.9 6 290 M M 3 1 15 99
6 84 70 77 2 0 12 0.14 M M 1.4 6 99 M M 7 18 M M
7 86 66 76 1 0 11 0.01 M M 1.7 7 99 M M 6 13 17 0
8 86 68 77 2 0 12 0.03 M M 3.2 9 190 M M 5 1 13 99
9 81 61 71 -3 0 6 0.00 M M 3.9 13 340 M M 3 21 10
10 81 55 68 -6 0 3 0.00 M M 0.1 4 99 M M 1 M M
11 84 59 72 -2 0 7 0.00 M 0 1.2 6 180 M M 2 1 M M
12 84 63 74 0 0 9 0.00 M M 1.2 5 110 M M 1 1 M M
13 86 64 75 2 0 10 0.00 M M 1.7 7 300 M M 2 1 M M
14 88 66 77 4 0 12 0.00 M M 0.6 7 250 M M 4 1 12 0
15 77 68 73 0 0 8 0.34 M M 1.0 6 100 M M 6 1 12 99
16 77 68 73 1 0 8 0.02 M M 4.9 9 100 M M 9 1 16 100
17 82 72 77 5 0 12 0.01 M M 3.0 9 120 M M 10 13 120
18 81 72 77 5 0 12 0.84 M M 0.9 6 280 M M 8 1 12 280
19 77 72 75 3 0 10 0.50 M M 0.7 6 90 M M 8 1 13 90
20 73 70 72 1 0 7 1.17 M M 5.7 10 110 M M 9 1 27 110
21 84 70 77 6 0 12 0.00 M M 2.9 6 100 M M 7 1 M M
22 75 57 66 -5 0 1 0.16 M M 4.1 13 280 M M 6 1 23 99
23 72 50 61 -9 4 0 0.00 M M 4.1 10 310 M M 0 1 17 340
24 75 48 62 -8 3 0 0.00 M M 0.0 M M M M 1 M M
25 77 50 64 -6 1 0 0.00 M M 1.2 6 99 M M 3 12 13 99
26 79 52 66 -3 0 1 0.00 M M 0.7 7 310 M M 5 12 M M
27 82 55 69 0 0 4 0.00 M M 0.4 6 290 M M 5 12 M M
28 82 57 70 1 0 5 0.00 0.0 M 1.2 6 99 M M 4 12 M M
29 84 59 72 4 0 7 0.00 0.0 M 1.3 8 20 M M 4 12 12 99
30 84 59 72 4 0 7 0.00 M M 0.3 5 110 M M 6 12 M M
================================================================================
SM 2439 1875 8 223 3.22 0.0 59.7 M 134
================================================================================
AV 81.3 62.5 2.0 FASTST M M 4 MAX(MPH)
MISC ----> 14 270 27 110
================================================================================
NOTES:
# LAST OF SEVERAL OCCURRENCES
COLUMN 17 PEAK WIND IN M.P.H.
PRELIMINARY LOCAL CLIMATOLOGICAL DATA (WS FORM: F-6) , PAGE 2
STATION: CARTERSVILLE
MONTH: SEPTEMBER
YEAR: 2021
LATITUDE: 34 7 N
LONGITUDE: 84 51 W
[TEMPERATURE DATA] [PRECIPITATION DATA] SYMBOLS USED IN COLUMN 16
AVERAGE MONTHLY: 71.9 TOTAL FOR MONTH: 3.22 1 = FOG OR MIST
DPTR FM NORMAL: -0.6 DPTR FM NORMAL: -0.41 2 = FOG REDUCING VISIBILITY
HIGHEST: 88 ON 14 GRTST 24HR 1.17 ON 20-20 TO 1/4 MILE OR LESS
LOWEST: 48 ON 24 3 = THUNDER
SNOW, ICE PELLETS, HAIL 4 = ICE PELLETS
TOTAL MONTH: 0.0 INCH 5 = HAIL
GRTST 24HR 0.0 6 = FREEZING RAIN OR DRIZZLE
GRTST DEPTH: 0 7 = DUSTSTORM OR SANDSTORM:
VSBY 1/2 MILE OR LESS
8 = SMOKE OR HAZE
[NO. OF DAYS WITH] [WEATHER - DAYS WITH] 9 = BLOWING SNOW
X = TORNADO
MAX 32 OR BELOW: 0 0.01 INCH OR MORE: 10
MAX 90 OR ABOVE: 0 0.10 INCH OR MORE: 6
MIN 32 OR BELOW: 0 0.50 INCH OR MORE: 2
MIN 0 OR BELOW: 0 1.00 INCH OR MORE: 1
[HDD (BASE 65) ]
TOTAL THIS MO. 8 CLEAR (SCALE 0-3) 11
DPTR FM NORMAL -4 PTCLDY (SCALE 4-7) 16
TOTAL FM JUL 1 8 CLOUDY (SCALE 8-10) 3
DPTR FM NORMAL -2
[CDD (BASE 65) ]
TOTAL THIS MO. 223
DPTR FM NORMAL -13 [PRESSURE DATA]
TOTAL FM JAN 1 1581 HIGHEST SLP M ON M
DPTR FM NORMAL 8 LOWEST SLP M ON M
[REMARKS]
#FINAL-09-21#