000
CXUS52 KMLB 011601
CLMVRB
CLIMATE REPORT
NATIONAL WEATHER SERVICE MELBOURNE FL
1101 AM EST MON JAN 01 2024
...................................
...THE VERO BEACH CLIMATE SUMMARY FOR THE MONTH OF DECEMBER 2023...
CLIMATE NORMAL PERIOD 1991 TO 2020
CLIMATE RECORD PERIOD 1942 TO 2023
WEATHER OBSERVED NORMAL DEPART LAST YEAR`S
VALUE DATE(S) VALUE FROM VALUE
NORMAL
..............................................................
TEMPERATURE (F)
MONTHLY RECORD
WARMEST 76.2 2015
COLDEST 70.6 1968
DAILY RECORD
HIGH 90 12/19/2021
LOW 23 12/24/1989
DECEMBER 2023
HIGHEST 87 12/03 87
LOWEST 42 12/31 34
AVG. MAXIMUM 74.7 75.4 -0.7 75.6
AVG. MINIMUM 59.3 56.1 3.2 57.1
MEAN 67.0 65.7 1.3 66.3
DAYS MAX >= 90 0 0.0 0.0 0
DAYS MAX <= 32 0 0.0 0.0 0
DAYS MIN <= 32 0 0.3 -0.3 0
DAYS MIN <= 0 0 0.0 0.0 0
PRECIPITATION (INCHES)
MONTHLY RECORD
MAXIMUM 6.92 2019
MINIMUM 0.08 1961
DAILY RECORD
MAXIMUM 4.49 12/12/2019
DECEMBER 2023
TOTALS 4.21 2.54 1.67 1.45
DAYS >= .01 12 8.7 3.3 6
DAYS >= .10 5 4.6 0.4 4
DAYS >= .50 2 1.6 0.4 1
DAYS >= 1.00 2 0.7 1.3 0
GREATEST
24 HR. TOTAL 2.37 12/16 TO 12/17
SNOWFALL (INCHES)
TOTALS 0.0 0.0 0.0 0.0
SINCE 7/1 0.0 0.0 0.0 MM
DAYS >= TRACE 0 0
DEGREE DAYS
HEATING TOTAL 52 89 -37 73
SINCE 7/1 62 119 -57 MM
COOLING TOTAL 121 112 9 125
SINCE 1/1 4145 3555 590 MM
..............................................................
WIND (MPH)
AVERAGE WIND SPEED 9.6
HIGHEST WIND SPEED/DIRECTION 33/130 DATE 12/16
HIGHEST GUST SPEED/DIRECTION 47/120 DATE 12/16
SKY COVER
POSSIBLE SUNSHINE (PERCENT) MM
AVERAGE SKY COVER 0.46
NUMBER OF DAYS FAIR 11
NUMBER OF DAYS PC 15
NUMBER OF DAYS CLOUDY 5
AVERAGE RH (PERCENT) 74
WEATHER CONDITIONS. NUMBER OF DAYS WITH
THUNDERSTORM 0 MIXED PRECIP 0
HEAVY RAIN 4 RAIN 6
LIGHT RAIN 15 LT FREEZING RAIN 0
HAIL 0 LIGHT SNOW 0
SLEET 0 FOG 16
FOG W/VIS <= 1/4 MILE 1 HAZE 6
- INDICATES NEGATIVE NUMBERS.
R INDICATES RECORD WAS SET OR TIED.
MM INDICATES DATA IS MISSING.
T INDICATES TRACE AMOUNT.
$$