000
CXUS52 KMLB 021935
CLMVRB
CLIMATE REPORT
NATIONAL WEATHER SERVICE MELBOURNE FL
335 PM EDT MON OCT 02 2023
...................................
...THE VERO BEACH CLIMATE SUMMARY FOR THE MONTH OF SEPTEMBER 2023...
CLIMATE NORMAL PERIOD 1991 TO 2020
CLIMATE RECORD PERIOD 1942 TO 2023
WEATHER OBSERVED NORMAL DEPART LAST YEAR`S
VALUE DATE(S) VALUE FROM VALUE
NORMAL
..............................................................
TEMPERATURE (F)
MONTHLY RECORD
WARMEST 82.6 2019
COOLEST 78.4 2001
DAILY RECORD
HIGH 97 09/06/2019
09/05/2019
09/17/1996
LOW 61 09/29/2006
SEPTEMBER 2023
HIGHEST 93 09/07 95
09/13
09/17
LOWEST 67 09/23 63
AVG. MAXIMUM 89.4 88.4 1.0 89.6
AVG. MINIMUM 73.3 73.4 -0.1 72.0
MEAN 81.3 80.9 0.4 80.8
DAYS MAX >= 90 13 9.4 3.6 17
DAYS MAX <= 32 0 0.0 0.0 0
DAYS MIN <= 32 0 0.0 0.0 0
DAYS MIN <= 0 0 0.0 0.0 0
PRECIPITATION (INCHES)
MONTHLY RECORD
MAXIMUM 23.01 2004
MINIMUM 1.67 1988
DAILY RECORD
MAXIMUM 8.11 09/10/2017
SEPTEMBER 2023
TOTALS 7.73 7.04 0.69 11.53
DAYS >= .01 11 15.8 -4.8 19
DAYS >= .10 6 9.7 -3.7 12
DAYS >= .50 5 4.6 0.4 6
DAYS >= 1.00 3 1.9 1.1 5
GREATEST
24 HR. TOTAL 2.44 09/29 TO 09/30
SNOWFALL (INCHES)
TOTALS 0.0 0.0 0.0 0.0
SINCE 7/1 0.0 0.0 0.0 MM
DAYS >= TRACE 0 0
DEGREE DAYS
HEATING TOTAL 0 0 0 0
SINCE 7/1 0 0 0 MM
COOLING TOTAL 497 477 20 481
SINCE 1/1 3410 2884 526 MM
..............................................................
WIND (MPH)
AVERAGE WIND SPEED 5.9
HIGHEST WIND SPEED/DIRECTION 30/290 DATE 09/08
HIGHEST GUST SPEED/DIRECTION 42/300 DATE 09/08
SKY COVER
POSSIBLE SUNSHINE (PERCENT) MM
AVERAGE SKY COVER 0.26
NUMBER OF DAYS FAIR 22
NUMBER OF DAYS PC 8
NUMBER OF DAYS CLOUDY 0
AVERAGE RH (PERCENT) 76
WEATHER CONDITIONS. NUMBER OF DAYS WITH
THUNDERSTORM 13 MIXED PRECIP 0
HEAVY RAIN 5 RAIN 5
LIGHT RAIN 15 LT FREEZING RAIN 0
HAIL 0 LIGHT SNOW 0
SLEET 0 FOG 16
FOG W/VIS <= 1/4 MILE 2 HAZE 1
- INDICATES NEGATIVE NUMBERS.
R INDICATES RECORD WAS SET OR TIED.
MM INDICATES DATA IS MISSING.
T INDICATES TRACE AMOUNT.
$$