000
CXUS56 KPQR 011155
CF6VUO
PRELIMINARY LOCAL CLIMATOLOGICAL DATA (WS FORM: F-6)
STATION: VANCOUVER WA
MONTH: MAY
YEAR: 2022
LATITUDE: 45 37 N
LONGITUDE: 122 39 W
TEMPERATURE IN F: :PCPN: SNOW: WIND :SUNSHINE: SKY :PK WND
================================================================================
1 2 3 4 5 6A 6B 7 8 9 10 11 12 13 14 15 16 17 18
12Z AVG MX 2MIN
DY MAX MIN AVG DEP HDD CDD WTR SNW DPTH SPD SPD DIR MIN PSBL S-S WX SPD DR
================================================================================
1 65 49 57 2 8 0 0.00 M M 2.2 8 170 M M 6 11 140
2 59 48 54 -1 11 0 0.11 M M 6.2 15 280 M M 9 25 190
3 62 47 55 -1 10 0 0.00 M M 4.7 12 280 M M 6 16 320
4 75 44 60 4 5 0 0.00 M M 2.8 9 350 M M 1 16 350
5 61 47 54 -2 11 0 0.48 M M 4.5 14 230 M M 10 1 24 230
6 62 49 56 0 9 0 0.93 M M 4.3 15 230 M M 9 12 27 240
7 57 46 52 -4 13 0 0.19 M M 7.1 20 270 M M 9 1 25 270
8 53 43 48 -9 17 0 0.04 M M 4.0 13 280 M M 7 16 310
9 55 41 48 -9 17 0 0.05 M M 4.4 14 270 M M 8 18 270
10 62 39 51 -6 14 0 0.00 M M 3.5 13 310 M M 6 17 320
11 62 41 52 -5 13 0 0.00 M M 3.8 14 250 M M 6 19 260
12 55 40 48 -10 17 0 0.16 M M 7.2 16 280 M M 8 25 200
13 57 35 46 -12 19 0 0.37 M M 2.8 10 230 M M 5 1 16 210
14 70 50 60 2 5 0 0.29 M M 4.9 14 190 M M 7 1 22 180
15 69 57 63 5 2 0 0.26 M M 4.0 14 260 M M 9 1 18 250
16 65 49 57 -1 8 0 0.00 M M 5.3 14 300 M M 8 20 290
17 66 46 56 -3 9 0 0.00 M M 2.3 9 330 M M 3 14 330
18 62 48 55 -4 10 0 0.12 M M 7.9 18 260 M M 7 18 24 260
19 57 44 51 -8 14 0 0.07 M M 5.4 15 290 M M 7 21 300
20 62 43 53 -6 12 0 0.00 M M 3.8 12 290 M M 7 16 310
21 73 43 58 -1 7 0 0.00 M M 5.6 15 310 M M 0 22 310
22 75 44 60 0 5 0 0.00 M M 4.3 9 350 M M 0 16 320
23 71 53 62 2 3 0 0.00 M M 4.9 15 310 M M 6 22 320
24 68 47 58 -2 7 0 0.03 M M 1.4 10 270 M M 8 16 260
25 73 55 64 4 1 0 0.04 M M 3.8 9 130 M M 5 18 12 320
26 73 54 64 4 1 0 0.10 M M 2.6 12 290 M M 7 13 14 200
27 63 53 58 -2 7 0 0.11 M M 2.9 10 270 M M 9 15 270
28 60 51 56 -4 9 0 0.36 M M 2.9 13 100 M M 10 18 18 170
29 60 51 56 -4 9 0 0.33 M M 6.4 18 280 M M 9 1 24 270
30 65 49 57 -4 8 0 0.02 M M 4.3 13 280 M M 7 17 280
31 77 51 64 3 1 0 0.00 M M 4.6 10 300 M M 4 14 300
================================================================================
SM 1994 1457 282 0 4.06 M 134.8 M 203
================================================================================
AV 64.3 47.0 4.3 FASTST M M 7 MAX(MPH)
MISC ----> 20 270 27 240
================================================================================
NOTES:
# LAST OF SEVERAL OCCURRENCES
COLUMN 17 PEAK WIND IN M.P.H.
PRELIMINARY LOCAL CLIMATOLOGICAL DATA (WS FORM: F-6) , PAGE 2
STATION: VANCOUVER WA
MONTH: MAY
YEAR: 2022
LATITUDE: 45 37 N
LONGITUDE: 122 39 W
[TEMPERATURE DATA] [PRECIPITATION DATA] SYMBOLS USED IN COLUMN 16
AVERAGE MONTHLY: 55.7 TOTAL FOR MONTH: 4.06 1 = FOG OR MIST
DPTR FM NORMAL: -2.6 DPTR FM NORMAL: 1.55 2 = FOG REDUCING VISIBILITY
HIGHEST: 77 ON 31 GRTST 24HR 1.05 ON 6- 7 TO 1/4 MILE OR LESS
LOWEST: 35 ON 13 3 = THUNDER
SNOW, ICE PELLETS, HAIL 4 = ICE PELLETS
TOTAL MONTH: M 5 = HAIL
GRTST 24HR M ON M 6 = FREEZING RAIN OR DRIZZLE
GRTST DEPTH: M ON M 7 = DUSTSTORM OR SANDSTORM:
VSBY 1/2 MILE OR LESS
8 = SMOKE OR HAZE
[NO. OF DAYS WITH] [WEATHER - DAYS WITH] 9 = BLOWING SNOW
X = TORNADO
MAX 32 OR BELOW: 0 0.01 INCH OR MORE: 19
MAX 90 OR ABOVE: 0 0.10 INCH OR MORE: 13
MIN 32 OR BELOW: 0 0.50 INCH OR MORE: 1
MIN 0 OR BELOW: 0 1.00 INCH OR MORE: 0
[HDD (BASE 65) ]
TOTAL THIS MO. 282 CLEAR (SCALE 0-3) 3
DPTR FM NORMAL 59 PTCLDY (SCALE 4-7) 17
TOTAL FM JUL 1 4376 CLOUDY (SCALE 8-10) 11
DPTR FM NORMAL 71
[CDD (BASE 65) ]
TOTAL THIS MO. 0
DPTR FM NORMAL -14 [PRESSURE DATA]
TOTAL FM JAN 1 0 HIGHEST SLP 30.33 ON 3
DPTR FM NORMAL -15 LOWEST SLP 29.60 ON 28
[REMARKS]
#FINAL-05-22#