924
CXUS56 KLKN 070741
CF6WMC
PRELIMINARY LOCAL CLIMATOLOGICAL DATA (WS FORM: F-6)
STATION: WINNEMUCCA AIRPORT NV
MONTH: OCTOBER
YEAR: 2020
LATITUDE: 40 54 N
LONGITUDE: 117 48 W
TEMPERATURE IN F: :PCPN: SNOW: WIND :SUNSHINE: SKY :PK WND
================================================================================
1 2 3 4 5 6A 6B 7 8 9 10 11 12 13 14 15 16 17 18
12Z AVG MX 2MIN
DY MAX MIN AVG DEP HDD CDD WTR SNW DPTH SPD SPD DIR MIN PSBL S-S WX SPD DR
================================================================================
1 90 34 62 8 3 0 0.00 0.0 0 5.7 15 40 M M 0 21 50
2 90 34 62 8 3 0 0.00 0.0 0 5.7 15 50 M M 0 18 30
3 87 38 63 10 2 0 0.00 0.0 0 6.2 16 40 M M 0 19 60
4 89 38 64 11 1 0 0.00 0.0 0 5.7 17 250 M M 0 23 250
5 84 35 60 8 5 0 0.00 0.0 0 4.5 10 50 M M 0 8 14 30
6 86 31 59 7 6 0 0.00 0.0 0 4.6 13 40 M M 0 8 16 30
7 86 35 61 9 4 0 0.00 0.0 0 4.3 12 180 M M 0 8 17 320
8 80 28 54 3 11 0 0.00 0.0 0 3.4 13 260 M M 0 16 240
9 82 30 56 5 9 0 0.00 0.0 0 3.9 12 230 M M 0 15 230
10 71 33 52 2 13 0 0.03 0.0 0 11.0 28 250 M M 5 8 34 240
11 66 38 52 2 13 0 0.00 0.0 0 7.6 16 180 M M 2 19 170
12 77 42 60 10 5 0 0.00 0.0 0 8.2 22 290 M M 0 27 290
13 81 32 57 8 8 0 0.00 0.0 0 6.3 18 230 M M 0 24 270
14 73 45 59 10 6 0 0.00 0.0 0 6.4 17 340 M M 0 24 290
15 67 32 50 2 15 0 0.00 0.0 0 7.6 18 30 M M 0 8 23 30
16 74 25 50 2 15 0 0.00 0.0 0 4.3 10 150 M M 0 8 14 220
17 79 31 55 7 10 0 0.00 0.0 0 4.3 16 270 M M 0 20 270
18 77 32 55 8 10 0 0.00 0.0 0 6.2 17 290 M M 0 23 280
19 77 32 55 8 10 0 0.00 0.0 0 4.5 12 270 M M 0 17 260
20 78 28 53 6 12 0 0.00 0.0 0 6.1 17 290 M M 0 21 290
21 73 32 53 7 12 0 0.00 0.0 0 7.0 20 330 M M 0 27 330
22 53 30 42 -4 23 0 0.00 0.0 0 9.2 17 30 M M 0 21 30
23 59 16 38 -8 27 0 0.00 0.0 0 5.8 15 40 M M 0 20 40
24 68 31 50 5 15 0 0.00 0.0 0 7.9 22 280 M M 1 8 29 340
25 40 23 32 -13 33 0 0.00 0.0 0 12.7 23 350 M M 2 30 360
26 48 3 26 -18 39 0 0.00 0.0 0 3.5 9 320 M M 1 14 270
27 60 14 37 -7 28 0 0.00 0.0 0 4.4 10 160 M M 0 14 280
28 67 16 42 -2 23 0 0.00 0.0 0 3.4 9 170 M M 0 11 160
29 72 16 44 1 21 0 0.00 0.0 0 3.7 10 150 M M 0 12 130
30 75 16 46 3 19 0 0.00 0.0 0 4.6 16 250 M M 0 21 250
31 70 25 48 5 17 0 0.00 0.0 0 6.3 17 60 M M 0 21 50
================================================================================
SM 2279 895 418 0 0.03 0.0 185.0 M 11
================================================================================
AV 73.5 28.9 6.0 FASTST M M 0 MAX(MPH)
MISC ----> # 28 250 # 34 240
================================================================================
NOTES:
# LAST OF SEVERAL OCCURRENCES
COLUMN 17 PEAK WIND IN M.P.H.
PRELIMINARY LOCAL CLIMATOLOGICAL DATA (WS FORM: F-6) , PAGE 2
STATION: WINNEMUCCA AIRPORT NV
MONTH: OCTOBER
YEAR: 2020
LATITUDE: 40 54 N
LONGITUDE: 117 48 W
[TEMPERATURE DATA] [PRECIPITATION DATA] SYMBOLS USED IN COLUMN 16
AVERAGE MONTHLY: 51.2 TOTAL FOR MONTH: 0.03 1 = FOG OR MIST
DPTR FM NORMAL: 3.0 DPTR FM NORMAL: -0.64 2 = FOG REDUCING VISIBILITY
HIGHEST: 90 ON 2, 1 GRTST 24HR 0.03 ON 10-10 TO 1/4 MILE OR LESS
LOWEST: 3 ON 26 3 = THUNDER
SNOW, ICE PELLETS, HAIL 4 = ICE PELLETS
TOTAL MONTH: 0.0 INCH 5 = HAIL
GRTST 24HR 0.0 6 = FREEZING RAIN OR DRIZZLE
GRTST DEPTH: 0 7 = DUSTSTORM OR SANDSTORM:
VSBY 1/2 MILE OR LESS
8 = SMOKE OR HAZE
[NO. OF DAYS WITH] [WEATHER - DAYS WITH] 9 = BLOWING SNOW
X = TORNADO
MAX 32 OR BELOW: 0 0.01 INCH OR MORE: 1
MAX 90 OR ABOVE: 2 0.10 INCH OR MORE: 0
MIN 32 OR BELOW: 21 0.50 INCH OR MORE: 0
MIN 0 OR BELOW: 0 1.00 INCH OR MORE: 0
[HDD (BASE 65) ]
TOTAL THIS MO. 418 CLEAR (SCALE 0-3) 30
DPTR FM NORMAL -103 PTCLDY (SCALE 4-7) 1
TOTAL FM JUL 1 487 CLOUDY (SCALE 8-10) 0
DPTR FM NORMAL -238
[CDD (BASE 65) ]
TOTAL THIS MO. 0
DPTR FM NORMAL 0 [PRESSURE DATA]
TOTAL FM JAN 1 895 HIGHEST SLP 30.55 ON 26
DPTR FM NORMAL 354 LOWEST SLP 29.81 ON 24
[REMARKS]
#FINAL-10-20#