311
CXUS55 KRIW 011110
CF6WRL
PRELIMINARY LOCAL CLIMATOLOGICAL DATA (WS FORM: F-6)
STATION: WORLAND WY
MONTH: FEBRUARY
YEAR: 2021
LATITUDE: 43 58 N
LONGITUDE: 107 57 W
TEMPERATURE IN F: :PCPN: SNOW: WIND :SUNSHINE: SKY :PK WND
================================================================================
1 2 3 4 5 6A 6B 7 8 9 10 11 12 13 14 15 16 17 18
12Z AVG MX 2MIN
DY MAX MIN AVG DEP HDD CDD WTR SNW DPTH SPD SPD DIR MIN PSBL S-S WX SPD DR
================================================================================
1 52 8 30 11 35 0 0.00 M M 4.4 15 160 M M 0 21 150
2 59 16 38 19 27 0 0.00 M M 6.3 20 160 M M 0 25 160
3 42 19 31 11 34 0 T M M 9.8 23 330 M M 5 29 330
4 34 14 24 4 41 0 T M M 6.0 13 130 M M 7 1 17 130
5 39 20 30 10 35 0 0.02 M M 7.1 23 300 M M 8 1 32 320
6 25 8 17 -3 48 0 0.06 M M 4.9 20 340 M M 9 1 29 350
7 16 1 9 -12 56 0 0.11 M M 6.4 20 350 M M 10 128 26 350
8 12 -6 3 -18 62 0 T M M 5.0 15 340 M M 7 18 19 330
9 4 -3 1 -20 64 0 T M M 4.2 12 20 M M 10 18 15 10
10 6 -4 1 -21 64 0 T M M 3.7 13 340 M M 10 8 15 350
11 -4 -17 -10 -32 75 0 T M M 7.3 15 340 M M 9 8 20 330
12 -4 -15 -9 -31 74 0 0.10 M M 2.9 9 20 M M 10 8 12 30
13 0 -12 -6 -29 71 0 T M M 3.5 8 10 M M 10 8 15 30
14 7 -10 -1 -24 66 0 T M M 3.7 10 10 M M 10 18 14 80
15 17 -17 0 -24 65 0 0.00 M M 2.7 9 140 M M 4 12 320
16 23 -5 9 -15 56 0 0.02 M M 2.4 9 170 M M 6 1 10 220
17 28 10 19 -5 46 0 T M M 1.4 7 190 M M 8 18 10 340
18 25 -2 12 -13 53 0 0.01 M M 2.8 9 120 M M 5 1 11 160
19 33 -2 16 -9 49 0 T M M 3.6 12 220 M M 2 1 14 180
20 29 5 17 -9 48 0 0.00 M M 3.6 9 170 M M 4 11 210
21 36 -2 17 -9 48 0 0.00 M M 4.3 12 190 M M 0 1 13 180
22 44 5 25 -2 40 0 0.00 M M 4.9 14 330 M M 0 16 330
23 38 9 24 -3 41 0 T M M 8.1 33 360 M M 4 1 47 350
24 30 0 15 -13 50 0 T M M 4.9 14 160 M M 0 16 160
25 37 1 19 -9 46 0 0.00 M M 4.5 14 120 M M 2 18 130
26 41 9 25 -4 40 0 0.00 M M 5.8 15 210 M M 2 17 220
27 30 7 19 -10 46 0 T M M 9.8 25 320 M M 7 32 310
28 34 -4 15 -15 50 0 0.00 M M 3.6 10 170 M M 0 13 180
================================================================================
SM 733 33 1430 0 0.32 M 137.6 M 149
================================================================================
AV 26.2 1.2 4.9 FASTST M M 5 MAX(MPH)
MISC ----> 33 360 47 350
================================================================================
NOTES:
# LAST OF SEVERAL OCCURRENCES
COLUMN 17 PEAK WIND IN M.P.H.
PRELIMINARY LOCAL CLIMATOLOGICAL DATA (WS FORM: F-6) , PAGE 2
STATION: WORLAND WY
MONTH: FEBRUARY
YEAR: 2021
LATITUDE: 43 58 N
LONGITUDE: 107 57 W
[TEMPERATURE DATA] [PRECIPITATION DATA] SYMBOLS USED IN COLUMN 16
AVERAGE MONTHLY: 13.7 TOTAL FOR MONTH: 0.32 1 = FOG OR MIST
DPTR FM NORMAL: -10.1 DPTR FM NORMAL: 0.13 2 = FOG REDUCING VISIBILITY
HIGHEST: 59 ON 2 GRTST 24HR 0.15 ON 6- 7 TO 1/4 MILE OR LESS
LOWEST: -17 ON 15,11 3 = THUNDER
SNOW, ICE PELLETS, HAIL 4 = ICE PELLETS
TOTAL MONTH: M 5 = HAIL
GRTST 24HR M ON M 6 = FREEZING RAIN OR DRIZZLE
GRTST DEPTH: M ON M 7 = DUSTSTORM OR SANDSTORM:
VSBY 1/2 MILE OR LESS
8 = SMOKE OR HAZE
[NO. OF DAYS WITH] [WEATHER - DAYS WITH] 9 = BLOWING SNOW
X = TORNADO
MAX 32 OR BELOW: 16 0.01 INCH OR MORE: 6
MAX 90 OR ABOVE: 0 0.10 INCH OR MORE: 2
MIN 32 OR BELOW: 28 0.50 INCH OR MORE: 0
MIN 0 OR BELOW: 14 1.00 INCH OR MORE: 0
[HDD (BASE 65) ]
TOTAL THIS MO. 1430 CLEAR (SCALE 0-3) 9
DPTR FM NORMAL 277 PTCLDY (SCALE 4-7) 9
TOTAL FM JUL 1 5755 CLOUDY (SCALE 8-10) 10
DPTR FM NORMAL -247
[CDD (BASE 65) ]
TOTAL THIS MO. 0
DPTR FM NORMAL 0 [PRESSURE DATA]
TOTAL FM JAN 1 0 HIGHEST SLP 30.66 ON 11
DPTR FM NORMAL 0 LOWEST SLP 29.63 ON 3
[REMARKS]
#FINAL-02-21#