000
CXUS54 KFWD 010730
CF6XBP
PRELIMINARY LOCAL CLIMATOLOGICAL DATA (WS FORM: F-6)
STATION: BRIDGEPORT
MONTH: JULY
YEAR: 2023
LATITUDE: 33 10 N
LONGITUDE: 96 30 W
TEMPERATURE IN F: :PCPN: SNOW: WIND :SUNSHINE: SKY :PK WND
================================================================================
1 2 3 4 5 6A 6B 7 8 9 10 11 12 13 14 15 16 17 18
12Z AVG MX 2MIN
DY MAX MIN AVG DEP HDD CDD WTR SNW DPTH SPD SPD DIR MIN PSBL S-S WX SPD DR
================================================================================
1 86 70 78 -3 0 13 0.13 M M 5.0 20 190 M M 2 25 190
2 96 66 81 0 0 16 0.00 M M 3.7 10 200 M M 1 20 140
3 101 71 86 4 0 21 0.00 M M 5.8 15 70 M M 1 20 70
4 101 74 88 6 0 23 0.00 M M 6.8 12 160 M M 1 20 140
5 100 74 87 5 0 22 0.00 M M 5.9 12 120 M M 1 16 140
6 96 71 84 2 0 19 0.01 M M 3.6 10 330 M M 2 28 190
7 96 75 86 4 0 21 0.00 M M 7.7 17 170 M M 1 23 190
8 97 80 89 7 0 24 0.00 M M 6.5 9 240 M M 2 24 240
9 92 73 83 1 0 18 0.02 M M 5.9 12 40 M M 2 26 0
10 100 74 87 5 0 22 0.00 M M 5.2 9 100 M M 3 18 100
11 99 75 87 5 0 22 0.00 M M 7.4 15 150 M M 0 22 60
12 108 82 95 13 0 30 0.00 M M 9.6 15 150 M M 0 21 190
13 108 84 96 14 0 31 0.00 M M 10.3 14 170 M M 0 22 210
14 105 84 95 13 0 30 0.00 M M 7.4 17 200 M M 1 24 200
15 94 79 87 5 0 22 0.00 M M 6.3 14 20 M M 1 20 20
16 94 72 83 0 0 18 0.42 M M 4.4 17 290 M M 1 25 290
17 108 71 90 7 0 25 0.00 M M 5.0 13 190 M M 0 18 190
18 111 80 96 13 0 31 0.00 M M 10.2 17 200 M M 0 26 200
19 108 82 95 12 0 30 0.00 M M 10.1 14 200 M M 0 21 200
20 105 82 94 11 0 29 0.00 M M 6.7 12 170 M M 0 M M
21 101 74 88 5 0 23 0.00 M M 5.9 16 10 M M 0 22 10
22 95 71 83 0 0 18 0.00 M M 6.0 12 10 M M 1 17 20
23 101 63 82 -1 0 17 0.00 M M 2.5 9 130 M M 0 M M
24 105 66 86 3 0 21 0.00 M M 4.7 10 120 M M 0 17 100
25 106 74 90 7 0 25 0.00 M M 7.4 14 190 M M 0 21 200
26 103 77 90 7 0 25 0.00 M M 7.9 14 140 M M 0 21 170
27 103 73 88 5 0 23 0.00 M M 5.8 14 170 M M 0 20 170
28 102 73 88 5 0 23 0.00 M M 7.3 16 190 M M 0 20 130
29 103 70 87 4 0 22 0.00 M M 4.4 10 240 M M 0 16 220
30 105 69 87 4 0 22 0.00 M M 3.8 9 160 M M 0 17 30
31 106 71 89 6 0 24 0.00 M M 4.7 10 190 M M 0 18 190
================================================================================
SM 3135 2300 0 710 0.58 M 193.8 M 20
================================================================================
AV101.1 74.2 6.3 FASTST M M 1 MAX(MPH)
MISC ----> 20 190 28 190
================================================================================
NOTES:
# LAST OF SEVERAL OCCURRENCES
COLUMN 17 PEAK WIND IN M.P.H.
PRELIMINARY LOCAL CLIMATOLOGICAL DATA (WS FORM: F-6) , PAGE 2
STATION: BRIDGEPORT
MONTH: JULY
YEAR: 2023
LATITUDE: 33 10 N
LONGITUDE: 96 30 W
[TEMPERATURE DATA] [PRECIPITATION DATA] SYMBOLS USED IN COLUMN 16
AVERAGE MONTHLY: 87.7 TOTAL FOR MONTH: 0.58 1 = FOG OR MIST
DPTR FM NORMAL: 5.3 DPTR FM NORMAL: -1.46 2 = FOG REDUCING VISIBILITY
HIGHEST: 111 ON 18 GRTST 24HR 0.42 ON 16-16 TO 1/4 MILE OR LESS
LOWEST: 63 ON 23 3 = THUNDER
SNOW, ICE PELLETS, HAIL 4 = ICE PELLETS
TOTAL MONTH: M 5 = HAIL
GRTST 24HR M ON M 6 = FREEZING RAIN OR DRIZZLE
GRTST DEPTH: M ON M 7 = DUSTSTORM OR SANDSTORM:
VSBY 1/2 MILE OR LESS
8 = SMOKE OR HAZE
[NO. OF DAYS WITH] [WEATHER - DAYS WITH] 9 = BLOWING SNOW
X = TORNADO
MAX 32 OR BELOW: 0 0.01 INCH OR MORE: 4
MAX 90 OR ABOVE: 30 0.10 INCH OR MORE: 2
MIN 32 OR BELOW: 0 0.50 INCH OR MORE: 0
MIN 0 OR BELOW: 0 1.00 INCH OR MORE: 0
[HDD (BASE 65) ]
TOTAL THIS MO. 0 CLEAR (SCALE 0-3) 30
DPTR FM NORMAL 0 PTCLDY (SCALE 4-7) 1
TOTAL FM JUL 1 0 CLOUDY (SCALE 8-10) 0
DPTR FM NORMAL 0
[CDD (BASE 65) ]
TOTAL THIS MO. 710
DPTR FM NORMAL 169 [PRESSURE DATA]
TOTAL FM JAN 1 1544 HIGHEST SLP M ON M
DPTR FM NORMAL 326 LOWEST SLP M ON M
[REMARKS]
#FINAL-07-23#