000
CXAK56 PAJK 011310
CF6YAK
PRELIMINARY LOCAL CLIMATOLOGICAL DATA (WS FORM: F-6)
STATION: YAKUTAT
MONTH: APRIL
YEAR: 2021
LATITUDE: 59 31 N
LONGITUDE: 139 40 W
TEMPERATURE IN F: :PCPN: SNOW: WIND :SUNSHINE: SKY :PK WND
================================================================================
1 2 3 4 5 6A 6B 7 8 9 10 11 12 13 14 15 16 17 18
12Z AVG MX 2MIN
DY MAX MIN AVG DEP HDD CDD WTR SNW DPTH SPD SPD DIR MIN PSBL S-S WX SPD DR
================================================================================
1 36 26 31 -3 34 0 0.04 M M 4.6 13 130 M M 6 1 16 130
2 41 20 31 -4 34 0 0.00 M M 3.0 9 220 M M 0 1 11 210
3 42 21 32 -3 33 0 T M M 2.1 10 350 M M 4 11 350
4 38 27 33 -2 32 0 0.66 M M 5.8 15 170 M M 9 1 20 170
5 40 31 36 1 29 0 0.22 M M 5.2 13 160 M M 8 1 17 110
6 36 24 30 -6 35 0 0.11 M M 4.4 12 80 M M 7 2 14 80
7 37 17 27 -9 38 0 0.00 M M 3.5 12 70 M M 1 14 80
8 33 24 29 -7 36 0 0.70 M M 14.8 24 70 M M 9 2 32 80
9 34 24 29 -7 36 0 0.02 M M 11.0 22 70 M M 10 18 29 70
10 27 14 21 -15 44 0 0.02 M M 6.8 14 80 M M 9 1 18 100
11 35 12 24 -13 41 0 0.15 M M 6.8 14 70 M M 9 1 17 80
12 37 32 35 -2 30 0 1.77 M M 11.8 21 110 M M 10 1 31 120
13 40 34 37 0 28 0 1.28 M M 10.7 21 80 M M 10 1 30 80
14 41 37 39 1 26 0 1.03 M M 15.4 32 120 M M 10 1 51 120
15 51 31 41 3 24 0 T M M 1.7 7 290 M M 5 1 10 150
16 55 31 43 5 22 0 T M M 1.8 8 230 M M 6 8 230
17 67 28 48 10 17 0 0.00 M M 1.4 8 220 M M 0 9 230
18 64 32 48 10 17 0 0.00 M M 2.9 10 220 M M 0 11 220
19 60 31 46 7 19 0 0.00 M M 3.4 13 160 M M 3 1 16 160
20 45 36 41 2 24 0 0.00 M M 4.1 10 250 M M 10 1 13 220
21 52 29 41 2 24 0 0.00 M M 3.0 12 190 M M 3 12 13 190
22 52 25 39 0 26 0 0.00 M M 2.2 9 230 M M 0 11 210
23 59 25 42 2 23 0 0.00 M M 2.7 12 350 M M 0 15 340
24 62 27 45 5 20 0 0.00 M M 3.3 12 290 M M 0 13 330
25 56 27 42 2 23 0 0.00 M M 2.9 12 220 M M 0 12 220
26 51 30 41 1 24 0 0.00 M M 3.3 10 180 M M 3 12 13 170
27 54 29 42 2 23 0 0.00 M M 5.9 16 70 M M 0 8 23 70
28 M M M M M M M M M M M M M M M M M
29 45 34 40 -1 25 0 1.02 M M 5.9 17 110 M M 10 1 22 130
30 46 37 42 1 23 0 0.31 M M 5.7 13 230 M M 10 1 16 210
================================================================================
SM 1336 795 810 0 7.33 M 156.1 M 152
================================================================================
AV 46.1 27.4 5.4 FASTST M M 5 MAX(MPH)
MISC ----> 32 120 51 120
================================================================================
NOTES:
# LAST OF SEVERAL OCCURRENCES
COLUMN 17 PEAK WIND IN M.P.H.
PRELIMINARY LOCAL CLIMATOLOGICAL DATA (WS FORM: F-6) , PAGE 2
STATION: YAKUTAT
MONTH: APRIL
YEAR: 2021
LATITUDE: 59 31 N
LONGITUDE: 139 40 W
[TEMPERATURE DATA] [PRECIPITATION DATA] SYMBOLS USED IN COLUMN 16
AVERAGE MONTHLY: 36.7 TOTAL FOR MONTH: 7.33 1 = FOG OR MIST
DPTR FM NORMAL: -1.1 DPTR FM NORMAL: -1.86 2 = FOG REDUCING VISIBILITY
HIGHEST: 67 ON 17 GRTST 24HR 1.90 ON 12-13 TO 1/4 MILE OR LESS
LOWEST: 12 ON 11 3 = THUNDER
SNOW, ICE PELLETS, HAIL 4 = ICE PELLETS
TOTAL MONTH: M 5 = HAIL
GRTST 24HR M ON M 6 = FREEZING RAIN OR DRIZZLE
GRTST DEPTH: M ON M 7 = DUSTSTORM OR SANDSTORM:
VSBY 1/2 MILE OR LESS
8 = SMOKE OR HAZE
[NO. OF DAYS WITH] [WEATHER - DAYS WITH] 9 = BLOWING SNOW
X = TORNADO
MAX 32 OR BELOW: 1 0.01 INCH OR MORE: 13
MAX 90 OR ABOVE: 0 0.10 INCH OR MORE: 10
MIN 32 OR BELOW: 24 0.50 INCH OR MORE: 6
MIN 0 OR BELOW: 0 1.00 INCH OR MORE: 4
[HDD (BASE 65) ]
TOTAL THIS MO. 810 CLEAR (SCALE 0-3) 12
DPTR FM NORMAL -6 PTCLDY (SCALE 4-7) 5
TOTAL FM JUL 1 7615 CLOUDY (SCALE 8-10) 13
DPTR FM NORMAL -340
[CDD (BASE 65) ]
TOTAL THIS MO. 0
DPTR FM NORMAL 0 [PRESSURE DATA]
TOTAL FM JAN 1 0 HIGHEST SLP 30.46 ON 21
DPTR FM NORMAL 0 LOWEST SLP 29.14 ON 8
[REMARKS]
#FINAL-04-21#