000
CXUS56 KPDT 011640
CLMYKM
CLIMATE REPORT
NATIONAL WEATHER SERVICE PENDLETON, OR
840 AM PST FRI DEC 01 2023
...................................
...THE YAKIMA WA CLIMATE SUMMARY FOR THE MONTH OF NOVEMBER 2023...
CLIMATE NORMAL PERIOD 1991 TO 2020
CLIMATE RECORD PERIOD 1946 TO 2023
WEATHER OBSERVED NORMAL DEPART LAST YEAR`S
VALUE DATE(S) VALUE FROM VALUE DATE(S)
NORMAL
................................................................
TEMPERATURE (F)
RECORD
HIGH 73 11/10/1989
LOW -13 11/23/1985
HIGHEST 61 11/03 61 11/04
LOWEST 15 11/26 9 11/19
AVG. MAXIMUM 48.2 48.9 -0.7 42.6
AVG. MINIMUM 28.5 27.2 1.3 22.0
MEAN 38.4 38.0 0.4 32.3
DAYS MAX >= 90 0 0.0 0.0 0
DAYS MAX <= 32 1 1.6 -0.6 3
DAYS MIN <= 32 25 22.5 2.5 27
DAYS MIN <= 0 0 0.2 -0.2 0
PRECIPITATION (INCHES)
RECORD
MAXIMUM 2.83 1973
MINIMUM T 1990
TOTALS 0.89 0.86 0.03 0.58
DAILY AVG. 0.03 0.03 0.00 0.02
DAYS >= .01 10 8.3 1.7 9
DAYS >= .10 3 2.5 0.5 3
DAYS >= .50 0 0.3 -0.3 0
DAYS >= 1.00 0 0.0 0.0 0
GREATEST
24 HR. TOTAL 0.28 11/05 TO 11/06 0.24 11/29 TO 11/30
DEGREE DAYS
HEATING TOTAL 794 808 -14 977
SINCE 7/1 1329 1444 -115
COOLING TOTAL 0 0 0 0
SINCE 1/1 868 606 262
................................................................
WIND (MPH)
AVERAGE WIND SPEED 3.5
RESULTANT WIND SPEED/DIRECTION 2/270
HIGHEST WIND SPEED/DIRECTION 33/280 DATE 11/19
HIGHEST GUST SPEED/DIRECTION 49/310 DATE 11/19
AVERAGE RH (PERCENT) 71
WEATHER CONDITIONS. NUMBER OF DAYS WITH
THUNDERSTORM 0 MIXED PRECIP 0
HEAVY RAIN 0 RAIN 3
LIGHT RAIN 10 FREEZING RAIN 0
LT FREEZING RAIN 0 HAIL 0
HEAVY SNOW 0 SNOW 0
LIGHT SNOW 1 SLEET 0
FOG 17 FOG W/VIS <= 1/4 MILE 4
HAZE 12
- INDICATES NEGATIVE NUMBERS.
R INDICATES RECORD WAS SET OR TIED.
MM INDICATES DATA IS MISSING.
T INDICATES TRACE AMOUNT.
$$