000
CXUS55 KABR 181420
CF6ABR
PRELIMINARY LOCAL CLIMATOLOGICAL DATA (WS FORM: F-6)

                                          STATION:   ABERDEEN SD
                                          MONTH:     APRIL
                                          YEAR:      2018
                                          LATITUDE:   45 27 N
                                          LONGITUDE:  98 26 W

  TEMPERATURE IN F:       :PCPN:    SNOW:  WIND      :SUNSHINE: SKY     :PK WND
================================================================================
1   2   3   4   5  6A  6B    7    8   9   10  11  12  13   14  15   16   17  18
                                     12Z  AVG MX 2MIN
DY MAX MIN AVG DEP HDD CDD  WTR  SNW DPTH SPD SPD DIR MIN PSBL S-S WX    SPD DR
================================================================================

 1  36   9  23 -14  42   0 0.00  0.0    0  9.4 17 280   M    M   0        23 280
 2  33  20  27 -11  38   0 0.18  2.0    0 13.8 25  30   M    M   9 12     30  30
 3  20  -2   9 -29  56   0 0.08  1.5    2 17.4 28 350   M    M   7 129    34 350
 4  31  -6  13 -26  52   0 0.00  0.0    3  6.6 15 190   M    M   2 12     19 170
 5  37   7  22 -17  43   0 0.04    T    2 10.3 28 340   M    M   6 12     34 340
 6  21   5  13 -27  52   0    T    T    1 17.1 35 340   M    M   0        44 330
 7  34   2  18 -22  47   0 0.00  0.0    T  6.1 15  90   M    M   0        19 100
 8  31  23  27 -14  38   0 0.36  6.8    T 15.2 24  90   M    M   9 12     31  90
 9  35  20  28 -13  37   0    T    T    6  4.6 10 190   M    M  10 18     12 190
10  50  26  38  -4  27   0 0.00  0.0    3  7.4 13 200   M    M   5        15 200
11  45  30  38  -4  27   0 0.05  0.0    T  6.9 16 100   M    M   6 1      19  90
12  40  28  34  -9  31   0 0.00  0.0    0  9.9 18  50   M    M   8 12     24  50
13  35  28  32 -11  33   0    T    T    0 22.2 36  10   M    M  10        44  20
14  35  28  32 -12  33   0 0.00  0.0    T 19.0 29  10   M    M   6        34  20
15  41  26  34 -10  31   0 0.00  0.0    0 13.5 23  10   M    M   7        28 360
16  47  18  33 -12  32   0 0.00  0.0    0  6.6 13  60   M    M   0        17  30
17  49  26  38  -7  27   0 0.00  0.0    0 10.9 23 100   M    M   0 8      29  90
================================================================================
SM  620  288       646   0  0.71    10.3 196.9          M       85
================================================================================
AV 36.5 16.9                              11.6 FASTST   M    M   5    MAX(MPH)
                                 MISC ---->  # 36  10               # 44  330
================================================================================
NOTES:
# LAST OF SEVERAL OCCURRENCES

COLUMN 17 PEAK WIND IN M.P.H.

PRELIMINARY LOCAL CLIMATOLOGICAL DATA (WS FORM: F-6) , PAGE 2

                                          STATION:  ABERDEEN SD
                                          MONTH:    APRIL
                                          YEAR:     2018
                                          LATITUDE:   45 27 N
                                          LONGITUDE:  98 26 W

[TEMPERATURE DATA]      [PRECIPITATION DATA]       SYMBOLS USED IN COLUMN 16

AVERAGE MONTHLY: 26.7   TOTAL FOR MONTH:   0.71    1 = FOG OR MIST
DPTR FM NORMAL: -14.5   DPTR FM NORMAL:   -0.15    2 = FOG REDUCING VISIBILITY
HIGHEST:    50 ON 10    GRTST 24HR  0.36 ON  8- 8      TO 1/4 MILE OR LESS
LOWEST:     -6 ON  4                               3 = THUNDER
                        SNOW, ICE PELLETS, HAIL    4 = ICE PELLETS
                        TOTAL MONTH:  10.3 INCHES  5 = HAIL
                        GRTST 24HR   6.8 ON  8- 8  6 = FREEZING RAIN OR DRIZZLE
                        GRTST DEPTH:   6 ON  9     7 = DUSTSTORM OR SANDSTORM:
                                                       VSBY 1/2 MILE OR LESS
                                                   8 = SMOKE OR HAZE
[NO. OF DAYS WITH]      [WEATHER - DAYS WITH]      9 = BLOWING SNOW
                                                   X = TORNADO
MAX 32 OR BELOW:   4    0.01 INCH OR MORE:   5
MAX 90 OR ABOVE:   0    0.10 INCH OR MORE:   2
MIN 32 OR BELOW:  17    0.50 INCH OR MORE:   0
MIN  0 OR BELOW:   2    1.00 INCH OR MORE:   0

[HDD (BASE 65) ]
TOTAL THIS MO.   646    CLEAR  (SCALE 0-3)   6
DPTR FM NORMAL   242    PTCLDY (SCALE 4-7)   6
TOTAL FM JUL 1  8141    CLOUDY (SCALE 8-10)  5
DPTR FM NORMAL   186

[CDD (BASE 65) ]
TOTAL THIS MO.     0
DPTR FM NORMAL     0    [PRESSURE DATA]
TOTAL FM JAN 1     0    HIGHEST SLP M ON M
DPTR FM NORMAL     0    LOWEST  SLP 29.68 ON 12

[REMARKS]
