000
CXUS55 KCYS 171610
CF6AIA
PRELIMINARY LOCAL CLIMATOLOGICAL DATA (WS FORM: F-6)
STATION: ALLIANCE NEBRASKA AIRPORT
MONTH: APRIL
YEAR: 2024
LATITUDE: 42 2 N
LONGITUDE: 102 48 W
TEMPERATURE IN F: :PCPN: SNOW: WIND :SUNSHINE: SKY :PK WND
================================================================================
1 2 3 4 5 6A 6B 7 8 9 10 11 12 13 14 15 16 17 18
12Z AVG MX 2MIN
DY MAX MIN AVG DEP HDD CDD WTR SNW DPTH SPD SPD DIR MIN PSBL S-S WX SPD DR
================================================================================
1 40 28 34 -7 31 0 0.04 M M 11.8 22 350 M M 10 1 29 350
2 61 25 43 2 22 0 0.00 M M 14.2 31 340 M M 1 42 340
3 68 20 44 2 21 0 0.00 M M 5.8 17 340 M M 0 26 340
4 74 31 53 11 12 0 0.00 M M 12.4 24 130 M M 0 34 140
5 67 40 54 12 11 0 0.00 M M 23.7 38 140 M M 0 8 49 140
6 54 33 44 2 21 0 M M M 21.3 35 310 M M 5 13 51 310
7 39 32 36 -6 29 0 M M M 24.7 40 310 M M 9 138 56 310
8 49 27 38 -4 27 0 0.00 M M 17.2 33 300 M M 4 42 310
9 61 22 42 0 23 0 0.00 M M 8.0 20 330 M M 1 25 280
10 58 28 43 1 22 0 0.00 M M 15.8 31 330 M M 2 43 320
11 58 21 40 -3 25 0 0.00 M M 8.7 21 310 M M 0 27 320
12 77 27 52 9 13 0 0.00 M M 9.2 25 160 M M 0 31 160
13 83 36 60 17 5 0 0.00 M M 8.8 20 290 M M 0 33 280
14 81 33 57 14 8 0 0.00 M M 10.7 20 160 M M 0 27 130
15 83 51 67 24 0 2 0.00 M M 21.3 43 270 M M 0 8 56 280
16 65 33 49 6 16 0 0.06 M M 21.2 45 310 M M 3 1 65 330
================================================================================
SM 1018 487 286 2 0.10 M 234.8 M 35
================================================================================
AV 63.6 30.4 14.7 FASTST M M 2 MAX(MPH)
MISC ----> 45 310 65 330
================================================================================
NOTES:
# LAST OF SEVERAL OCCURRENCES
COLUMN 17 PEAK WIND IN M.P.H.
PRELIMINARY LOCAL CLIMATOLOGICAL DATA (WS FORM: F-6) , PAGE 2
STATION: ALLIANCE NEBRASKA AIRPORT
MONTH: APRIL
YEAR: 2024
LATITUDE: 42 2 N
LONGITUDE: 102 48 W
[TEMPERATURE DATA] [PRECIPITATION DATA] SYMBOLS USED IN COLUMN 16
AVERAGE MONTHLY: 47.0 TOTAL FOR MONTH: 0.10 1 = FOG OR MIST
DPTR FM NORMAL: 4.8 DPTR FM NORMAL: -0.65 2 = FOG REDUCING VISIBILITY
HIGHEST: 83 ON 15,13 GRTST 24HR 0.12 ON 7- 7 TO 1/4 MILE OR LESS
LOWEST: 20 ON 3 3 = THUNDER
SNOW, ICE PELLETS, HAIL 4 = ICE PELLETS
TOTAL MONTH: M 5 = HAIL
GRTST 24HR M ON M 6 = FREEZING RAIN OR DRIZZLE
GRTST DEPTH: M ON M 7 = DUSTSTORM OR SANDSTORM:
VSBY 1/2 MILE OR LESS
8 = SMOKE OR HAZE
[NO. OF DAYS WITH] [WEATHER - DAYS WITH] 9 = BLOWING SNOW
X = TORNADO
MAX 32 OR BELOW: 0 0.01 INCH OR MORE: 2
MAX 90 OR ABOVE: 0 0.10 INCH OR MORE: 0
MIN 32 OR BELOW: 10 0.50 INCH OR MORE: 0
MIN 0 OR BELOW: 0 1.00 INCH OR MORE: 0
[HDD (BASE 65) ]
TOTAL THIS MO. 286 CLEAR (SCALE 0-3) 11
DPTR FM NORMAL -78 PTCLDY (SCALE 4-7) 3
TOTAL FM JUL 1 5759 CLOUDY (SCALE 8-10) 2
DPTR FM NORMAL -905
[CDD (BASE 65) ]
TOTAL THIS MO. 2
DPTR FM NORMAL 2 [PRESSURE DATA]
TOTAL FM JAN 1 2 HIGHEST SLP M ON M
DPTR FM NORMAL 2 LOWEST SLP 29.22 ON 15
[REMARKS]