000
CXUS53 KLOT 190800
CF6ARR
PRELIMINARY LOCAL CLIMATOLOGICAL DATA (WS FORM: F-6)
STATION: AURORA MUNICIPAL AIRPORT
MONTH: APRIL
YEAR: 2024
LATITUDE: 41 46 N
LONGITUDE: 88 28 W
TEMPERATURE IN F: :PCPN: SNOW: WIND :SUNSHINE: SKY :PK WND
================================================================================
1 2 3 4 5 6A 6B 7 8 9 10 11 12 13 14 15 16 17 18
12Z AVG MX 2MIN
DY MAX MIN AVG DEP HDD CDD WTR SNW DPTH SPD SPD DIR MIN PSBL S-S WX SPD DR
================================================================================
1 50 40 45 1 20 0 0.34 M M 14.5 25 70 M M 10 138 33 60
2 45 34 40 -4 25 0 0.34 M M 17.4 32 290 M M 10 1 45 290
3 38 33 36 -8 29 0 0.06 M M 22.8 31 300 M M 10 1 47 290
4 44 35 40 -5 25 0 0.04 M M 15.6 29 350 M M 10 1 35 350
5 49 28 39 -6 26 0 0.00 M M 8.0 16 40 M M 7 22 30
6 56 26 41 -4 24 0 0.00 M M 7.1 17 70 M M 0 23 60
7 51 37 44 -2 21 0 0.41 M M 14.4 28 130 M M 5 1 45 130
8 69 41 55 9 10 0 0.00 M M 10.0 20 210 M M 1 26 220
9 61 38 50 4 15 0 0.00 M M 8.8 20 260 M M 1 25 270
10 67 35 51 4 14 0 0.00 M M 2.5 12 100 M M 0 15 110
11 59 48 54 7 11 0 0.12 M M 10.2 24 290 M M 10 1 34 290
12 63 43 53 6 12 0 T M M 17.1 32 280 M M 4 1 M 290
13 71 36 54 6 11 0 0.00 M M 8.6 18 190 M M 0 8 27 170
14 82 52 67 19 0 2 0.00 M M 9.4 25 280 M M 0 30 280
15 76 47 62 14 3 0 0.00 M M 8.7 16 70 M M 0 23 50
16 78 52 65 16 0 0 0.06 M M 17.2 28 150 M M 5 3 37 130
17 66 44 55 6 10 0 T M M 19.3 35 250 M M 9 46 260
18 62 39 51 1 14 0 0.10 M M 7.3 17 360 M M 6 1 23 350
================================================================================
SM 1087 708 270 2 1.47 M 218.9 M 88
================================================================================
AV 60.4 39.3 12.2 FASTST M M 5 MAX(MPH)
MISC ----> 35 250 47 290
================================================================================
NOTES:
# LAST OF SEVERAL OCCURRENCES
COLUMN 17 PEAK WIND IN M.P.H.
PRELIMINARY LOCAL CLIMATOLOGICAL DATA (WS FORM: F-6) , PAGE 2
STATION: AURORA MUNICIPAL AIRPORT
MONTH: APRIL
YEAR: 2024
LATITUDE: 41 46 N
LONGITUDE: 88 28 W
[TEMPERATURE DATA] [PRECIPITATION DATA] SYMBOLS USED IN COLUMN 16
AVERAGE MONTHLY: 49.9 TOTAL FOR MONTH: 1.47 1 = FOG OR MIST
DPTR FM NORMAL: 3.3 DPTR FM NORMAL: -0.51 2 = FOG REDUCING VISIBILITY
HIGHEST: 82 ON 14 GRTST 24HR 0.54 ON 31- 1 TO 1/4 MILE OR LESS
LOWEST: 26 ON 6 3 = THUNDER
SNOW, ICE PELLETS, HAIL 4 = ICE PELLETS
TOTAL MONTH: M 5 = HAIL
GRTST 24HR M ON M 6 = FREEZING RAIN OR DRIZZLE
GRTST DEPTH: M ON M 7 = DUSTSTORM OR SANDSTORM:
VSBY 1/2 MILE OR LESS
8 = SMOKE OR HAZE
[NO. OF DAYS WITH] [WEATHER - DAYS WITH] 9 = BLOWING SNOW
X = TORNADO
MAX 32 OR BELOW: 0 0.01 INCH OR MORE: 8
MAX 90 OR ABOVE: 0 0.10 INCH OR MORE: 5
MIN 32 OR BELOW: 2 0.50 INCH OR MORE: 0
MIN 0 OR BELOW: 0 1.00 INCH OR MORE: 0
[HDD (BASE 65) ]
TOTAL THIS MO. 270 CLEAR (SCALE 0-3) 7
DPTR FM NORMAL -63 PTCLDY (SCALE 4-7) 5
TOTAL FM JUL 1 5240 CLOUDY (SCALE 8-10) 6
DPTR FM NORMAL -809
[CDD (BASE 65) ]
TOTAL THIS MO. 2
DPTR FM NORMAL 2 [PRESSURE DATA]
TOTAL FM JAN 1 2 HIGHEST SLP M ON M
DPTR FM NORMAL 1 LOWEST SLP 29.22 ON 2
[REMARKS]