000
CXUS56 KPQR 221200
CF6AST
PRELIMINARY LOCAL CLIMATOLOGICAL DATA (WS FORM: F-6)

                                          STATION:   ASTORIA OR
                                          MONTH:     APRIL
                                          YEAR:      2018
                                          LATITUDE:   46  9 N
                                          LONGITUDE: 123 53 W

  TEMPERATURE IN F:       :PCPN:    SNOW:  WIND      :SUNSHINE: SKY     :PK WND
================================================================================
1   2   3   4   5  6A  6B    7    8   9   10  11  12  13   14  15   16   17  18
                                     12Z  AVG MX 2MIN
DY MAX MIN AVG DEP HDD CDD  WTR  SNW DPTH SPD SPD DIR MIN PSBL S-S WX    SPD DR
================================================================================

 1  47  36  42  -6  23   0 0.49    M    0  8.7 24 310   M    M   9 1      31 290
 2  51  38  45  -3  20   0 0.02    M    0  8.5 24 320   M    M   6        30 310
 3  51  33  42  -6  23   0    T    M    0  3.6 10  20   M    M   5        12  10
 4  53  42  48   0  17   0 0.08    M    0  3.9 13 210   M    M   8 1      17 220
 5  53  44  49   1  16   0 0.82    M    0  8.6 25 200   M    M   9 1      35 200
 6  63  51  57   9   8   0    T    M    M  5.3 14 190   M    M   7 1      20 200
 7  62  49  56   8   9   0 0.95    M    M 22.4 37 190   M    M  10 1      53 180
 8  51  46  49   1  16   0 0.42    M    M 13.5 24 230   M    M  10 1      36 220
 9  66  40  53   5  12   0 0.00    M    M  7.3 16  70   M    M   1        20  70
10  59  47  53   5  12   0 0.33    M    0 13.8 30 190   M    M   5 1      45 220
11  51  40  46  -2  19   0 1.19    M    0  7.9 21 170   M    M  10 1      26 170
12  52  41  47  -1  18   0 0.36    M    0 11.4 24 260   M    M   6 18     32 250
13  53  47  50   2  15   0 1.45    M    0 18.5 26 200   M    M  10 1      38 210
14  53  46  50   2  15   0 1.42    M    M 15.0 25 190   M    M  10 1      36 200
15  48  39  44  -4  21   0 0.77    M    0  6.9 20 320   M    M   M 12     24 320
16  51  43  47  -2  18   0 0.39    M    0 14.1 23 260   M    M  10 1      31 280
17  53  43  48  -1  17   0 0.04    M    0  8.1 20 240   M    M   7        23 230
18  60  41  51   2  14   0 0.00  0.0    0  6.5 21 310   M    M   4        25 320
19  59  35  47  -2  18   0 0.00  0.0    0  6.2 17 310   M    M   0        20 310
20  55  39  47  -2  18   0 0.14    M    0  6.0 20 200   M    M   7 1      29 200
21  56  40  48  -1  17   0 0.04    M    0  8.1 22 190   M    M   5 1      27 200
================================================================================
SM 1147  880       346   0  8.91     0.0 204.3          M      139
================================================================================
AV 54.6 41.9                               9.7 FASTST   M    M   7    MAX(MPH)
                                 MISC ---->  # 37 190               # 53  180
================================================================================
NOTES:
# LAST OF SEVERAL OCCURRENCES

COLUMN 17 PEAK WIND IN M.P.H.

PRELIMINARY LOCAL CLIMATOLOGICAL DATA (WS FORM: F-6) , PAGE 2

                                          STATION:  ASTORIA OR
                                          MONTH:    APRIL
                                          YEAR:     2018
                                          LATITUDE:   46  9 N
                                          LONGITUDE: 123 53 W

[TEMPERATURE DATA]      [PRECIPITATION DATA]       SYMBOLS USED IN COLUMN 16

AVERAGE MONTHLY: 48.3   TOTAL FOR MONTH:   8.91    1 = FOG OR MIST
DPTR FM NORMAL:  -0.0   DPTR FM NORMAL:    5.03    2 = FOG REDUCING VISIBILITY
HIGHEST:    66 ON  9    GRTST 24HR  1.45 ON 13-13      TO 1/4 MILE OR LESS
LOWEST:     33 ON  3                               3 = THUNDER
                        SNOW, ICE PELLETS, HAIL    4 = ICE PELLETS
                        TOTAL MONTH:   0.0 INCH    5 = HAIL
                        GRTST 24HR     0.0         6 = FREEZING RAIN OR DRIZZLE
                        GRTST DEPTH:   0           7 = DUSTSTORM OR SANDSTORM:
                                                       VSBY 1/2 MILE OR LESS
                                                   8 = SMOKE OR HAZE
[NO. OF DAYS WITH]      [WEATHER - DAYS WITH]      9 = BLOWING SNOW
                                                   X = TORNADO
MAX 32 OR BELOW:   0    0.01 INCH OR MORE:  16
MAX 90 OR ABOVE:   0    0.10 INCH OR MORE:  12
MIN 32 OR BELOW:   0    0.50 INCH OR MORE:   6
MIN  0 OR BELOW:   0    1.00 INCH OR MORE:   3

[HDD (BASE 65) ]
TOTAL THIS MO.   346    CLEAR  (SCALE 0-3)   2
DPTR FM NORMAL    -6    PTCLDY (SCALE 4-7)   9
TOTAL FM JUL 1  4124    CLOUDY (SCALE 8-10)  9
DPTR FM NORMAL  -148

[CDD (BASE 65) ]
TOTAL THIS MO.     0
DPTR FM NORMAL     0    [PRESSURE DATA]
TOTAL FM JAN 1     0    HIGHEST SLP M ON M
DPTR FM NORMAL     0    LOWEST  SLP 29.40 ON  7

[REMARKS]
