000
CXUS54 KBMX 231110
CF6AUO
PRELIMINARY LOCAL CLIMATOLOGICAL DATA (WS FORM: F-6)

                                          STATION:   AUBURN    AWOS
                                          MONTH:     MAY
                                          YEAR:      2018
                                          LATITUDE:   32 34 N
                                          LONGITUDE:  85 30 W

  TEMPERATURE IN F:       :PCPN:    SNOW:  WIND      :SUNSHINE: SKY     :PK WND
================================================================================
1   2   3   4   5  6A  6B    7    8   9   10  11  12  13   14  15   16   17  18
                                     12Z  AVG MX 2MIN
DY MAX MIN AVG DEP HDD CDD  WTR  SNW DPTH SPD SPD DIR MIN PSBL S-S WX    SPD DR
================================================================================

 1  81  57  69   M   0   4 0.00  0.0    0  6.6 12 170   M    M   1         M  M
 2  82  58  70   M   0   5 0.00  0.0    0  3.8  9 170   M    M   0         M  M
 3  83  59  71   M   0   6 0.00  0.0    0  4.4  8 120   M    M   0         M  M
 4  83  58  71   M   0   6 0.00  0.0    0  4.2 13 220   M    M   0         M  M
 5  81  61  71   M   0   6 0.00  0.0    0  4.5  8 340   M    M   2         M  M
 6  81  59  70   M   0   5 0.00  0.0    0  8.5 17  20   M    M   1        24  20
 7  85  57  71   M   0   6 0.00  0.0    0  6.9 16 350   M    M   1        24 350
 8  84  61  73   M   0   8 0.00  0.0    0  5.1  9  40   M    M   1        14  40
 9  86  63  75   M   0  10 0.00  0.0    0  3.6  7 190   M    M   2         M  M
10  88  66  77   M   0  12 0.00  0.0    0  6.5 12 240   M    M   0        20 240
11  89  63  76   M   0  11 0.00  0.0    0  3.1 10 210   M    M   1         M  M
12  91  62  77   M   0  12 0.00  0.0    0  3.6  8 260   M    M   2         M  M
13  93  65  79   M   0  14 0.00  0.0    0  6.6 10  30   M    M   0         M  M
14  92  68  80   M   0  15 0.00  0.0    0  5.3 10  90   M    M   0         M  M
15  82  69  76   M   0  11 0.12  0.0    0  6.4 14  60   M    M   5 1       M  M
16  77   M   M   M   M   M    M  0.0    0  3.6  7 180   M    M   8 13      M  M
17  84  67  76   M   0  11 0.00  0.0    0  4.2  8  50   M    M   5 13      M  M
18  86  65  76   M   0  11 0.40  0.0    0  7.4 12 190   M    M   5 13     17 180
19  87  69  78   M   0  13    T  0.0    0  6.3 10 210   M    M   6 3       M  M
20  87  68  78   M   0  13 0.00  0.0    0  3.8 12 140   M    M   1 3      18 140
21  80  67  74   M   0   9 0.02  0.0    0  7.4 12  80   M    M   8 13     16  90
22  81  70  76   M   0  11 0.42  0.0    0  6.5  9 150   M    M  10 1       M  M
================================================================================
SM 1863 1332         0 199  0.96     0.0 118.3          M       59
================================================================================
AV 84.7 63.4                               5.4 FASTST   M    M   3    MAX(MPH)
                                 MISC ---->  # 17  20               # 24   20
================================================================================
NOTES:
# LAST OF SEVERAL OCCURRENCES

COLUMN 17 PEAK WIND IN M.P.H.

PRELIMINARY LOCAL CLIMATOLOGICAL DATA (WS FORM: F-6) , PAGE 2

                                          STATION:  AUBURN    AWOS
                                          MONTH:    MAY
                                          YEAR:     2018
                                          LATITUDE:   32 34 N
                                          LONGITUDE:  85 30 W

[TEMPERATURE DATA]      [PRECIPITATION DATA]       SYMBOLS USED IN COLUMN 16

AVERAGE MONTHLY: 74.1   TOTAL FOR MONTH:   0.96    1 = FOG OR MIST
DPTR FM NORMAL:     M   DPTR FM NORMAL:       M    2 = FOG REDUCING VISIBILITY
HIGHEST:    93 ON 13    GRTST 24HR  0.42 ON 22-22      TO 1/4 MILE OR LESS
LOWEST:     57 ON  7, 1                            3 = THUNDER
                        SNOW, ICE PELLETS, HAIL    4 = ICE PELLETS
                        TOTAL MONTH:   0.0 INCH    5 = HAIL
                        GRTST 24HR     0.0         6 = FREEZING RAIN OR DRIZZLE
                        GRTST DEPTH:   0           7 = DUSTSTORM OR SANDSTORM:
                                                       VSBY 1/2 MILE OR LESS
                                                   8 = SMOKE OR HAZE
[NO. OF DAYS WITH]      [WEATHER - DAYS WITH]      9 = BLOWING SNOW
                                                   X = TORNADO
MAX 32 OR BELOW:   0    0.01 INCH OR MORE:   4
MAX 90 OR ABOVE:   3    0.10 INCH OR MORE:   3
MIN 32 OR BELOW:   0    0.50 INCH OR MORE:   0
MIN  0 OR BELOW:   0    1.00 INCH OR MORE:   0

[HDD (BASE 65) ]
TOTAL THIS MO.     0    CLEAR  (SCALE 0-3)  15
DPTR FM NORMAL     M    PTCLDY (SCALE 4-7)   6
TOTAL FM JUL 1  2086    CLOUDY (SCALE 8-10)  1
DPTR FM NORMAL     M

[CDD (BASE 65) ]
TOTAL THIS MO.   199
DPTR FM NORMAL     M    [PRESSURE DATA]
TOTAL FM JAN 1   280    HIGHEST SLP M ON M
DPTR FM NORMAL     M    LOWEST  SLP M ON M

[REMARKS]
