000
CXAK56 PAFG 211329
CF6BRW
PRELIMINARY LOCAL CLIMATOLOGICAL DATA (WS FORM: F-6)

                                          STATION:   BARROW AK
                                          MONTH:     MAY
                                          YEAR:      2018
                                          LATITUDE:   71 17 N
                                          LONGITUDE: 156 47 W

  TEMPERATURE IN F:       :PCPN:    SNOW:  WIND      :SUNSHINE: SKY     :PK WND
================================================================================
1   2   3   4   5  6A  6B    7    8   9   10  11  12  13   14  15   16   17  18
                                     12Z  AVG MX 2MIN
DY MAX MIN AVG DEP HDD CDD  WTR  SNW DPTH SPD SPD DIR MIN PSBL S-S WX    SPD DR
================================================================================

 1  19  16  18   6  47   0 0.05  0.7   12 15.8 22  70   M    M   9 189    26  70
 2  16  10  13   0  52   0    T    T   12 10.9 15  80   M    M   8 9      18 100
 3  10  -4   3 -11  62   0    T    T   12 10.4 14  60   M    M   5 128    16  60
 4  14   7  11  -3  54   0    T  0.1   12 12.9 22  50   M    M   7 18     26  50
 5  16   5  11  -4  54   0    T  0.2   12 15.9 23  60   M    M   9 189    27  60
 6  14   1   8  -8  57   0 0.02    M   12 12.7 20  80   M    M   6 18     23  80
 7  32  14  23   7  42   0 0.01    M   12 12.1 24 100   M    M  10 189    28 100
 8  29  11  20   3  45   0 0.00  0.0   12  9.7 18  90   M    M   5 128    21  90
 9  25  16  21   4  44   0 0.00  0.0   12 14.5 20  70   M    M   2 12     22  70
10  29  17  23   5  42   0 0.00  0.0   12 21.9 32  70   M    M   1        37  70
11  29  24  27   8  38   0    M    M    M 19.2 26  80   M    M  10        32  80
12  32  25  29  10  36   0    M    M    M 12.0 18  90   M    M   9 126    22  90
13  35  19  27   7  38   0    M    M    M  9.1 13 180   M    M   3        14 180
14  35  24  30  10  35   0    M    M    M 11.5 16  80   M    M   6 1      18  80
15  30  23  27   6  38   0    M    M    M  8.4 13  50   M    M  10 1      16  90
16  29  20  25   4  40   0 0.00  0.0    9 11.6 16  70   M    M  10 1      19  80
17  21  18  20  -2  45   0    T    T    9  7.3 15  70   M    M  10 1      17  70
18  21  16  19  -3  46   0    T    T    8 12.2 18  70   M    M  10 12     22  70
19  28  17  23   0  42   0    T    T    8 18.3 25  70   M    M   8 12     30  60
20  25  15  20  -4  45   0 0.00  0.0    8 18.0 23  70   M    M   8        27  50
================================================================================
SM  489  294       902   0  0.08     1.0 264.4          M      146
================================================================================
AV 24.5 14.7                              13.2 FASTST   M    M   7    MAX(MPH)
                                 MISC ---->  # 32  70               # 37   70
================================================================================
NOTES:
# LAST OF SEVERAL OCCURRENCES

COLUMN 17 PEAK WIND IN M.P.H.

PRELIMINARY LOCAL CLIMATOLOGICAL DATA (WS FORM: F-6) , PAGE 2

                                          STATION:  BARROW AK
                                          MONTH:    MAY
                                          YEAR:     2018
                                          LATITUDE:   71 17 N
                                          LONGITUDE: 156 47 W

[TEMPERATURE DATA]      [PRECIPITATION DATA]       SYMBOLS USED IN COLUMN 16

AVERAGE MONTHLY: 19.6   TOTAL FOR MONTH:   0.08    1 = FOG OR MIST
DPTR FM NORMAL:   1.4   DPTR FM NORMAL:   -0.02    2 = FOG REDUCING VISIBILITY
HIGHEST:    35 ON 14,13 GRTST 24HR  0.07 ON 30- 1      TO 1/4 MILE OR LESS
LOWEST:     -4 ON  3                               3 = THUNDER
                        SNOW, ICE PELLETS, HAIL    4 = ICE PELLETS
                        TOTAL MONTH:   1.0 INCH    5 = HAIL
                        GRTST 24HR   0.7 ON  1- 1  6 = FREEZING RAIN OR DRIZZLE
                        GRTST DEPTH:  12 ON 10, 9  7 = DUSTSTORM OR SANDSTORM:
                                                       VSBY 1/2 MILE OR LESS
                                                   8 = SMOKE OR HAZE
[NO. OF DAYS WITH]      [WEATHER - DAYS WITH]      9 = BLOWING SNOW
                                                   X = TORNADO
MAX 32 OR BELOW:  18    0.01 INCH OR MORE:   3
MAX 90 OR ABOVE:   0    0.10 INCH OR MORE:   0
MIN 32 OR BELOW:  20    0.50 INCH OR MORE:   0
MIN  0 OR BELOW:   1    1.00 INCH OR MORE:   0

[HDD (BASE 65) ]
TOTAL THIS MO.   902    CLEAR  (SCALE 0-3)   3
DPTR FM NORMAL   -37    PTCLDY (SCALE 4-7)   7
TOTAL FM JUL 1 15289    CLOUDY (SCALE 8-10) 10
DPTR FM NORMAL -2810

[CDD (BASE 65) ]
TOTAL THIS MO.     0
DPTR FM NORMAL     0    [PRESSURE DATA]
TOTAL FM JAN 1     0    HIGHEST SLP M ON M
DPTR FM NORMAL     0    LOWEST  SLP 29.57 ON  1

[REMARKS]
