000
CXUS56 KSLC 201229
CF6CDC
PRELIMINARY LOCAL CLIMATOLOGICAL DATA (WS FORM: F-6)

                                          STATION:   CEDAR CITY UT
                                          MONTH:     APRIL
                                          YEAR:      2018
                                          LATITUDE:   37 42 N
                                          LONGITUDE: 113  6 W

  TEMPERATURE IN F:       :PCPN:    SNOW:  WIND      :SUNSHINE: SKY     :PK WND
================================================================================
1   2   3   4   5  6A  6B    7    8   9   10  11  12  13   14  15   16   17  18
                                     12Z  AVG MX 2MIN
DY MAX MIN AVG DEP HDD CDD  WTR  SNW DPTH SPD SPD DIR MIN PSBL S-S WX    SPD DR
================================================================================

 1  73  39  56  13   9   0 0.00  0.0    0  9.2 22 210   M    M   0        28 210
 2  69  37  53  10  12   0    T    M    0 13.3 25 260   M    M   2        35 200
 3  60  20  40  -3  25   0 0.00  0.0    0  7.1 17 350   M    M   0        23 350
 4  67  24  46   2  19   0 0.00  0.0    0  5.1 17 240   M    M   2        24 280
 5  70  34  52   8  13   0 0.00  0.0    0  6.2 18 200   M    M   4        23 210
 6  72  49  61  17   4   0 0.06    M    0  8.5 24 290   M    M   9 1      33 290
 7  77  44  61  17   4   0 0.06    M    0 11.4 36 200   M    M   5 1      43 210
 8  65  35  50   6  15   0 0.00  0.0    0  6.5 17 280   M    M   0        22 260
 9  66  29  48   3  17   0 0.00  0.0    0  7.4 20  30   M    M   0 8      26  50
10  75  29  52   7  13   0 0.00  0.0    0  8.8 22 220   M    M   0        30 190
11  77  50  64  19   1   0 0.00  0.0    0 18.8 39 190   M    M   0        55 190
12  65  26  46   0  19   0 0.00  0.0    0 20.2 44 170   M    M   5        57 160
13  50  21  36 -10  29   0 0.00  0.0    0 10.8 26  10   M    M   2        36  40
14  63  23  43  -3  22   0 0.00  0.0    0  5.4 14 360   M    M   0        18 350
15  67  34  51   5  14   0 0.00  0.0    0 14.0 32 190   M    M   1        41 190
16  70  45  58  12   7   0 0.03    M    0 28.6 45 210   M    M   2        59 190
17  49  28  39  -8  26   0 0.12    M    0  7.5 35 190   M    M   4 1      42 190
18  62  20  41  -6  24   0 0.00  0.0    0  6.7 22 210   M    M   0        28 220
19  59  32  46  -1  19   0 0.00  0.0    0 14.2 32 210   M    M   4        39 200
================================================================================
SM 1256  619       292   0  0.27     0.0 209.7          M       40
================================================================================
AV 66.1 32.6                              11.0 FASTST   M    M   2    MAX(MPH)
                                 MISC ---->  # 45 210               # 59  190
================================================================================
NOTES:
# LAST OF SEVERAL OCCURRENCES

COLUMN 17 PEAK WIND IN M.P.H.

PRELIMINARY LOCAL CLIMATOLOGICAL DATA (WS FORM: F-6) , PAGE 2

                                          STATION:  CEDAR CITY UT
                                          MONTH:    APRIL
                                          YEAR:     2018
                                          LATITUDE:   37 42 N
                                          LONGITUDE: 113  6 W

[TEMPERATURE DATA]      [PRECIPITATION DATA]       SYMBOLS USED IN COLUMN 16

AVERAGE MONTHLY: 49.3   TOTAL FOR MONTH:   0.27    1 = FOG OR MIST
DPTR FM NORMAL:   4.3   DPTR FM NORMAL:   -0.46    2 = FOG REDUCING VISIBILITY
HIGHEST:    77 ON 11, 7 GRTST 24HR  0.12 ON 16-17      TO 1/4 MILE OR LESS
LOWEST:     20 ON 18, 3                            3 = THUNDER
                        SNOW, ICE PELLETS, HAIL    4 = ICE PELLETS
                        TOTAL MONTH:   0.0 INCH    5 = HAIL
                        GRTST 24HR     0.0         6 = FREEZING RAIN OR DRIZZLE
                        GRTST DEPTH:   0           7 = DUSTSTORM OR SANDSTORM:
                                                       VSBY 1/2 MILE OR LESS
                                                   8 = SMOKE OR HAZE
[NO. OF DAYS WITH]      [WEATHER - DAYS WITH]      9 = BLOWING SNOW
                                                   X = TORNADO
MAX 32 OR BELOW:   0    0.01 INCH OR MORE:   4
MAX 90 OR ABOVE:   0    0.10 INCH OR MORE:   1
MIN 32 OR BELOW:  10    0.50 INCH OR MORE:   0
MIN  0 OR BELOW:   0    1.00 INCH OR MORE:   0

[HDD (BASE 65) ]
TOTAL THIS MO.   292    CLEAR  (SCALE 0-3)  13
DPTR FM NORMAL   -88    PTCLDY (SCALE 4-7)   5
TOTAL FM JUL 1  4989    CLOUDY (SCALE 8-10)  1
DPTR FM NORMAL  -725

[CDD (BASE 65) ]
TOTAL THIS MO.     0
DPTR FM NORMAL     0    [PRESSURE DATA]
TOTAL FM JAN 1     0    HIGHEST SLP M ON M
DPTR FM NORMAL     0    LOWEST  SLP 29.39 ON 12

[REMARKS]
