000
CXUS55 KCYS 251000
CF6CDR
PRELIMINARY LOCAL CLIMATOLOGICAL DATA (WS FORM: F-6)

                                          STATION:   CHADRON NEBRASKA AIRPORT
                                          MONTH:     APRIL
                                          YEAR:      2018
                                          LATITUDE:   42 50 N
                                          LONGITUDE: 103  6 W

  TEMPERATURE IN F:       :PCPN:    SNOW:  WIND      :SUNSHINE: SKY     :PK WND
================================================================================
1   2   3   4   5  6A  6B    7    8   9   10  11  12  13   14  15   16   17  18
                                     12Z  AVG MX 2MIN
DY MAX MIN AVG DEP HDD CDD  WTR  SNW DPTH SPD SPD DIR MIN PSBL S-S WX    SPD DR
================================================================================

 1  44  15  30 -10  35   0    T    M    M 11.3 31 180   M    M   4 1      37 170
 2  48  22  35  -6  30   0    T    M    M 12.6 28  20   M    M   4 1      33  10
 3  37  15  26 -15  39   0 0.12    M    M  7.2 24 330   M    M   6 1      32 340
 4  59  16  38  -3  27   0 0.00    M    M  8.2 24  20   M    M   2        30  20
 5  50  21  36  -5  29   0    T    M    M 11.4 23  20   M    M   7 18     27  20
 6  24  13  19 -23  46   0 0.04    M    M  9.5 23  40   M    M   9 18     31  30
 7  42  17  30 -12  35   0 0.00    M    M 10.2 28 160   M    M   6        35 150
 8  59  28  44   2  21   0    T    M    M 14.5 36 310   M    M   2        51 300
 9  58  25  42  -1  23   0 0.00    M    M  6.7 26 310   M    M   5        33 300
10  70  25  48   5  17   0 0.00    M    M  7.3 17 280   M    M   0        23 260
11  80  35  58  15   7   0 0.00    M    M 11.6 41 290   M    M   2        52 300
12  66  36  51   7  14   0 0.15    M    M 12.1 30 120   M    M   2 1      37 130
13  43  22  33 -11  32   0 0.32    M    M 22.5 35  10   M    M  10 12     41  10
14  31  17  24 -20  41   0 0.00    M    M  7.6 22  10   M    M   2        25  10
15  48  14  31 -13  34   0 0.00    M    M  5.8 15 150   M    M   0        17 150
16  57  27  42  -3  23   0 0.00    M    M 15.3 39 170   M    M   0        48 170
17  58  34  46   1  19   0 0.20    M    M 12.8 29  10   M    M   4 1      35  20
18  59  31  45  -1  20   0 0.00    M    M 12.3 30 300   M    M   5        39 300
19  62  25  44  -2  21   0 0.00    M    M 13.2 31 140   M    M   0        38 130
20  52  39  46   0  19   0    T    M    M 13.4 35 170   M    M   6        42 160
21  50  36  43  -4  22   0 0.10    M    M  6.6 16 170   M    M   7 1      20 160
22  68  29  49   2  16   0 0.00    M    M  7.4 21 170   M    M   0        27 180
23  71  35  53   6  12   0 0.09    M    M 13.0 31 300   M    M   3 1      43 300
24  48  26  37 -11  28   0    T    M    M 13.0 29 360   M    M   8        37 360
================================================================================
SM 1284  603       610   0  1.02    M    265.5          M       94
================================================================================
AV 53.5 25.1                              11.1 FASTST   M    M   4    MAX(MPH)
                                 MISC ---->  # 41 290               # 52  300
================================================================================
NOTES:
# LAST OF SEVERAL OCCURRENCES

COLUMN 17 PEAK WIND IN M.P.H.

PRELIMINARY LOCAL CLIMATOLOGICAL DATA (WS FORM: F-6) , PAGE 2

                                          STATION:  CHADRON NEBRASKA AIRPORT
                                          MONTH:    APRIL
                                          YEAR:     2018
                                          LATITUDE:   42 50 N
                                          LONGITUDE: 103  6 W

[TEMPERATURE DATA]      [PRECIPITATION DATA]       SYMBOLS USED IN COLUMN 16

AVERAGE MONTHLY: 39.3   TOTAL FOR MONTH:   1.02    1 = FOG OR MIST
DPTR FM NORMAL:  -4.5   DPTR FM NORMAL:   -0.44    2 = FOG REDUCING VISIBILITY
HIGHEST:    80 ON 11    GRTST 24HR  0.32 ON 13-13      TO 1/4 MILE OR LESS
LOWEST:     13 ON  6                               3 = THUNDER
                        SNOW, ICE PELLETS, HAIL    4 = ICE PELLETS
                        TOTAL MONTH:    M          5 = HAIL
                        GRTST 24HR    M  ON   M    6 = FREEZING RAIN OR DRIZZLE
                        GRTST DEPTH:  M  ON   M    7 = DUSTSTORM OR SANDSTORM:
                                                       VSBY 1/2 MILE OR LESS
                                                   8 = SMOKE OR HAZE
[NO. OF DAYS WITH]      [WEATHER - DAYS WITH]      9 = BLOWING SNOW
                                                   X = TORNADO
MAX 32 OR BELOW:   2    0.01 INCH OR MORE:   7
MAX 90 OR ABOVE:   0    0.10 INCH OR MORE:   5
MIN 32 OR BELOW:  18    0.50 INCH OR MORE:   0
MIN  0 OR BELOW:   0    1.00 INCH OR MORE:   0

[HDD (BASE 65) ]
TOTAL THIS MO.   610    CLEAR  (SCALE 0-3)  10
DPTR FM NORMAL   101    PTCLDY (SCALE 4-7)  11
TOTAL FM JUL 1  6832    CLOUDY (SCALE 8-10)  3
DPTR FM NORMAL   166

[CDD (BASE 65) ]
TOTAL THIS MO.     0
DPTR FM NORMAL     0    [PRESSURE DATA]
TOTAL FM JAN 1     0    HIGHEST SLP  0.00 ON M
DPTR FM NORMAL     0    LOWEST  SLP 29.18 ON 12

[REMARKS]
