000
CXUS52 KCHS 260715
CF6CHS
PRELIMINARY LOCAL CLIMATOLOGICAL DATA (WS FORM: F-6)

                                          STATION:   NORTH CHARLESTON SC
                                          MONTH:     MAY
                                          YEAR:      2018
                                          LATITUDE:   32 54 N
                                          LONGITUDE:  80  2 W

  TEMPERATURE IN F:       :PCPN:    SNOW:  WIND      :SUNSHINE: SKY     :PK WND
================================================================================
1   2   3   4   5  6A  6B    7    8   9   10  11  12  13   14  15   16   17  18
                                     12Z  AVG MX 2MIN
DY MAX MIN AVG DEP HDD CDD  WTR  SNW DPTH SPD SPD DIR MIN PSBL S-S WX    SPD DR
================================================================================

 1  81  49  65  -4   0   0 0.00  0.0    0  5.0 15 200   M    M   0 1      21 190
 2  83  56  70   1   0   5 0.00  0.0    0  5.7 15 200   M    M   1 1      19 190
 3  81  54  68  -1   0   3 0.00  0.0    0  5.7 15 180   M    M   2 1      19 190
 4  84  58  71   2   0   6 0.00  0.0    0  6.3 18 160   M    M   3 1      23 200
 5  85  60  73   3   0   8 0.00  0.0    0  6.9 16 150   M    M   5        22 150
 6  88  70  79   9   0  14 0.00  0.0    0  8.0 17 210   M    M   8 18     23 130
 7  83  60  72   2   0   7 0.00  0.0    0  9.2 22 360   M    M   3 8      27 360
 8  82  60  71   1   0   6 0.00  0.0    0  8.3 14  10   M    M   3        20 360
 9  84  58  71   0   0   6 0.00  0.0    0  7.2 12 150   M    M   3 1      17 360
10  88  60  74   3   0   9 0.00  0.0    0  7.7 18 200   M    M   2 1      22 200
11  93  65  79   8   0  14 0.00  0.0    0  6.5 16  20   M    M   1        21  20
12  94  66  80   8   0  15 0.00  0.0    0  6.5 17 160   M    M   2 1      20 170
13  91  67  79   7   0  14 0.00  0.0    0  8.2 17 180   M    M   3 1      23 160
14  85  67  76   4   0  11 0.00  0.0    0  5.3 18 150   M    M   6 1      22 140
15  87  74  81   9   0  16 0.23  0.0    0 10.7 21 140   M    M   8 1      26 130
16  86  71  79   6   0  14 0.04  0.0    0  9.8 24 190   M    M   7 1      30 180
17  85  70  78   5   0  13 0.72  0.0    0 12.3 25 190   M    M   6 13     30 190
18  80  73  77   4   0  12 0.11  0.0    0 10.1 18 180   M    M   8 1      23 170
19  77  72  75   2   0  10 4.88  0.0    0  9.0 13 150   M    M   9 1       M  M
20  84  70  77   3   0  12 0.05  0.0    0  5.9 18 150   M    M   8 13     22 150
21  85  70  78   4   0  13 0.00  0.0    0  6.3 16 190   M    M   8 1      20 170
22  85  70  78   4   0  13    T  0.0    0  6.9 17 160   M    M   7 1      24 130
23  88  71  80   6   0  15    T  0.0    0  8.0 16 200   M    M   5 3      20 170
24  85  71  78   3   0  13 0.51  0.0    0  4.2 20 200   M    M   7 13     22 200
25  86  71  79   4   0  14    T  0.0    0  7.9 17 150   M    M   6 1      22 160
================================================================================
SM 2130 1633         0 263  6.54     0.0 187.6          M      121
================================================================================
AV 85.2 65.3                               7.5 FASTST   M    M   5    MAX(MPH)
                                 MISC ---->  # 25 190               # 30  180
================================================================================
NOTES:
# LAST OF SEVERAL OCCURRENCES

COLUMN 17 PEAK WIND IN M.P.H.

PRELIMINARY LOCAL CLIMATOLOGICAL DATA (WS FORM: F-6) , PAGE 2

                                          STATION:  NORTH CHARLESTON SC
                                          MONTH:    MAY
                                          YEAR:     2018
                                          LATITUDE:   32 54 N
                                          LONGITUDE:  80  2 W

[TEMPERATURE DATA]      [PRECIPITATION DATA]       SYMBOLS USED IN COLUMN 16

AVERAGE MONTHLY: 75.3   TOTAL FOR MONTH:   6.54    1 = FOG OR MIST
DPTR FM NORMAL:   3.5   DPTR FM NORMAL:    4.21    2 = FOG REDUCING VISIBILITY
HIGHEST:    94 ON 12    GRTST 24HR  4.88 ON 19-19      TO 1/4 MILE OR LESS
LOWEST:     49 ON  1                               3 = THUNDER
                        SNOW, ICE PELLETS, HAIL    4 = ICE PELLETS
                        TOTAL MONTH:   0.0 INCH    5 = HAIL
                        GRTST 24HR     0.0         6 = FREEZING RAIN OR DRIZZLE
                        GRTST DEPTH:   0           7 = DUSTSTORM OR SANDSTORM:
                                                       VSBY 1/2 MILE OR LESS
                                                   8 = SMOKE OR HAZE
[NO. OF DAYS WITH]      [WEATHER - DAYS WITH]      9 = BLOWING SNOW
                                                   X = TORNADO
MAX 32 OR BELOW:   0    0.01 INCH OR MORE:   7
MAX 90 OR ABOVE:   3    0.10 INCH OR MORE:   5
MIN 32 OR BELOW:   0    0.50 INCH OR MORE:   3
MIN  0 OR BELOW:   0    1.00 INCH OR MORE:   1

[HDD (BASE 65) ]
TOTAL THIS MO.     0    CLEAR  (SCALE 0-3)  11
DPTR FM NORMAL    -8    PTCLDY (SCALE 4-7)  13
TOTAL FM JUL 1  1826    CLOUDY (SCALE 8-10)  1
DPTR FM NORMAL  -145

[CDD (BASE 65) ]
TOTAL THIS MO.   263
DPTR FM NORMAL    82    [PRESSURE DATA]
TOTAL FM JAN 1   418    HIGHEST SLP M ON M
DPTR FM NORMAL   119    LOWEST  SLP 29.84 ON  6

[REMARKS]
