732
CXUS51 KRNK 220721
CF6DAN

PRELIMINARY LOCAL CLIMATOLOGICAL DATA (WS FORM: F-6)

                                          STATION:   DANVILLE VA
                                          MONTH:     APRIL
                                          YEAR:      2018
                                          LATITUDE:   36 34 N
                                          LONGITUDE:  79 20 W

  TEMPERATURE IN F:       :PCPN:    SNOW:  WIND      :SUNSHINE: SKY     :PK WND
================================================================================
1   2   3   4   5  6A  6B    7    8   9   10  11  12  13   14  15   16   17  18
                                     12Z  AVG MX 2MIN
DY MAX MIN AVG DEP HDD CDD  WTR  SNW DPTH SPD SPD DIR MIN PSBL S-S WX    SPD DR
================================================================================

 1  72  41  57   3   8   0 0.00  0.0    0  5.3 18 260   M    M   3        21 250
 2  71  48  60   6   5   0    T  0.0    0  6.3 15  60   M    M   4        20  70
 3  72  44  58   4   7   0 0.00  0.0    0  5.1 14 220   M    M   5        20 230
 4  74  41  58   3   7   0 0.01  0.0    0 12.2 28 330   M    M   2        36 310
 5  60  30  45 -10  20   0 0.00  0.0    0  4.0 14 240   M    M   0        17 280
 6  72  31  52  -4  13   0 0.08  0.0    0  9.7 24 220   M    M   3 1      34 200
 7  53  33  43 -13  22   0 0.47    T    0  9.5 21  40   M    M  10 1      27  50
 8  52  30  41 -15  24   0 0.00  0.0    0  4.2 15 340   M    M   1        24 340
 9  59  39  49  -7  16   0 0.00  0.0    0  5.7 17  10   M    M   9        22  10
10  60  34  47 -10  18   0 0.00  0.0    0  4.2 15 350   M    M   2        19 350
11  62  41  52  -5  13   0 0.00  0.0    0  4.4  9 100   M    M   5        14 240
12  75  41  58   1   7   0 0.00  0.0    0  9.3 22 230   M    M   0        36 230
13  80  51  66   8   0   1 0.00  0.0    0 10.3 23 230   M    M   0        32 230
14  81  60  71  13   0   6 0.00  0.0    0  8.6 21 230   M    M   3        33 220
15  81  62  72  14   0   7 1.69  0.0    0  6.5 28 210   M    M   6 13     50 240
16  63  38  51  -8  14   0 0.01  0.0    0 12.7 22 240   M    M   9        32 240
17  64  37  51  -8  14   0 0.00  0.0    0  9.0 22 220   M    M   5        28 220
18  81  37  59   0   6   0 0.00  0.0    0  6.4 24 230   M    M   1        28 230
19  70  42  56  -3   9   0 0.00  0.0    0 12.6 26 320   M    M   2        36 330
20  64  30  47 -13  18   0 0.00  0.0    0  4.6 15 360   M    M   0        21 350
21  68  36  52  -8  13   0 0.00  0.0    0  4.0 12  60   M    M   0        16  60
================================================================================
SM 1434  846       234  14  2.26    T    154.6          M       70
================================================================================
AV 68.3 40.3                               7.4 FASTST   M    M   3    MAX(MPH)
                                 MISC ---->  # 28 330               # 50  240
================================================================================
NOTES:
# LAST OF SEVERAL OCCURRENCES

COLUMN 17 PEAK WIND IN M.P.H.

PRELIMINARY LOCAL CLIMATOLOGICAL DATA (WS FORM: F-6) , PAGE 2

                                          STATION:  DANVILLE VA
                                          MONTH:    APRIL
                                          YEAR:     2018
                                          LATITUDE:   36 34 N
                                          LONGITUDE:  79 20 W

[TEMPERATURE DATA]      [PRECIPITATION DATA]       SYMBOLS USED IN COLUMN 16

AVERAGE MONTHLY: 54.3   TOTAL FOR MONTH:   2.26    1 = FOG OR MIST
DPTR FM NORMAL:  -2.7   DPTR FM NORMAL:   -0.21    2 = FOG REDUCING VISIBILITY
HIGHEST:    81 ON 18,15 GRTST 24HR  1.69 ON 15-15      TO 1/4 MILE OR LESS
LOWEST:     30 ON 20, 8                            3 = THUNDER
                        SNOW, ICE PELLETS, HAIL    4 = ICE PELLETS
                        TOTAL MONTH:    T          5 = HAIL
                        GRTST 24HR    T  ON  7- 7  6 = FREEZING RAIN OR DRIZZLE
                        GRTST DEPTH:   0           7 = DUSTSTORM OR SANDSTORM:
                                                       VSBY 1/2 MILE OR LESS
                                                   8 = SMOKE OR HAZE
[NO. OF DAYS WITH]      [WEATHER - DAYS WITH]      9 = BLOWING SNOW
                                                   X = TORNADO
MAX 32 OR BELOW:   0    0.01 INCH OR MORE:   5
MAX 90 OR ABOVE:   0    0.10 INCH OR MORE:   2
MIN 32 OR BELOW:   4    0.50 INCH OR MORE:   1
MIN  0 OR BELOW:   0    1.00 INCH OR MORE:   1

[HDD (BASE 65) ]
TOTAL THIS MO.   234    CLEAR  (SCALE 0-3)  13
DPTR FM NORMAL    49    PTCLDY (SCALE 4-7)   5
TOTAL FM JUL 1  3517    CLOUDY (SCALE 8-10)  3
DPTR FM NORMAL  -179

[CDD (BASE 65) ]
TOTAL THIS MO.    14
DPTR FM NORMAL    -6    [PRESSURE DATA]
TOTAL FM JAN 1    15    HIGHEST SLP M ON M
DPTR FM NORMAL    -8    LOWEST  SLP 29.48 ON 16


[REMARKS] DUE TO MISSING DATA FROM JANUARY 4-9, 21-22, AND MARCH 2-
3...ALL INFORMATION WILL BE CALCULATED WITHOUT DATA FROM THESE DATES.
