124
CXUS54 KHUN 231015
CF6DCU
PRELIMINARY LOCAL CLIMATOLOGICAL DATA (WS FORM: F-6)

                                          STATION:   DECATUR
                                          MONTH:     APRIL
                                          YEAR:      2018
                                          LATITUDE:   34 39 N
                                          LONGITUDE:  86 56 W

  TEMPERATURE IN F:       :PCPN:    SNOW:  WIND      :SUNSHINE: SKY     :PK WND
================================================================================
1   2   3   4   5  6A  6B    7    8   9   10  11  12  13   14  15   16   17  18
                                     12Z  AVG MX 2MIN
DY MAX MIN AVG DEP HDD CDD  WTR  SNW DPTH SPD SPD DIR MIN PSBL S-S WX    SPD DR
================================================================================

 1  77  41  59   2   6   0 0.00  0.0    0  4.4 12 300   M    M   1 8      18 210
 2  74  48  61   4   4   0 0.00  0.0    0  4.8 10  10   M    M   2 1      13 340
 3  83  58  71  14   0   6 0.25  0.0    0 14.3 49 260   M    M   4 13     72 240
 4  62  39  51  -7  14   0 0.00  0.0    0 11.5 24 320   M    M   2        29 330
 5  61  32  47 -11  18   0 0.00  0.0    0  3.2 10 290   M    M   0        16  90
 6  53  41  47 -11  18   0 1.06  0.0    0  4.5 14 240   M    M   9 1      20 210
 7  52  31  42 -16  23   0 0.05  0.0    0 12.6 24  10   M    M   9 1      32  10
 8  54  28  41 -18  24   0 0.00  0.0    0  5.0 14 360   M    M   1 1      23  50
 9  65  46  56  -3   9   0 0.00  0.0    0  6.0 14 260   M    M   4        23 230
10  67  40  54  -5  11   0 0.00  0.0    0  7.3 15 330   M    M   1        21 300
11  68  36  52  -7  13   0 0.00  0.0    0  3.2 10  70   M    M   0 18     20  30
12  81  41  61   1   4   0 0.00  0.0    0 10.0 22 180   M    M   0 8      27 180
13  82  57  70  10   0   5 0.00  0.0    0 13.3 22 160   M    M   1        27 170
14  68  59  64   4   1   0 2.89  0.0    0 10.3 28 230   M    M   8 13     35 210
15  62  39  51  -9  14   0 0.56  0.0    0 13.3 26 290   M    M   9 1      36 280
16  53  36  45 -16  20   0 0.00  0.0    0 12.3 23 300   M    M   4        31 300
17  77  34  56  -5   9   0 0.00  0.0    0  8.5 21 230   M    M   0        27 230
18  77  51  64   3   1   0    T  0.0    0 12.5 21 250   M    M   2        29 250
19  66  41  54  -8  11   0 0.00  0.0    0 11.6 21  10   M    M   2        25 350
20  70  34  52 -10  13   0 0.00  0.0    0  5.7 13  30   M    M   0        22  50
21  75  38  57  -5   8   0 0.00  0.0    0  8.0 17 140   M    M   2        21 140
22  66  58  62   0   3   0 2.13  0.0    0 12.3 26 130   M    M   9 13     40 140
================================================================================
SM 1493  928       224  11  6.94     0.0 194.6          M       70
================================================================================
AV 67.9 42.2                               8.8 FASTST   M    M   3    MAX(MPH)
                                 MISC ---->  # 49 260               # 72  240
================================================================================
NOTES:
# LAST OF SEVERAL OCCURRENCES

COLUMN 17 PEAK WIND IN M.P.H.

PRELIMINARY LOCAL CLIMATOLOGICAL DATA (WS FORM: F-6) , PAGE 2

                                          STATION:  DECATUR
                                          MONTH:    APRIL
                                          YEAR:     2018
                                          LATITUDE:   34 39 N
                                          LONGITUDE:  86 56 W

[TEMPERATURE DATA]      [PRECIPITATION DATA]       SYMBOLS USED IN COLUMN 16

AVERAGE MONTHLY: 55.0   TOTAL FOR MONTH:   6.94    1 = FOG OR MIST
DPTR FM NORMAL:  -4.5   DPTR FM NORMAL:    3.76    2 = FOG REDUCING VISIBILITY
HIGHEST:    83 ON  3    GRTST 24HR  2.89 ON 14-14      TO 1/4 MILE OR LESS
LOWEST:     28 ON  8                               3 = THUNDER
                        SNOW, ICE PELLETS, HAIL    4 = ICE PELLETS
                        TOTAL MONTH:   0.0 INCH    5 = HAIL
                        GRTST 24HR     0.0         6 = FREEZING RAIN OR DRIZZLE
                        GRTST DEPTH:   0           7 = DUSTSTORM OR SANDSTORM:
                                                       VSBY 1/2 MILE OR LESS
                                                   8 = SMOKE OR HAZE
[NO. OF DAYS WITH]      [WEATHER - DAYS WITH]      9 = BLOWING SNOW
                                                   X = TORNADO
MAX 32 OR BELOW:   0    0.01 INCH OR MORE:   6
MAX 90 OR ABOVE:   0    0.10 INCH OR MORE:   5
MIN 32 OR BELOW:   3    0.50 INCH OR MORE:   4
MIN  0 OR BELOW:   0    1.00 INCH OR MORE:   3

[HDD (BASE 65) ]
TOTAL THIS MO.   224    CLEAR  (SCALE 0-3)  14
DPTR FM NORMAL    74    PTCLDY (SCALE 4-7)   4
TOTAL FM JUL 1  3192    CLOUDY (SCALE 8-10)  4
DPTR FM NORMAL    27

[CDD (BASE 65) ]
TOTAL THIS MO.    11
DPTR FM NORMAL   -22    [PRESSURE DATA]
TOTAL FM JAN 1    40    HIGHEST SLP M ON M
DPTR FM NORMAL    -1    LOWEST  SLP 29.67 ON 15

[REMARKS]
