000
CXUS55 KPSR 201005
CF6DVT
PRELIMINARY LOCAL CLIMATOLOGICAL DATA (WS FORM: F-6)

                                          STATION:   DEER VLY/PHOENIX AZ
                                          MONTH:     MAY
                                          YEAR:      2018
                                          LATITUDE:   33 41 N
                                          LONGITUDE: 112  4 W

  TEMPERATURE IN F:       :PCPN:    SNOW:  WIND      :SUNSHINE: SKY     :PK WND
================================================================================
1   2   3   4   5  6A  6B    7    8   9   10  11  12  13   14  15   16   17  18
                                     12Z  AVG MX 2MIN
DY MAX MIN AVG DEP HDD CDD  WTR  SNW DPTH SPD SPD DIR MIN PSBL S-S WX    SPD DR
================================================================================

 1  73  60  67  -7   0   2    T  0.0    0  8.2 29 150   M    M   3        39 160
 2  72  58  65  -9   0   0    T  0.0    0  8.4 20 240   M    M   6 38     23 270
 3  81  53  67  -7   0   2 0.00  0.0    0  5.7 16 240   M    M   0        20 250
 4  93  63  78   3   0  13 0.00  0.0    0  4.8 14 320   M    M   0        18 310
 5  99  69  84   9   0  19 0.00  0.0    0  7.1 17 120   M    M   0        25 120
 6 103  77  90  15   0  25 0.00  0.0    0  5.8 15 120   M    M   0        20 130
 7  99  73  86  10   0  21 0.00  0.0    0  4.4 15 210   M    M   0        20 220
 8 101  67  84   8   0  19 0.00  0.0    0  4.9 10 220   M    M   0         M  M
 9 101  68  85   9   0  20 0.00  0.0    0  5.6 17 240   M    M   0        21 270
10 102  68  85   8   0  20 0.00  0.0    0  8.5 20 220   M    M   0        26 210
11  98  75  87  10   0  22 0.00  0.0    0 10.7 31 230   M    M   1        38 230
12  88  68  78   1   0  13 0.00  0.0    0  8.5 21 240   M    M   0        26 230
13  85  62  74  -4   0   9 0.00  0.0    0  6.1 16 220   M    M   0        20 210
14  90  66  78   0   0  13 0.00  0.0    0  6.4 16 170   M    M   0        20 190
15  92  65  79   1   0  14 0.00  0.0    0  5.0 15 220   M    M   0        17 220
16  96  66  81   3   0  16 0.00  0.0    0  4.4 15 230   M    M   0        21 220
17  94  65  80   1   0  15 0.00  0.0    0  7.6 22 240   M    M   0        27 240
18  90  66  78  -1   0  13 0.00  0.0    0  5.3 16 230   M    M   0        22 260
19  93  63  78  -1   0  13 0.00  0.0    0  5.2 17 230   M    M   0        21 200
================================================================================
SM 1750 1252         0 269    T      0.0 122.6          M       10
================================================================================
AV 92.1 65.9                               6.5 FASTST   M    M   1    MAX(MPH)
                                 MISC ---->  # 31 230               # 39  160
================================================================================
NOTES:
# LAST OF SEVERAL OCCURRENCES

COLUMN 17 PEAK WIND IN M.P.H.

PRELIMINARY LOCAL CLIMATOLOGICAL DATA (WS FORM: F-6) , PAGE 2

                                          STATION:  DEER VLY/PHOENIX AZ
                                          MONTH:    MAY
                                          YEAR:     2018
                                          LATITUDE:   33 41 N
                                          LONGITUDE: 112  4 W

[TEMPERATURE DATA]      [PRECIPITATION DATA]       SYMBOLS USED IN COLUMN 16

AVERAGE MONTHLY: 79.0   TOTAL FOR MONTH:      T    1 = FOG OR MIST
DPTR FM NORMAL:   2.4   DPTR FM NORMAL:   -0.09    2 = FOG REDUCING VISIBILITY
HIGHEST:   103 ON  6    GRTST 24HR    T  ON  2- 2      TO 1/4 MILE OR LESS
LOWEST:     53 ON  3                               3 = THUNDER
                        SNOW, ICE PELLETS, HAIL    4 = ICE PELLETS
                        TOTAL MONTH:   0.0 INCH    5 = HAIL
                        GRTST 24HR     0.0         6 = FREEZING RAIN OR DRIZZLE
                        GRTST DEPTH:   0           7 = DUSTSTORM OR SANDSTORM:
                                                       VSBY 1/2 MILE OR LESS
                                                   8 = SMOKE OR HAZE
[NO. OF DAYS WITH]      [WEATHER - DAYS WITH]      9 = BLOWING SNOW
                                                   X = TORNADO
MAX 32 OR BELOW:   0    0.01 INCH OR MORE:   0
MAX 90 OR ABOVE:  14    0.10 INCH OR MORE:   0
MIN 32 OR BELOW:   0    0.50 INCH OR MORE:   0
MIN  0 OR BELOW:   0    1.00 INCH OR MORE:   0

[HDD (BASE 65) ]
TOTAL THIS MO.     0    CLEAR  (SCALE 0-3)  18
DPTR FM NORMAL     0    PTCLDY (SCALE 4-7)   1
TOTAL FM JUL 1   752    CLOUDY (SCALE 8-10)  0
DPTR FM NORMAL  -536

[CDD (BASE 65) ]
TOTAL THIS MO.   269
DPTR FM NORMAL    49    [PRESSURE DATA]
TOTAL FM JAN 1   605    HIGHEST SLP M ON M
DPTR FM NORMAL   169    LOWEST  SLP 29.52 ON 11

[REMARKS]
