000
CXUS54 KHGX 231415
CF6DWH
PRELIMINARY LOCAL CLIMATOLOGICAL DATA (WS FORM: F-6)

                                          STATION:   HOUSTON/D.W._HOOKS
                                          MONTH:     APRIL
                                          YEAR:      2018
                                          LATITUDE:   30  4 N
                                          LONGITUDE:  95 33 W

  TEMPERATURE IN F:       :PCPN:    SNOW:  WIND      :SUNSHINE: SKY     :PK WND
================================================================================
1   2   3   4   5  6A  6B    7    8   9   10  11  12  13   14  15   16   17  18
                                     12Z  AVG MX 2MIN
DY MAX MIN AVG DEP HDD CDD  WTR  SNW DPTH SPD SPD DIR MIN PSBL S-S WX    SPD DR
================================================================================

 1  83  59  71   7   0   6 0.00  0.0    0  5.2 14 200   M    M   4        20 210
 2  86  68  77  13   0  12 0.00  0.0    0  5.9 18 190   M    M   7        26 180
 3  85  63  74   9   0   9 0.16  0.0    0  9.1 21 200   M    M   8 13     29 180
 4  73  53  63  -2   2   0    T  0.0    0  8.6 18  10   M    M   0        28  20
 5  75  53  64  -1   1   0 0.01  0.0    0  7.6 15 120   M    M   5 1      22 110
 6  82  69  76  11   0  11    T  0.0    0 10.0 20 190   M    M   8 1      26 190
 7  73  46  60  -6   5   0 0.41  0.0    0  8.8 25 210   M    M  10 13     36 210
 8  58  45  52 -14  13   0 0.00  0.0    0  4.7  9 130   M    M  10        14 360
 9  66  54  60  -6   5   0 0.02  0.0    0  4.8 12  60   M    M  10 18     17  60
10  78  52  65  -1   0   0 0.00  0.0    0  4.8 14 360   M    M   1        20 360
11  80  47  64  -3   1   0 0.00  0.0    0  4.4 15 140   M    M   0        22 190
12  84  60  72   5   0   7 0.00  0.0    0  8.3 18 180   M    M   5        27 190
13  82  61  72   5   0   7 0.28  0.0    0  9.9 31 300   M    M  10 13     43 280
14  66  45  56 -12   9   0 0.64  0.0    0  8.1 22 310   M    M   4 13     32 310
15  69  44  57 -11   8   0 0.00  0.0    0  7.6 18 300   M    M   0        26 320
16  80  43  62  -6   3   0 0.00  0.0    0  5.1 15 200   M    M   0        19 210
17  83  60  72   4   0   7 0.00  0.0    0 10.1 22 190   M    M   1        30 190
18  80  65  73   5   0   8 0.00  0.0    0  5.6 14 230   M    M   8        22 190
19  77  59  68  -1   0   3 0.00  0.0    0  7.6 17  10   M    M   3        27  20
20  66  52  59 -10   6   0 0.00  0.0    0  8.1 16  80   M    M   0        22  80
21  75  59  67  -2   0   2 0.77  0.0    0  8.0 15 110   M    M   8 13     22 140
22  72  56  64  -6   1   0 0.00  0.0    0  8.3 18 310   M    M   4 1      26 320
================================================================================
SM 1673 1213        54  72  2.29     0.0 160.6          M      106
================================================================================
AV 76.1 55.1                               7.3 FASTST   M    M   5    MAX(MPH)
                                 MISC ---->  # 31 300               # 43  280
================================================================================
NOTES:
# LAST OF SEVERAL OCCURRENCES

COLUMN 17 PEAK WIND IN M.P.H.

PRELIMINARY LOCAL CLIMATOLOGICAL DATA (WS FORM: F-6) , PAGE 2

                                          STATION:  HOUSTON/D.W._HOOKS
                                          MONTH:    APRIL
                                          YEAR:     2018
                                          LATITUDE:   30  4 N
                                          LONGITUDE:  95 33 W

[TEMPERATURE DATA]      [PRECIPITATION DATA]       SYMBOLS USED IN COLUMN 16

AVERAGE MONTHLY: 65.6   TOTAL FOR MONTH:   2.29    1 = FOG OR MIST
DPTR FM NORMAL:  -1.2   DPTR FM NORMAL:   -0.19    2 = FOG REDUCING VISIBILITY
HIGHEST:    86 ON  2    GRTST 24HR  0.77 ON 21-21      TO 1/4 MILE OR LESS
LOWEST:     43 ON 16                               3 = THUNDER
                        SNOW, ICE PELLETS, HAIL    4 = ICE PELLETS
                        TOTAL MONTH:   0.0 INCH    5 = HAIL
                        GRTST 24HR     0.0         6 = FREEZING RAIN OR DRIZZLE
                        GRTST DEPTH:   0           7 = DUSTSTORM OR SANDSTORM:
                                                       VSBY 1/2 MILE OR LESS
                                                   8 = SMOKE OR HAZE
[NO. OF DAYS WITH]      [WEATHER - DAYS WITH]      9 = BLOWING SNOW
                                                   X = TORNADO
MAX 32 OR BELOW:   0    0.01 INCH OR MORE:   7
MAX 90 OR ABOVE:   0    0.10 INCH OR MORE:   5
MIN 32 OR BELOW:   0    0.50 INCH OR MORE:   2
MIN  0 OR BELOW:   0    1.00 INCH OR MORE:   0

[HDD (BASE 65) ]
TOTAL THIS MO.    54    CLEAR  (SCALE 0-3)   8
DPTR FM NORMAL     9    PTCLDY (SCALE 4-7)   8
TOTAL FM JUL 1  1322    CLOUDY (SCALE 8-10)  6
DPTR FM NORMAL  -249

[CDD (BASE 65) ]
TOTAL THIS MO.    72
DPTR FM NORMAL   -16    [PRESSURE DATA]
TOTAL FM JAN 1   296    HIGHEST SLP M ON M
DPTR FM NORMAL   131    LOWEST  SLP 29.59 ON 13

[REMARKS]
