000
CXUS54 KEWX 250910
CF6DZB
PRELIMINARY LOCAL CLIMATOLOGICAL DATA (WS FORM: F-6)

                                          STATION:   Horseshoe Bay
                                          MONTH:     MAY
                                          YEAR:      2018
                                          LATITUDE:   30 31 N
                                          LONGITUDE:  98 22 W

  TEMPERATURE IN F:       :PCPN:    SNOW:  WIND      :SUNSHINE: SKY     :PK WND
================================================================================
1   2   3   4   5  6A  6B    7    8   9   10  11  12  13   14  15   16   17  18
                                     12Z  AVG MX 2MIN
DY MAX MIN AVG DEP HDD CDD  WTR  SNW DPTH SPD SPD DIR MIN PSBL S-S WX    SPD DR
================================================================================

 1  80  68  74   M   0   9 0.00    M    M  8.2 14 180   M    M  10        22 180
 2  88  71  80   M   0  15 0.02    M    M  9.4 18 150   M    M   9 1      30 150
 3  91  74  83   M   0  18 0.00    M    M  9.5 14 170   M    M   7 3      23 170
 4  75  62  69   M   0   4 2.52    M    M  4.5 14 350   M    M  10 13     24 350
 5  85  58  72   M   0   7 0.00    M    M  3.3  9  30   M    M   4 12      M  M
 6  90  52  71   M   0   6 0.00    M    M  1.5  6 310   M    M   0         M  M
 7  92  55  74   M   0   9 0.00    M    M  3.1  8 170   M    M   0         M  M
 8  91  65  78   M   0  13 0.00    M    M  7.0 14 180   M    M   0        21 180
 9  88  63  76   M   0  11 0.00    M    M  7.7 14 180   M    M   0        22 180
10  88  67  78   M   0  13 0.00    M    M  8.5 14 150   M    M   4        23 150
11  89  67  78   M   0  13 0.00    M    M  9.6 15 180   M    M   3        22 180
12  91  69  80   M   0  15 0.00    M    M  8.4 13 180   M    M   3        20 160
13  91  71  81   M   0  16 0.00    M    M  7.2 13 170   M    M   4        18 160
14  91  73  82   M   0  17 0.01    M    M  6.6 10 150   M    M   4        22 170
15  93  66  80   M   0  15 0.57    M    M  6.5 21  50   M    M   3 3      33  50
16  93  63  78   M   0  13 0.00    M    M  2.2 10  10   M    M   0        23  10
17  96  67  82   M   0  17 0.00    M    M  4.3 10 140   M    M   0        18 140
18  96  67  82   M   0  17 0.03    M    M  7.2 21 150   M    M   0        30 150
19  91  71  81   M   0  16 0.00    M    M  8.6 14 150   M    M   5 3      28 140
20  81  66  74   M   0   9 0.39    M    M  3.4  8 330   M    M   5 3      17 330
21  88  66  77   M   0  12 0.00    M    M  2.2  7 120   M    M   6 1       M  M
22  92  68  80   M   0  15 0.00    M    M  4.4 10 140   M    M   4 18     17 130
23  92  67  80   M   0  15 0.00    M    M  3.3  9 110   M    M   5        16 110
24  92  71  82   M   0  17 0.00    M    0  2.9  7 170   M    M   5         M  M
================================================================================
SM 2144 1587         0 312  3.54    M    139.5          M       91
================================================================================
AV 89.3 66.1                               5.8 FASTST   M    M   4    MAX(MPH)
                                 MISC ---->  # 21  50               # 33   50
================================================================================
NOTES:
# LAST OF SEVERAL OCCURRENCES

COLUMN 17 PEAK WIND IN M.P.H.

PRELIMINARY LOCAL CLIMATOLOGICAL DATA (WS FORM: F-6) , PAGE 2

                                          STATION:  Horseshoe Bay
                                          MONTH:    MAY
                                          YEAR:     2018
                                          LATITUDE:   30 31 N
                                          LONGITUDE:  98 22 W

[TEMPERATURE DATA]      [PRECIPITATION DATA]       SYMBOLS USED IN COLUMN 16

AVERAGE MONTHLY: 77.7   TOTAL FOR MONTH:   3.54    1 = FOG OR MIST
DPTR FM NORMAL:     M   DPTR FM NORMAL:       M    2 = FOG REDUCING VISIBILITY
HIGHEST:    96 ON 18,17 GRTST 24HR  2.52 ON  4- 4      TO 1/4 MILE OR LESS
LOWEST:     52 ON  6                               3 = THUNDER
                        SNOW, ICE PELLETS, HAIL    4 = ICE PELLETS
                        TOTAL MONTH:    M          5 = HAIL
                        GRTST 24HR    M  ON   M    6 = FREEZING RAIN OR DRIZZLE
                        GRTST DEPTH:   0           7 = DUSTSTORM OR SANDSTORM:
                                                       VSBY 1/2 MILE OR LESS
                                                   8 = SMOKE OR HAZE
[NO. OF DAYS WITH]      [WEATHER - DAYS WITH]      9 = BLOWING SNOW
                                                   X = TORNADO
MAX 32 OR BELOW:   0    0.01 INCH OR MORE:   6
MAX 90 OR ABOVE:  15    0.10 INCH OR MORE:   3
MIN 32 OR BELOW:   0    0.50 INCH OR MORE:   2
MIN  0 OR BELOW:   0    1.00 INCH OR MORE:   1

[HDD (BASE 65) ]
TOTAL THIS MO.     0    CLEAR  (SCALE 0-3)  10
DPTR FM NORMAL     M    PTCLDY (SCALE 4-7)  11
TOTAL FM JUL 1  1660    CLOUDY (SCALE 8-10)  3
DPTR FM NORMAL     M

[CDD (BASE 65) ]
TOTAL THIS MO.   312
DPTR FM NORMAL     M    [PRESSURE DATA]
TOTAL FM JAN 1   547    HIGHEST SLP M ON M
DPTR FM NORMAL     M    LOWEST  SLP M ON M

[REMARKS]
