943
CXUS56 KLKN 192027
CF6EKO
PRELIMINARY LOCAL CLIMATOLOGICAL DATA (WS FORM: F-6)

                                          STATION:   ELKO AIRPORT NV
                                          MONTH:     APRIL
                                          YEAR:      2018
                                          LATITUDE:   40 49 N
                                          LONGITUDE: 115 47 W

  TEMPERATURE IN F:       :PCPN:    SNOW:  WIND      :SUNSHINE: SKY     :PK WND
================================================================================
1   2   3   4   5  6A  6B    7    8   9   10  11  12  13   14  15   16   17  18
                                     12Z  AVG MX 2MIN
DY MAX MIN AVG DEP HDD CDD  WTR  SNW DPTH SPD SPD DIR MIN PSBL S-S WX    SPD DR
================================================================================

 1  66  29  48   6  17   0 0.00  0.0    0  8.1 25 250   M    M   0        31 260
 2  53  25  39  -3  26   0 0.05    T    0 12.1 32 280   M    M   3 1      43 260
 3  55  17  36  -6  29   0 0.00  0.0    0  3.3 12 220   M    M   2        16 250
 4  60  32  46   3  19   0 0.00  0.0    0  5.8 21 260   M    M   5        27 260
 5  63  39  51   8  14   0    T  0.0    0  7.6 23 260   M    M   8        28 240
 6  51  44  48   5  17   0 0.20  0.0    0  7.6 14 220   M    M  10 1      18 220
 7  64  35  50   7  15   0 0.55  0.0    0 12.5 47 260   M    M   6 1      55 250
 8  56  33  45   2  20   0 0.00  0.0    0 11.3 23 270   M    M   5        33 260
 9  63  28  46   2  19   0 0.00  0.0    0  3.3 12 270   M    M   0        14 280
10  71  37  54  10  11   0    T  0.0    0  7.2 20 270   M    M   4        25 280
11  63  36  50   6  15   0 0.00  0.0    0  7.0 22 280   M    M   3        27 280
12  48  27  38  -6  27   0 0.04  0.5    0 17.1 43 260   M    M   8 18     51 260
13  53  27  40  -4  25   0    T    T    T  8.2 21 270   M    M   1 1      28 270
14  63  27  45   0  20   0 0.00  0.0    0  3.6 17 230   M    M   0        23 260
15  71  40  56  11   9   0 0.00  0.0    0  8.5 24 160   M    M   3 8      34 180
16  53  30  42  -3  23   0 0.03    T    0  7.9 21 270   M    M   8 18     26 260
17  49  26  38  -7  27   0    T    T    0  7.0 23 260   M    M   3        31 270
18  57  22  40  -6  25   0 0.00  0.0    0  6.5 20 170   M    M   3        27 170
================================================================================
SM 1059  554       358   0  0.87     0.5 144.6          M       72
================================================================================
AV 58.8 30.8                               8.0 FASTST   M    M   4    MAX(MPH)
                                 MISC ---->  # 47 260               # 55  250
================================================================================
NOTES:
# LAST OF SEVERAL OCCURRENCES

COLUMN 17 PEAK WIND IN M.P.H.

PRELIMINARY LOCAL CLIMATOLOGICAL DATA (WS FORM: F-6) , PAGE 2

                                          STATION:  ELKO AIRPORT NV
                                          MONTH:    APRIL
                                          YEAR:     2018
                                          LATITUDE:   40 49 N
                                          LONGITUDE: 115 47 W

[TEMPERATURE DATA]      [PRECIPITATION DATA]       SYMBOLS USED IN COLUMN 16

AVERAGE MONTHLY: 44.8   TOTAL FOR MONTH:   0.87    1 = FOG OR MIST
DPTR FM NORMAL:   1.1   DPTR FM NORMAL:    0.29    2 = FOG REDUCING VISIBILITY
HIGHEST:    71 ON 15,10 GRTST 24HR  0.55 ON  7- 7      TO 1/4 MILE OR LESS
LOWEST:     17 ON  3                               3 = THUNDER
                        SNOW, ICE PELLETS, HAIL    4 = ICE PELLETS
                        TOTAL MONTH:   0.5 INCH    5 = HAIL
                        GRTST 24HR   0.5 ON 12-12  6 = FREEZING RAIN OR DRIZZLE
                        GRTST DEPTH:   T           7 = DUSTSTORM OR SANDSTORM:
                                                       VSBY 1/2 MILE OR LESS
                                                   8 = SMOKE OR HAZE
[NO. OF DAYS WITH]      [WEATHER - DAYS WITH]      9 = BLOWING SNOW
                                                   X = TORNADO
MAX 32 OR BELOW:   0    0.01 INCH OR MORE:   5
MAX 90 OR ABOVE:   0    0.10 INCH OR MORE:   2
MIN 32 OR BELOW:  11    0.50 INCH OR MORE:   1
MIN  0 OR BELOW:   0    1.00 INCH OR MORE:   0

[HDD (BASE 65) ]
TOTAL THIS MO.   358    CLEAR  (SCALE 0-3)   8
DPTR FM NORMAL   -24    PTCLDY (SCALE 4-7)   9
TOTAL FM JUL 1  5868    CLOUDY (SCALE 8-10)  1
DPTR FM NORMAL  -491

[CDD (BASE 65) ]
TOTAL THIS MO.     0
DPTR FM NORMAL     0    [PRESSURE DATA]
TOTAL FM JAN 1     0    HIGHEST SLP M ON M
DPTR FM NORMAL     0    LOWEST  SLP 29.49 ON 11

[REMARKS]
