000
CXUS53 KTOP 270800
CF6EMP
PRELIMINARY LOCAL CLIMATOLOGICAL DATA (WS FORM: F-6)

                                          STATION:   Emporia KS
                                          MONTH:     MAY
                                          YEAR:      2018
                                          LATITUDE:   38 19 N
                                          LONGITUDE:  96 12 W

  TEMPERATURE IN F:       :PCPN:    SNOW:  WIND      :SUNSHINE: SKY     :PK WND
================================================================================
1   2   3   4   5  6A  6B    7    8   9   10  11  12  13   14  15   16   17  18
                                     12Z  AVG MX 2MIN
DY MAX MIN AVG DEP HDD CDD  WTR  SNW DPTH SPD SPD DIR MIN PSBL S-S WX    SPD DR
================================================================================

 1  77  64  71  10   0   6 0.00    M    M 21.8 32 200   M    M   6 3      46 190
 2  83  59  71  10   0   6 0.54    M    M 21.6 29 190   M    M   9 3      45 190
 3  81  56  69   7   0   4    T    M    M 12.5 30 190   0    0   0        39 190
 4  78  54  66   4   0   1 0.00    M    M  9.2 22 310   M    M   0 1      32 310
 5  84  54  69   7   0   4 0.00    M    M  7.7 17 290   M    M   1        24 300
 6  87  57  72   9   0   7 0.00    M    M  7.1 22 230   M    M   0        31 230
 7  86  56  71   8   0   6 0.00    M    M  6.2 13 140   M    M   0        17 160
 8  88  64  76  13   0  11 0.00    M    M 14.7 24 200   0    0   0        38 180
 9  87  63  75  11   0  10 0.10    M    M  7.4 18 130   M    M   0 3      25 310
10  85  62  74  10   0   9 0.01    M    M 11.9 23 180   M    M   1        31 170
11  85  65  75  11   0  10 0.00    M    M 18.0 30 190   M    M   1        42 180
12  87  68  78  14   0  13 0.00    M    M 14.8 23 180   M    M   2        33 170
13  89  67  78  13   0  13 0.00    M    M 14.5 23 170   M    M   1        33 170
14  84  62  73   8   0   8 1.85    M    M 10.5 25 150   M    M   2 13     35 140
15  80  60  70   5   0   5    T    M    M  4.4 14  20   M    M   5        19  10
16  81  58  70   4   0   5 0.00    M    M  3.6 20  50   M    M   1 1      27  30
17  84  55  70   4   0   5 0.00    M    M  4.9 20 100   M    M   0 1      27 110
18  79  55  67   1   0   2 0.02    M    M  7.6 21  80   M    M   2        25  80
19  81  63  72   6   0   7 0.36    M    M  8.4 23 190   M    M   5 1      36 190
20  68  57  63  -4   2   0 0.19    M    M  5.4 12 320   M    M   9 1      16 320
21  77  56  67   0   0   2 0.00    M    M  5.0 10 340   M    M   4 1      16 320
22  84  59  72   5   0   7 0.00    M    M  7.2 15 140   M    M   1        20 140
23  86  64  75   7   0  10 0.00    M    M  6.2 15 220   M    M   0 1      20 200
24  84  65  75   7   0  10 0.34    M    M  9.2 30 220   M    M   5 13     42 220
25  85  66  76   8   0  11 0.07    M    M  7.1 17 290   M    M   2 8      28 290
26  90  64  77   9   0  12 0.00    M    M  7.0 13 170   M    M   0        20 180
================================================================================
SM 2160 1573         2 184  3.48    M    253.9            0     57
================================================================================
AV 83.1 60.5                               9.8 FASTST    0   0   2    MAX(MPH)
                                 MISC ---->  # 32 200               # 46  190
================================================================================
NOTES:
# LAST OF SEVERAL OCCURRENCES

COLUMN 17 PEAK WIND IN M.P.H.

PRELIMINARY LOCAL CLIMATOLOGICAL DATA (WS FORM: F-6) , PAGE 2

                                          STATION:  Emporia KS
                                          MONTH:    MAY
                                          YEAR:     2018
                                          LATITUDE:   38 19 N
                                          LONGITUDE:  96 12 W

[TEMPERATURE DATA]      [PRECIPITATION DATA]       SYMBOLS USED IN COLUMN 16

AVERAGE MONTHLY: 71.8   TOTAL FOR MONTH:   3.48    1 = FOG OR MIST
DPTR FM NORMAL:   7.0   DPTR FM NORMAL:   -0.53    2 = FOG REDUCING VISIBILITY
HIGHEST:    90 ON 26    GRTST 24HR  1.85 ON 14-14      TO 1/4 MILE OR LESS
LOWEST:     54 ON  5, 4                            3 = THUNDER
                        SNOW, ICE PELLETS, HAIL    4 = ICE PELLETS
                        TOTAL MONTH:    M          5 = HAIL
                        GRTST 24HR    M  ON   M    6 = FREEZING RAIN OR DRIZZLE
                        GRTST DEPTH:  M  ON   M    7 = DUSTSTORM OR SANDSTORM:
                                                       VSBY 1/2 MILE OR LESS
                                                   8 = SMOKE OR HAZE
[NO. OF DAYS WITH]      [WEATHER - DAYS WITH]      9 = BLOWING SNOW
                                                   X = TORNADO
MAX 32 OR BELOW:   0    0.01 INCH OR MORE:   9
MAX 90 OR ABOVE:   1    0.10 INCH OR MORE:   6
MIN 32 OR BELOW:   0    0.50 INCH OR MORE:   2
MIN  0 OR BELOW:   0    1.00 INCH OR MORE:   1

[HDD (BASE 65) ]
TOTAL THIS MO.     2    CLEAR  (SCALE 0-3)  19
DPTR FM NORMAL   -75    PTCLDY (SCALE 4-7)   5
TOTAL FM JUL 1  4812    CLOUDY (SCALE 8-10)  2
DPTR FM NORMAL     6

[CDD (BASE 65) ]
TOTAL THIS MO.   184
DPTR FM NORMAL   114    [PRESSURE DATA]
TOTAL FM JAN 1   192    HIGHEST SLP  0.00 ON M
DPTR FM NORMAL    99    LOWEST  SLP 29.63 ON 11

[REMARKS]
