000
CXUS53 KFGF 230815
CF6FAR
PRELIMINARY LOCAL CLIMATOLOGICAL DATA (WS FORM: F-6)
STATION: FARGO HECTOR INTL AP ND
MONTH: APRIL
YEAR: 2024
LATITUDE: 46 54 N
LONGITUDE: 96 48 W
TEMPERATURE IN F: :PCPN: SNOW: WIND :SUNSHINE: SKY :PK WND
================================================================================
1 2 3 4 5 6A 6B 7 8 9 10 11 12 13 14 15 16 17 18
12Z AVG MX 2MIN
DY MAX MIN AVG DEP HDD CDD WTR SNW DPTH SPD SPD DIR MIN PSBL S-S WX SPD DR
================================================================================
1 52 28 40 4 25 0 0.00 0.0 0 4.1 12 20 M M 4 14 10
2 52 27 40 4 25 0 T 0.0 0 15.3 32 350 M M 6 41 350
3 55 28 42 5 23 0 0.00 0.0 0 16.6 30 350 M M 4 18 38 350
4 59 22 41 3 24 0 0.00 0.0 0 8.8 16 10 M M 0 25 30
5 65 25 45 7 20 0 0.00 0.0 0 9.4 21 130 M M 0 28 130
6 66 40 53 15 12 0 0.00 0.0 0 20.2 33 110 M M 0 50 120
7 50 42 46 7 19 0 0.61 0.0 0 12.9 25 120 M M 8 1 35 100
8 48 40 44 4 21 0 0.04 0.0 0 7.4 14 30 M M 9 1 18 70
9 65 34 50 10 15 0 0.00 0.0 0 8.0 18 260 M M 5 26 260
10 69 39 54 14 11 0 0.05 0.0 0 11.6 32 310 M M 3 41 300
11 63 40 52 11 13 0 0.02 0.0 0 14.6 31 340 M M 4 40 350
12 63 31 47 6 18 0 0.00 0.0 0 6.0 14 150 M M 1 18 170
13 81 48 65 23 0 0 0.00 0.0 0 10.5 24 170 M M 0 36 170
14 74 40 57 15 8 0 0.00 0.0 0 10.4 22 300 M M 1 32 290
15 64 44 54 11 11 0 0.01 0.0 0 10.6 22 110 M M 5 27 100
16 60 44 52 9 13 0 0.40 0.0 0 17.3 29 120 M M 9 1 41 110
17 57 41 49 5 16 0 0.49 0.0 0 13.7 25 300 M M 9 1 34 310
18 45 34 40 -4 25 0 T T 0 18.9 33 270 M M 7 44 280
19 39 31 35 -10 30 0 T T 0 18.0 30 290 M M 10 8 40 280
20 55 29 42 -3 23 0 0.00 0.0 0 13.6 23 290 M M 2 29 290
21 66 29 48 2 17 0 0.00 0.0 0 9.9 17 240 M M 0 25 310
22 M M M M M M M M M M M M M M M M M
================================================================================
SM 1248 736 369 0 1.62 T 257.8 M 87
================================================================================
AV 59.4 35.0 12.3 FASTST M M 4 MAX(MPH)
MISC ----> # 33 110 50 120
================================================================================
NOTES:
# LAST OF SEVERAL OCCURRENCES
COLUMN 17 PEAK WIND IN M.P.H.
PRELIMINARY LOCAL CLIMATOLOGICAL DATA (WS FORM: F-6) , PAGE 2
STATION: FARGO HECTOR INTL AP ND
MONTH: APRIL
YEAR: 2024
LATITUDE: 46 54 N
LONGITUDE: 96 48 W
[TEMPERATURE DATA] [PRECIPITATION DATA] SYMBOLS USED IN COLUMN 16
AVERAGE MONTHLY: 47.2 TOTAL FOR MONTH: 1.62 1 = FOG OR MIST
DPTR FM NORMAL: 6.1 DPTR FM NORMAL: 0.60 2 = FOG REDUCING VISIBILITY
HIGHEST: 81 ON 13 GRTST 24HR 0.89 ON 16-17 TO 1/4 MILE OR LESS
LOWEST: 22 ON 4 3 = THUNDER
SNOW, ICE PELLETS, HAIL 4 = ICE PELLETS
TOTAL MONTH: 0.2 INCH 5 = HAIL
GRTST 24HR T ON 18-18 6 = FREEZING RAIN OR DRIZZLE
GRTST DEPTH: T 7 = DUSTSTORM OR SANDSTORM:
VSBY 1/2 MILE OR LESS
8 = SMOKE OR HAZE
[NO. OF DAYS WITH] [WEATHER - DAYS WITH] 9 = BLOWING SNOW
X = TORNADO
MAX 32 OR BELOW: 0 0.01 INCH OR MORE: 7
MAX 90 OR ABOVE: 0 0.10 INCH OR MORE: 3
MIN 32 OR BELOW: 9 0.50 INCH OR MORE: 1
MIN 0 OR BELOW: 0 1.00 INCH OR MORE: 0
[HDD (BASE 65) ]
TOTAL THIS MO. 369 CLEAR (SCALE 0-3) 9
DPTR FM NORMAL -157 PTCLDY (SCALE 4-7) 8
TOTAL FM JUL 1 6374 CLOUDY (SCALE 8-10) 4
DPTR FM NORMAL -1947
[CDD (BASE 65) ]
TOTAL THIS MO. 0
DPTR FM NORMAL 0 [PRESSURE DATA]
TOTAL FM JAN 1 0 HIGHEST SLP M ON M
DPTR FM NORMAL 0 LOWEST SLP 29.54 ON 16
[REMARKS]