714
CXUS54 KMAF 241100
CF6FST
PRELIMINARY LOCAL CLIMATOLOGICAL DATA (WS FORM: F-6)

                                          STATION:   Fort Stockton
                                          MONTH:     APRIL
                                          YEAR:      2018
                                          LATITUDE:   30 55 N
                                          LONGITUDE: 102 55 W

  TEMPERATURE IN F:       :PCPN:    SNOW:  WIND      :SUNSHINE: SKY     :PK WND
================================================================================
1   2   3   4   5  6A  6B    7    8   9   10  11  12  13   14  15   16   17  18
                                     12Z  AVG MX 2MIN
DY MAX MIN AVG DEP HDD CDD  WTR  SNW DPTH SPD SPD DIR MIN PSBL S-S WX    SPD DR
================================================================================

 1  90  54  72   8   0   7 0.00  0.0    0  9.5 20 110   M    M   0        27 130
 2  90  47  69   5   0   4 0.00  0.0    0  7.5 22 150   M    M   1        27 150
 3  87  54  71   7   0   6 0.00  0.0    0 15.3 29  50   M    M   1 8      37  50
 4  72  39  56  -9   9   0 0.00  0.0    0 14.3 22 160   M    M   0        30 120
 5  89  50  70   5   0   5 0.00  0.0    0 10.7 20 170   M    M   0        26 150
 6  87  52  70   5   0   5 0.00  0.0    0 15.3 31 300   M    M   0 8      39 280
 7  60  37  49 -17  16   0 0.00  0.0    0 11.1 22  10   M    M   3        27  50
 8  95  44  70   4   0   5 0.00  0.0    0 14.0 29 300   M    M   0        38 320
 9  75  47  61  -5   4   0 0.00  0.0    0 10.4 17 110   M    M   0        23  90
10  77  44  61  -5   4   0 0.00  0.0    0 11.2 21 120   M    M   0        28 160
11  96  53  75   8   0  10 0.00  0.0    0 13.4 28 140   M    M   0        35 150
12  97  63  80  13   0  15 0.00  0.0    0 13.8 29 230   M    M   0        39 240
13  83  51  67   0   0   2 0.00  0.0    0 18.7 41 300   M    M   2 8      55 280
14  67  40  54 -13  11   0 0.00  0.0    0  7.2 21 320   M    M   0        25  40
15  79  41  60  -8   5   0 0.00  0.0    0  8.3 20 150   M    M   0        27 140
16  93  53  73   5   0   8 0.00  0.0    0 15.5 25 160   M    M   0        35 160
17  97  58  78  10   0  13 0.00  0.0    0 12.6 26 270   M    M   0        35 270
18  76  57  67  -1   0   2 0.00  0.0    0 10.3 20  20   M    M   1        26  30
19  75  53  64  -5   1   0 0.00  0.0    0 18.8 32 120   M    M   1        42 110
20  78  56  67  -2   0   2 0.14  0.0    0 21.5 35 150   M    M   0 3      45 140
21  78  50  64  -5   1   0 0.00  0.0    0 13.1 26 320   M    M   1        33 320
22  73  44  59 -10   6   0 0.00  0.0    0  4.4 10  80   M    M   0        14  50
23  87  52  70   0   0   5 0.00  0.0    0  8.5 18 160   M    M   0        24 150
================================================================================
SM 1901 1139        57  89  0.14     0.0 285.4          M       10
================================================================================
AV 82.7 49.5                              12.4 FASTST   M    M   0    MAX(MPH)
                                 MISC ---->  # 41 300               # 55  280
================================================================================
NOTES:
# LAST OF SEVERAL OCCURRENCES

COLUMN 17 PEAK WIND IN M.P.H.

PRELIMINARY LOCAL CLIMATOLOGICAL DATA (WS FORM: F-6) , PAGE 2

                                          STATION:  Fort Stockton
                                          MONTH:    APRIL
                                          YEAR:     2018
                                          LATITUDE:   30 55 N
                                          LONGITUDE: 102 55 W

[TEMPERATURE DATA]      [PRECIPITATION DATA]       SYMBOLS USED IN COLUMN 16

AVERAGE MONTHLY: 66.1   TOTAL FOR MONTH:   0.14    1 = FOG OR MIST
DPTR FM NORMAL:  -0.7   DPTR FM NORMAL:   -0.51    2 = FOG REDUCING VISIBILITY
HIGHEST:    97 ON 17,12 GRTST 24HR  0.14 ON 20-20      TO 1/4 MILE OR LESS
LOWEST:     37 ON  7                               3 = THUNDER
                        SNOW, ICE PELLETS, HAIL    4 = ICE PELLETS
                        TOTAL MONTH:   0.0 INCH    5 = HAIL
                        GRTST 24HR     0.0         6 = FREEZING RAIN OR DRIZZLE
                        GRTST DEPTH:   0           7 = DUSTSTORM OR SANDSTORM:
                                                       VSBY 1/2 MILE OR LESS
                                                   8 = SMOKE OR HAZE
[NO. OF DAYS WITH]      [WEATHER - DAYS WITH]      9 = BLOWING SNOW
                                                   X = TORNADO
MAX 32 OR BELOW:   0    0.01 INCH OR MORE:   1
MAX 90 OR ABOVE:   7    0.10 INCH OR MORE:   1
MIN 32 OR BELOW:   0    0.50 INCH OR MORE:   0
MIN  0 OR BELOW:   0    1.00 INCH OR MORE:   0

[HDD (BASE 65) ]
TOTAL THIS MO.    57    CLEAR  (SCALE 0-3)  22
DPTR FM NORMAL    -3    PTCLDY (SCALE 4-7)   1
TOTAL FM JUL 1  1806    CLOUDY (SCALE 8-10)  0
DPTR FM NORMAL  -120

[CDD (BASE 65) ]
TOTAL THIS MO.    89
DPTR FM NORMAL   -13    [PRESSURE DATA]
TOTAL FM JAN 1   175    HIGHEST SLP M ON M
DPTR FM NORMAL    24    LOWEST  SLP 29.48 ON 12

[REMARKS]
