000
CXUS54 KMAF 211100
CF6GDP
PRELIMINARY LOCAL CLIMATOLOGICAL DATA (WS FORM: F-6)

                                          STATION:   Guadalupe Pass
                                          MONTH:     MAY
                                          YEAR:      2018
                                          LATITUDE:   31 49 N
                                          LONGITUDE: 104 48 W

  TEMPERATURE IN F:       :PCPN:    SNOW:  WIND      :SUNSHINE: SKY     :PK WND
================================================================================
1   2   3   4   5  6A  6B    7    8   9   10  11  12  13   14  15   16   17  18
                                     12Z  AVG MX 2MIN
DY MAX MIN AVG DEP HDD CDD  WTR  SNW DPTH SPD SPD DIR MIN PSBL S-S WX    SPD DR
================================================================================

 1  78  56  67   3   0   2 0.00  0.0    0 25.6 49 240   M    M   0        56 250
 2  77  57  67   2   0   2    T  0.0    0 31.2 69 240   M    M   2 8      85 240
 3  75  48  62  -3   3   0 0.00  0.0    0 24.5 51 250   M    M   0        58 260
 4  72  52  62  -3   3   0 0.00  0.0    0 20.8 37  70   M    M   2 8      41  70
 5  80  56  68   2   0   3 0.00  0.0    0 11.5 22  80   M    M   0        24  60
 6  86  61  74   8   0   9 0.00  0.0    0 11.5 24  80   M    M   0        29  70
 7  93  64  79  13   0  14 0.00  0.0    0 11.7 23  50   M    M   0        31 230
 8  95  69  82  15   0  17 0.00  0.0    0 16.1 31 230   M    M   0        39 240
 9  98  69  84  17   0  19 0.00  0.0    0 11.2 20 240   M    M   0        27 280
10  99  69  84  17   0  19 0.00  0.0    0 15.9 33 240   M    M   0        42 250
11  92  69  81  13   0  16 0.00  0.0    0 22.6 51 250   M    M   0        59 230
12  90  65  78  10   0  13 0.00  0.0    0 17.0 40 240   M    M   0        50 240
13  89  64  77   9   0  12 0.00  0.0    0 17.2 37 240   M    M   0        44 250
14  90  63  77   8   0  12 0.00  0.0    0 13.8 23 240   M    M   0        39 230
15  92  66  79  10   0  14 0.00  0.0    M 15.5 31 250   M    M   0        38 240
16  96  67  82  12   0  17 0.00  0.0    0 10.1 22 230   M    M   0        32 230
17  95  68  82  12   0  17 0.00  0.0    0 18.9 39 240   M    M   0        46 250
18  88  64  76   6   0  11 0.00  0.0    0 21.6 46 240   M    M   0        53 240
19  89  63  76   6   0  11 0.00  0.0    0 13.1 35 240   M    M   0        42 250
20  74  58  66  -5   0   1 0.00  0.0    0 28.7 48  40   M    M   2 8      54  40
================================================================================
SM 1748 1248         6 209    T      0.0 358.5          M        6
================================================================================
AV 87.4 62.4                              17.9 FASTST   M    M   0    MAX(MPH)
                                 MISC ---->  # 69 240               # 85  240
================================================================================
NOTES:
# LAST OF SEVERAL OCCURRENCES

COLUMN 17 PEAK WIND IN M.P.H.

PRELIMINARY LOCAL CLIMATOLOGICAL DATA (WS FORM: F-6) , PAGE 2

                                          STATION:  Guadalupe Pass
                                          MONTH:    MAY
                                          YEAR:     2018
                                          LATITUDE:   31 49 N
                                          LONGITUDE: 104 48 W

[TEMPERATURE DATA]      [PRECIPITATION DATA]       SYMBOLS USED IN COLUMN 16

AVERAGE MONTHLY: 74.9   TOTAL FOR MONTH:      T    1 = FOG OR MIST
DPTR FM NORMAL:   7.3   DPTR FM NORMAL:   -0.57    2 = FOG REDUCING VISIBILITY
HIGHEST:    99 ON 10    GRTST 24HR    T  ON  2- 2      TO 1/4 MILE OR LESS
LOWEST:     48 ON  3                               3 = THUNDER
                        SNOW, ICE PELLETS, HAIL    4 = ICE PELLETS
                        TOTAL MONTH:   0.0 INCH    5 = HAIL
                        GRTST 24HR     0.0         6 = FREEZING RAIN OR DRIZZLE
                        GRTST DEPTH:   0           7 = DUSTSTORM OR SANDSTORM:
                                                       VSBY 1/2 MILE OR LESS
                                                   8 = SMOKE OR HAZE
[NO. OF DAYS WITH]      [WEATHER - DAYS WITH]      9 = BLOWING SNOW
                                                   X = TORNADO
MAX 32 OR BELOW:   0    0.01 INCH OR MORE:   0
MAX 90 OR ABOVE:  10    0.10 INCH OR MORE:   0
MIN 32 OR BELOW:   0    0.50 INCH OR MORE:   0
MIN  0 OR BELOW:   0    1.00 INCH OR MORE:   0

[HDD (BASE 65) ]
TOTAL THIS MO.     6    CLEAR  (SCALE 0-3)  20
DPTR FM NORMAL   -31    PTCLDY (SCALE 4-7)   0
TOTAL FM JUL 1  2335    CLOUDY (SCALE 8-10)  0
DPTR FM NORMAL  -942

[CDD (BASE 65) ]
TOTAL THIS MO.   209
DPTR FM NORMAL   119    [PRESSURE DATA]
TOTAL FM JAN 1   291    HIGHEST SLP M ON M
DPTR FM NORMAL   159    LOWEST  SLP 29.56 ON 18

[REMARKS]
