000
CXUS55 KMSO 210900
CF6GPI
PRELIMINARY LOCAL CLIMATOLOGICAL DATA (WS FORM: F-6)

                                          STATION:   KALISPELL MT
                                          MONTH:     MAY
                                          YEAR:      2018
                                          LATITUDE:   48 17 N
                                          LONGITUDE: 114 16 W

  TEMPERATURE IN F:       :PCPN:    SNOW:  WIND      :SUNSHINE: SKY     :PK WND
================================================================================
1   2   3   4   5  6A  6B    7    8   9   10  11  12  13   14  15   16   17  18
                                     12Z  AVG MX 2MIN
DY MAX MIN AVG DEP HDD CDD  WTR  SNW DPTH SPD SPD DIR MIN PSBL S-S WX    SPD DR
================================================================================

 1  59  38  49   2  16   0 0.02  0.0    0  3.8 20  70   M    M   8 1      23  70
 2  60  37  49   1  16   0 0.00  0.0    0  6.8 15 170   M    M   7        20 130
 3  73  31  52   4  13   0 0.00  0.0    0  5.7 21 160   M    M   1 18     26 160
 4  77  36  57   9   8   0 0.00  0.0    0  5.6 20 240   M    M   1        29 220
 5  71  39  55   6  10   0 0.03  0.0    0  4.1 15  50   M    M   5 1      17  50
 6  79  44  62  13   3   0 0.00  0.0    0  8.1 31 150   M    M   2 38     39 140
 7  63  52  58   9   7   0 0.00  0.0    0  7.5 17 170   M    M   7        23 160
 8  72  50  61  11   4   0 0.02  0.0    0  5.5 12 170   M    M   5         M  M
 9  64  50  57   7   8   0 0.26  0.0    0  6.3 15  40   M    M   6 13     17  30
10  61  46  54   4  11   0 0.12  0.0    0  7.0 21 170   M    M   7 123    24 170
11  60  35  48  -2  17   0 0.04  0.0    0  5.7 20  20   M    M   6        24  10
12  74  31  53   2  12   0 0.00  0.0    0  4.6 17  30   M    M   0 1      21  30
13  78  38  58   7   7   0 0.00  0.0    0  5.0 18  50   M    M   3        23 360
14  78  39  59   8   6   0 0.00  0.0    0  6.2 15 160   M    M   0        19  40
15  81  42  62  10   3   0 0.00  0.0    0  5.4 16  40   M    M   0        19  50
16  76  45  61   9   4   0    T  0.0    0  6.8 17 150   M    M   3 3      23 170
17  60  47  54   2  11   0 0.16  0.0    0  8.5 22  20   M    M   8 1      28  30
18  61  47  54   2  11   0    T  0.0    0 14.8 24  40   M    M   7        30  30
19  69  42  56   3   9   0 0.00  0.0    0  3.2 13  40   M    M   6        16  50
20  76  39  58   5   7   0 0.00  0.0    0  5.3 15  40   M    M   2        18  50
================================================================================
SM 1392  828       183   0  0.65     0.0 125.9          M       84
================================================================================
AV 69.6 41.4                               6.3 FASTST   M    M   4    MAX(MPH)
                                 MISC ---->  # 31 150               # 39  140
================================================================================
NOTES:
# LAST OF SEVERAL OCCURRENCES

COLUMN 17 PEAK WIND IN M.P.H.

PRELIMINARY LOCAL CLIMATOLOGICAL DATA (WS FORM: F-6) , PAGE 2

                                          STATION:  KALISPELL MT
                                          MONTH:    MAY
                                          YEAR:     2018
                                          LATITUDE:   48 17 N
                                          LONGITUDE: 114 16 W

[TEMPERATURE DATA]      [PRECIPITATION DATA]       SYMBOLS USED IN COLUMN 16

AVERAGE MONTHLY: 55.5   TOTAL FOR MONTH:   0.65    1 = FOG OR MIST
DPTR FM NORMAL:   5.2   DPTR FM NORMAL:   -0.47    2 = FOG REDUCING VISIBILITY
HIGHEST:    81 ON 15    GRTST 24HR  0.26 ON  9- 9      TO 1/4 MILE OR LESS
LOWEST:     31 ON 12, 3                            3 = THUNDER
                        SNOW, ICE PELLETS, HAIL    4 = ICE PELLETS
                        TOTAL MONTH:   0.0 INCH    5 = HAIL
                        GRTST 24HR     0.0         6 = FREEZING RAIN OR DRIZZLE
                        GRTST DEPTH:   0           7 = DUSTSTORM OR SANDSTORM:
                                                       VSBY 1/2 MILE OR LESS
                                                   8 = SMOKE OR HAZE
[NO. OF DAYS WITH]      [WEATHER - DAYS WITH]      9 = BLOWING SNOW
                                                   X = TORNADO
MAX 32 OR BELOW:   0    0.01 INCH OR MORE:   7
MAX 90 OR ABOVE:   0    0.10 INCH OR MORE:   3
MIN 32 OR BELOW:   2    0.50 INCH OR MORE:   0
MIN  0 OR BELOW:   0    1.00 INCH OR MORE:   0

[HDD (BASE 65) ]
TOTAL THIS MO.   183    CLEAR  (SCALE 0-3)   8
DPTR FM NORMAL  -112    PTCLDY (SCALE 4-7)  11
TOTAL FM JUL 1  7538    CLOUDY (SCALE 8-10)  1
DPTR FM NORMAL  -168

[CDD (BASE 65) ]
TOTAL THIS MO.     0
DPTR FM NORMAL     0    [PRESSURE DATA]
TOTAL FM JAN 1     0    HIGHEST SLP M ON M
DPTR FM NORMAL     0    LOWEST  SLP 29.80 ON M

[REMARKS]
