240
CXUS53 KGRB 270646
CF6GRB
PRELIMINARY LOCAL CLIMATOLOGICAL DATA (WS FORM: F-6)

                                          STATION:   GREEN BAY WI
                                          MONTH:     MAY
                                          YEAR:      2018
                                          LATITUDE:   44 28 N
                                          LONGITUDE:  88  8 W

  TEMPERATURE IN F:       :PCPN:    SNOW:  WIND      :SUNSHINE: SKY     :PK WND
================================================================================
1   2   3   4   5  6A  6B    7    8   9   10  11  12  13   14  15   16   17  18
                                     12Z  AVG MX 2MIN
DY MAX MIN AVG DEP HDD CDD  WTR  SNW DPTH SPD SPD DIR MIN PSBL S-S WX    SPD DR
================================================================================

 1  78  60  69  19   0   4 0.47  0.0    0 14.3 28 210   M    M   2 13     37 200
 2  72  49  61  11   4   0 0.55  0.0    0  9.2 22  50   M    M   7 1      26  50
 3  63  43  53   2  12   0 0.56  0.0    0  8.0 15  30   M    M   8 1      19  30
 4  74  46  60   9   5   0 0.83  0.0    0 10.4 22  20   M    M   6 1      27  30
 5  72  48  60   9   5   0    T  0.0    0  7.4 18  30   M    M   2        26  30
 6  65  48  57   5   8   0 0.17  0.0    0  7.5 16 260   M    M   3 1      19 130
 7  74  44  59   7   6   0 0.00  0.0    0  8.1 18 150   M    M   1        24 200
 8  82  52  67  15   0   2 0.00  0.0    0  8.8 16  40   M    M   1        31  40
 9  61  49  55   2  10   0 0.63  0.0    0 10.0 28 150   M    M   9 1      36 140
10  67  39  53   0  12   0 0.00  0.0    0 11.2 18 100   M    M   5        22 110
11  44  39  42 -11  23   0 0.11    T    0  8.9 14  60   M    M   7        19  70
12  57  38  48  -6  17   0    T    M    0  7.4 16  50   M    M   2        20  20
13  68  41  55   1  10   0 0.00  0.0    0  4.6 15 210   M    M   1        22 200
14  76  54  65  11   0   0 0.06  0.0    0  5.8 15 210   M    M   5 1      20 200
15  67  48  58   3   7   0 0.03    M    0 10.4 25  50   M    M   2 1      30  50
16  82  45  64   9   1   0 0.00  0.0    0  7.2 25  60   M    M   0        36 340
17  62  50  56   1   9   0 0.00  0.0    0 15.6 28  40   M    M   1        34  40
18  67  47  57   1   8   0 0.00  0.0    0 10.2 20  40   M    M   0        24  40
19  71  49  60   4   5   0 0.01  0.0    0  7.2 20  40   M    M   8 1      24  50
20  63  42  53  -3  12   0 0.01  0.0    0 10.1 20  30   M    M   3        24  50
21  62  38  50  -7  15   0 0.10  0.0    0  6.6 15 110   M    M   6 1      20 130
22  76  51  64   7   1   0    T  0.0    0  4.1 12 200   M    M   6 1      16 280
23  80  55  68  11   0   3 0.00  0.0    0  5.8 12 180   M    M   0 8      16 210
24  85  55  70  12   0   5 0.00  0.0    0  7.6 15 200   M    M   1        22 200
25  89  66  78  20   0  13 0.00  0.0    0  9.2 23 260   M    M   0        29 250
26  92  62  77  19   0  12 0.02  0.0    0  6.7 22  20   M    M   1 8      25  20
================================================================================
SM 1849 1258       170  39  3.55    T    222.3          M       87
================================================================================
AV 71.1 48.4                               8.6 FASTST   M    M   3    MAX(MPH)
                                 MISC ---->  # 28 210               # 37  200
================================================================================
NOTES:
# LAST OF SEVERAL OCCURRENCES

COLUMN 17 PEAK WIND IN M.P.H.

PRELIMINARY LOCAL CLIMATOLOGICAL DATA (WS FORM: F-6) , PAGE 2

                                          STATION:  GREEN BAY WI
                                          MONTH:    MAY
                                          YEAR:     2018
                                          LATITUDE:   44 28 N
                                          LONGITUDE:  88  8 W

[TEMPERATURE DATA]      [PRECIPITATION DATA]       SYMBOLS USED IN COLUMN 16

AVERAGE MONTHLY: 59.8   TOTAL FOR MONTH:   3.55    1 = FOG OR MIST
DPTR FM NORMAL:   5.6   DPTR FM NORMAL:    1.19    2 = FOG REDUCING VISIBILITY
HIGHEST:    92 ON 26    GRTST 24HR  0.83 ON  4- 4      TO 1/4 MILE OR LESS
LOWEST:     38 ON 21,12                            3 = THUNDER
                        SNOW, ICE PELLETS, HAIL    4 = ICE PELLETS
                        TOTAL MONTH:    T          5 = HAIL
                        GRTST 24HR    T  ON 11-11  6 = FREEZING RAIN OR DRIZZLE
                        GRTST DEPTH:   0           7 = DUSTSTORM OR SANDSTORM:
                                                       VSBY 1/2 MILE OR LESS
                                                   8 = SMOKE OR HAZE
[NO. OF DAYS WITH]      [WEATHER - DAYS WITH]      9 = BLOWING SNOW
                                                   X = TORNADO
MAX 32 OR BELOW:   0    0.01 INCH OR MORE:  13
MAX 90 OR ABOVE:   1    0.10 INCH OR MORE:   8
MIN 32 OR BELOW:   0    0.50 INCH OR MORE:   4
MIN  0 OR BELOW:   0    1.00 INCH OR MORE:   0

[HDD (BASE 65) ]
TOTAL THIS MO.   170    CLEAR  (SCALE 0-3)  16
DPTR FM NORMAL  -122    PTCLDY (SCALE 4-7)   8
TOTAL FM JUL 1  7542    CLOUDY (SCALE 8-10)  2
DPTR FM NORMAL  -287

[CDD (BASE 65) ]
TOTAL THIS MO.    39
DPTR FM NORMAL    30    [PRESSURE DATA]
TOTAL FM JAN 1    39    HIGHEST SLP M ON M
DPTR FM NORMAL    28    LOWEST  SLP 29.58 ON  4

[REMARKS]
