723
CXUS53 KGRR 251017
CF6LAN
PRELIMINARY LOCAL CLIMATOLOGICAL DATA (WS FORM: F-6)

                                          STATION:   LANSING
                                          MONTH:     APRIL
                                          YEAR:      2018
                                          LATITUDE:   42 46 N
                                          LONGITUDE:  84 36 W

  TEMPERATURE IN F:       :PCPN:    SNOW:  WIND      :SUNSHINE: SKY     :PK WND
================================================================================
1   2   3   4   5  6A  6B    7    8   9   10  11  12  13   14  15   16   17  18
                                     12Z  AVG MX 2MIN
DY MAX MIN AVG DEP HDD CDD  WTR  SNW DPTH SPD SPD DIR MIN PSBL S-S WX    SPD DR
================================================================================

 1  37  22  30 -12  35   0    T    T    0 11.2 22 250   M    M   5        27 260
 2  43  19  31 -11  34   0 0.00  0.0    0  5.3 14 230   M    M   1        21 190
 3  39  32  36  -6  29   0 0.60  0.0    0 10.9 21  60   M    M  10 138    27  50
 4  33  26  30 -13  35   0 0.09  1.0    1 15.5 32 290   M    M   9 18     41 270
 5  41  25  33 -10  32   0 0.00  0.0    0  9.1 30 330   M    M   3        31 330
 6  40  23  32 -12  33   0 0.05  0.6    T 13.7 33 270   M    M   7 18     41 270
 7  32  19  26 -18  39   0    T    T    0 10.1 22 250   M    M   5        26 300
 8  39  16  28 -17  37   0 0.00  0.0    0  4.7  M   M   M    M   1         M  M
 9  41  30  36  -9  29   0 0.04    T    T  5.4 17 330   M    M   9 18     22 310
10  45  24  35 -10  30   0 0.00  0.0    0  8.7 20 250   M    M   4        24 260
11  56  35  46   0  19   0    T    T    0 11.6 24 270   M    M   8 1      31 250
12  69  43  56  10   9   0 0.16  0.0    0 14.6 32 270   M    M   8 1      41 280
13  58  37  48   1  17   0 0.04  0.0    0 11.8 21  40   M    M   9 1      27  30
14  38  28  33 -14  32   0 1.15    T    0 18.8 28  60   M    M   9 1      37  60
15  33  29  31 -16  34   0 0.81  0.3    T 10.8 25  80   M    M  10 16     33  60
16  37  30  34 -14  31   0 0.02    T    T 12.6 23 280   M    M  10 12     28 270
17  36  26  31 -17  34   0 0.03  0.8    1 13.7 25 270   M    M   9 1      35 270
18  44  29  37 -11  28   0 0.01    T    0  7.2 23  60   M    M  10 14     28  50
19  54  30  42  -7  23   0    T    T    0 11.3 23 320   M    M   1 1      31 310
20  58  30  44  -5  21   0 0.00  0.0    0  5.3 14 310   M    M   0        20 310
21  59  35  47  -3  18   0 0.00  0.0    0  4.0 12 200   M    M   0        14 190
22  64  32  48  -2  17   0 0.00  0.0    0  6.1 16 100   M    M   0        22 100
23  73  36  55   5  10   0 0.00  0.0    0  8.6 18 170   M    M   1        25 170
24  63  51  57   6   8   0 0.07  0.0    0  6.7 17 130   M    M  10 18     22 130
================================================================================
SM 1132  707       634   0  3.07     2.7 237.7          M      139
================================================================================
AV 47.2 29.5                               9.9 FASTST   M    M   6    MAX(MPH)
                                 MISC ---->  # 33 270               # 41  270
================================================================================
NOTES:
# LAST OF SEVERAL OCCURRENCES

COLUMN 17 PEAK WIND IN M.P.H.

PRELIMINARY LOCAL CLIMATOLOGICAL DATA (WS FORM: F-6) , PAGE 2

                                          STATION:  LANSING
                                          MONTH:    APRIL
                                          YEAR:     2018
                                          LATITUDE:   42 46 N
                                          LONGITUDE:  84 36 W

[TEMPERATURE DATA]      [PRECIPITATION DATA]       SYMBOLS USED IN COLUMN 16

AVERAGE MONTHLY: 38.3   TOTAL FOR MONTH:   3.07    1 = FOG OR MIST
DPTR FM NORMAL:  -8.0   DPTR FM NORMAL:    0.64    2 = FOG REDUCING VISIBILITY
HIGHEST:    73 ON 23    GRTST 24HR  1.15 ON 14-14      TO 1/4 MILE OR LESS
LOWEST:     16 ON  8                               3 = THUNDER
                        SNOW, ICE PELLETS, HAIL    4 = ICE PELLETS
                        TOTAL MONTH:   2.7 INCHES  5 = HAIL
                        GRTST 24HR   1.0 ON  4- 4  6 = FREEZING RAIN OR DRIZZLE
                        GRTST DEPTH:   1 ON 17, 4  7 = DUSTSTORM OR SANDSTORM:
                                                       VSBY 1/2 MILE OR LESS
                                                   8 = SMOKE OR HAZE
[NO. OF DAYS WITH]      [WEATHER - DAYS WITH]      9 = BLOWING SNOW
                                                   X = TORNADO
MAX 32 OR BELOW:   1    0.01 INCH OR MORE:  12
MAX 90 OR ABOVE:   0    0.10 INCH OR MORE:   4
MIN 32 OR BELOW:  18    0.50 INCH OR MORE:   3
MIN  0 OR BELOW:   0    1.00 INCH OR MORE:   1

[HDD (BASE 65) ]
TOTAL THIS MO.   634    CLEAR  (SCALE 0-3)   7
DPTR FM NORMAL   181    PTCLDY (SCALE 4-7)   7
TOTAL FM JUL 1  6393    CLOUDY (SCALE 8-10) 10
DPTR FM NORMAL    76

[CDD (BASE 65) ]
TOTAL THIS MO.     0
DPTR FM NORMAL     0    [PRESSURE DATA]
TOTAL FM JAN 1     0    HIGHEST SLP M ON M
DPTR FM NORMAL    -1    LOWEST  SLP 29.49 ON  3

[REMARKS]
