000
CXUS55 KLBF 221200
CF6LBF
PRELIMINARY LOCAL CLIMATOLOGICAL DATA (WS FORM: F-6)

                                          STATION:   NORTH PLATTE
                                          MONTH:     APRIL
                                          YEAR:      2018
                                          LATITUDE:   41  7 N
                                          LONGITUDE: 100 41 W

  TEMPERATURE IN F:       :PCPN:    SNOW:  WIND      :SUNSHINE: SKY     :PK WND
================================================================================
1   2   3   4   5  6A  6B    7    8   9   10  11  12  13   14  15   16   17  18
                                     12Z  AVG MX 2MIN
DY MAX MIN AVG DEP HDD CDD  WTR  SNW DPTH SPD SPD DIR MIN PSBL S-S WX    SPD DR
================================================================================

 1  31  21  26 -17  39   0 0.20  2.8    3  8.0 16 210   M    M   8 1      19 130
 2  53  22  38  -5  27   0 0.00  0.0    4 11.6 22 350   M    M   0        26 340
 3  39  16  28 -16  37   0    T    T    0 16.7 33 320   M    M   4 1      42 340
 4  65  13  39  -5  26   0 0.00  0.0    0  9.2 21 190   M    M   1        27 200
 5  63  25  44   0  21   0 0.00  0.0    0  9.0 21  60   M    M   3        29  60
 6  39  10  25 -19  40   0 0.12  1.2    1 12.7 24  50   M    M   8 1      31  40
 7  39   4  22 -23  43   0 0.00  0.0    1  7.8 20 190   M    M   1        27 190
 8  66  32  49   4  16   0 0.00  0.0    0 14.8 35 330   M    M   2        51 330
 9  56  29  43  -2  22   0 0.00  0.0    0  9.1 22 360   M    M   5        29  10
10  71  27  49   3  16   0 0.00  0.0    0  4.9 18 320   M    M   3        26 300
11  85  38  62  16   3   0 0.00  0.0    0  8.9 28 260   M    M   1        39 260
12  64  36  50   4  15   0 0.00  0.0    0 12.6 26 130   M    M   0 1      36 150
13  50  23  37 -10  28   0 0.42  4.6    0 24.0 39  10   M    M   9 1236   58 350
14  32  17  25 -22  40   0 0.06  0.9    5 22.8 37 360   M    M   7 189    55 360
15  42  13  28 -19  37   0 0.00  0.0    1  9.8 20 360   M    M   0        25  10
16  56  16  36 -12  29   0 0.00  0.0    0  8.7 21 180   M    M   0        27 190
17  62  31  47  -1  18   0 0.14  0.0    0 16.0 30 130   M    M   2 1      39 140
18  59  29  44  -4  21   0    T  0.0    0 17.1 33 360   M    M   5        47 350
19  60  21  41  -8  24   0 0.00  0.0    0  8.2 21 130   M    M   0 1      29 130
20  48  36  42  -7  23   0 0.12  0.0    0 11.4 17 140   M    M   8 1      26 140
21  47  39  43  -6  22   0 0.19  0.0    0  8.8 20 140   M    M  10 1      27 150
================================================================================
SM 1127  498       547   0  1.25     9.5 252.1          M       77
================================================================================
AV 53.7 23.7                              12.0 FASTST   M    M   4    MAX(MPH)
                                 MISC ---->  # 39  10               # 58  350
================================================================================
NOTES:
# LAST OF SEVERAL OCCURRENCES

COLUMN 17 PEAK WIND IN M.P.H.

PRELIMINARY LOCAL CLIMATOLOGICAL DATA (WS FORM: F-6) , PAGE 2

                                          STATION:  NORTH PLATTE
                                          MONTH:    APRIL
                                          YEAR:     2018
                                          LATITUDE:   41  7 N
                                          LONGITUDE: 100 41 W

[TEMPERATURE DATA]      [PRECIPITATION DATA]       SYMBOLS USED IN COLUMN 16

AVERAGE MONTHLY: 38.7   TOTAL FOR MONTH:   1.25    1 = FOG OR MIST
DPTR FM NORMAL:  -7.4   DPTR FM NORMAL:   -0.22    2 = FOG REDUCING VISIBILITY
HIGHEST:    85 ON 11    GRTST 24HR  0.42 ON 13-13      TO 1/4 MILE OR LESS
LOWEST:      4 ON  7                               3 = THUNDER
                        SNOW, ICE PELLETS, HAIL    4 = ICE PELLETS
                        TOTAL MONTH:   9.5 INCHES  5 = HAIL
                        GRTST 24HR   4.6 ON 13-13  6 = FREEZING RAIN OR DRIZZLE
                        GRTST DEPTH:   5 ON 14     7 = DUSTSTORM OR SANDSTORM:
                                                       VSBY 1/2 MILE OR LESS
                                                   8 = SMOKE OR HAZE
[NO. OF DAYS WITH]      [WEATHER - DAYS WITH]      9 = BLOWING SNOW
                                                   X = TORNADO
MAX 32 OR BELOW:   2    0.01 INCH OR MORE:   7
MAX 90 OR ABOVE:   0    0.10 INCH OR MORE:   6
MIN 32 OR BELOW:  17    0.50 INCH OR MORE:   0
MIN  0 OR BELOW:   0    1.00 INCH OR MORE:   0

[HDD (BASE 65) ]
TOTAL THIS MO.   547    CLEAR  (SCALE 0-3)  12
DPTR FM NORMAL   148    PTCLDY (SCALE 4-7)   6
TOTAL FM JUL 1  6356    CLOUDY (SCALE 8-10)  3
DPTR FM NORMAL    92

[CDD (BASE 65) ]
TOTAL THIS MO.     0
DPTR FM NORMAL     0    [PRESSURE DATA]
TOTAL FM JAN 1     0    HIGHEST SLP M ON M
DPTR FM NORMAL     0    LOWEST  SLP 29.34 ON 13

[REMARKS]
