000
CXUS52 KFFC 281010
CF6MCN
PRELIMINARY LOCAL CLIMATOLOGICAL DATA (WS FORM: F-6)
STATION: MACON
MONTH: MARCH
YEAR: 2024
LATITUDE: 32 42 N
LONGITUDE: 83 39 W
TEMPERATURE IN F: :PCPN: SNOW: WIND :SUNSHINE: SKY :PK WND
================================================================================
1 2 3 4 5 6A 6B 7 8 9 10 11 12 13 14 15 16 17 18
12Z AVG MX 2MIN
DY MAX MIN AVG DEP HDD CDD WTR SNW DPTH SPD SPD DIR MIN PSBL S-S WX SPD DR
================================================================================
1 51 42 47 -7 18 0 1.13 0.0 M 8.1 16 50 M M 10 13 20 30
2 62 45 54 -1 11 0 0.05 M M 4.6 8 10 M M 10 1 12 20
3 70 56 63 8 2 0 0.00 0.0 M 5.1 12 90 M M 8 14 120
4 72 55 64 9 1 0 0.00 0.0 M 3.0 9 170 M M 6 1 13 100
5 63 51 57 2 8 0 0.39 0.0 M 5.6 15 120 M M 7 12 19 110
6 75 57 66 10 0 1 0.28 0.0 M 7.8 21 320 M M 8 1 30 260
7 77 50 64 8 1 0 0.00 0.0 M 4.5 12 70 M M 1 15 60
8 75 54 65 9 0 0 0.76 0.0 M 10.4 23 120 M M 4 1 31 110
9 74 58 66 10 0 1 2.19 0.0 M 9.6 20 140 M M 6 1 27 340
10 65 48 57 1 8 0 0.00 0.0 M 12.6 23 290 M M 2 31 310
11 66 35 51 -6 14 0 0.00 0.0 M 3.7 10 320 M M 0 15 330
12 73 34 54 -3 11 0 0.00 0.0 M 2.8 13 260 M M 0 20 240
13 78 40 59 2 6 0 0.00 0.0 M 3.2 16 250 M M 0 21 210
14 82 45 64 7 1 0 0.00 0.0 M 3.3 13 210 M M 0 8 17 190
15 72 54 63 5 2 0 0.51 0.0 M 4.4 25 340 M M 6 13 36 350
16 76 58 67 9 0 2 0.00 0.0 M 6.9 16 240 M M 5 1 22 240
17 67 51 59 1 6 0 0.72 0.0 M 5.9 13 270 M M 6 1 18 260
18 66 43 55 -3 10 0 0.00 0.0 M 11.4 25 330 M M 4 37 320
19 62 35 49 -9 16 0 0.00 0.0 M 7.1 15 250 M M 0 25 340
20 74 34 54 -5 11 0 0.00 0.0 M 6.2 15 250 M M 0 22 240
21 79 42 61 2 4 0 0.00 0.0 M 3.1 12 130 M M 0 17 170
22 62 55 59 0 6 0 1.19 0.0 M 9.2 22 100 M M 8 1 32 110
23 69 54 62 3 3 0 0.04 0.0 M 6.9 16 340 M M 8 1 23 340
24 67 42 55 -5 10 0 0.00 0.0 M 9.1 17 70 M M 0 22 120
25 68 46 57 -3 8 0 0.00 0.0 M 12.8 22 100 M M 3 29 100
26 75 57 66 6 0 1 0.41 0.0 M 10.2 28 160 M M 9 13 39 160
27 76 54 65 5 0 0 0.07 0.0 M 6.9 15 20 M M 7 1 20 20
================================================================================
SM 1896 1295 157 5 7.74 0.0 184.4 M 118
================================================================================
AV 70.2 48.0 6.8 FASTST M M 4 MAX(MPH)
MISC ----> 28 160 39 160
================================================================================
NOTES:
# LAST OF SEVERAL OCCURRENCES
COLUMN 17 PEAK WIND IN M.P.H.
PRELIMINARY LOCAL CLIMATOLOGICAL DATA (WS FORM: F-6) , PAGE 2
STATION: MACON
MONTH: MARCH
YEAR: 2024
LATITUDE: 32 42 N
LONGITUDE: 83 39 W
[TEMPERATURE DATA] [PRECIPITATION DATA] SYMBOLS USED IN COLUMN 16
AVERAGE MONTHLY: 59.1 TOTAL FOR MONTH: 7.74 1 = FOG OR MIST
DPTR FM NORMAL: 1.8 DPTR FM NORMAL: 3.97 2 = FOG REDUCING VISIBILITY
HIGHEST: 82 ON 14 GRTST 24HR 2.95 ON 8- 9 TO 1/4 MILE OR LESS
LOWEST: 34 ON 20,12 3 = THUNDER
SNOW, ICE PELLETS, HAIL 4 = ICE PELLETS
TOTAL MONTH: 0.0 INCH 5 = HAIL
GRTST 24HR 0.0 6 = FREEZING RAIN OR DRIZZLE
GRTST DEPTH: M ON M 7 = DUSTSTORM OR SANDSTORM:
VSBY 1/2 MILE OR LESS
8 = SMOKE OR HAZE
[NO. OF DAYS WITH] [WEATHER - DAYS WITH] 9 = BLOWING SNOW
X = TORNADO
MAX 32 OR BELOW: 0 0.01 INCH OR MORE: 12
MAX 90 OR ABOVE: 0 0.10 INCH OR MORE: 9
MIN 32 OR BELOW: 0 0.50 INCH OR MORE: 6
MIN 0 OR BELOW: 0 1.00 INCH OR MORE: 3
[HDD (BASE 65) ]
TOTAL THIS MO. 157 CLEAR (SCALE 0-3) 11
DPTR FM NORMAL -68 PTCLDY (SCALE 4-7) 11
TOTAL FM JUL 1 1847 CLOUDY (SCALE 8-10) 5
DPTR FM NORMAL -170
[CDD (BASE 65) ]
TOTAL THIS MO. 5
DPTR FM NORMAL -16 [PRESSURE DATA]
TOTAL FM JAN 1 11 HIGHEST SLP M ON M
DPTR FM NORMAL -17 LOWEST SLP 29.68 ON 9
[REMARKS]