000
CXUS55 KCTP 230700
CF6MDT
PRELIMINARY LOCAL CLIMATOLOGICAL DATA (WS FORM: F-6)

                                          STATION:   HARRISBURG PA
                                          MONTH:     MAY
                                          YEAR:      2018
                                          LATITUDE:   40 11 N
                                          LONGITUDE:  76 46 W

  TEMPERATURE IN F:       :PCPN:    SNOW:  WIND      :SUNSHINE: SKY     :PK WND
================================================================================
1   2   3   4   5  6A  6B    7    8   9   10  11  12  13   14  15   16   17  18
                                     12Z  AVG MX 2MIN
DY MAX MIN AVG DEP HDD CDD  WTR  SNW DPTH SPD SPD DIR MIN PSBL S-S WX    SPD DR
================================================================================

 1  81  38  60   2   5   0 0.00  0.0    0  7.1 18 220   M    M   1        26 230
 2  87  47  67   9   0   2 0.00  0.0    0  5.8 20 230   M    M   2 8      27 220
 3  90  60  75  17   0  10 0.00  0.0    0  6.3 22 290   M    M   5 8      29 210
 4  86  64  75  17   0  10    T  0.0    0  8.6 28 310   M    M   9 18     35 310
 5  72  55  64   5   1   0 0.06  0.0    0  7.5 18 230   M    M   9 1      24 230
 6  62  54  58  -1   7   0 0.24  0.0    0  4.8 16 290   M    M  10 1      19 300
 7  72  51  62   3   3   0    T  0.0    0  4.6 12 300   M    M   4 1      16  40
 8  76  54  65   5   0   0 0.00  0.0    0  4.0 11 120   M    M   3        10 120
 9  79  53  66   6   0   1 0.00  0.0    0  6.0 15 180   M    M   1        18 200
10  77  59  68   8   0   3 0.16  0.0    0  5.5 18 310   M    M   5 13     23 320
11  77  57  67   6   0   2 0.02  0.0    0  6.9 17 320   M    M   5 1      23 300
12  72  52  62   1   3   0 0.55  0.0    0  4.8 23 320   M    M   8 138    30 320
13  60  53  57  -4   8   0 1.73  0.0    0  7.9 16 290   M    M  10 13     22 300
14  75  55  65   3   0   0    T  0.0    0  3.2 13 130   M    M   9 18     16 150
15  89  61  75  13   0  10 0.63  0.0    0  4.4 28 320   M    M   5 13     34 320
16  67  60  64   2   1   0 0.52  0.0    0  3.3  8  80   M    M  10 1      16  60
17  69  60  65   3   0   0 0.35  0.0    0  1.4  7 300   M    M  10 1       8  40
18  69  52  61  -2   4   0 0.06  0.0    0  9.1 20 110   M    M  10 18     23 100
19  61  50  56  -7   9   0 0.96  0.0    0  4.5 12 100   M    M  10 1      14 120
20  83  60  72   9   0   7 0.02  0.0    0  6.9 17 330   M    M   7 128    21 330
21  78  56  67   3   0   2 0.00  0.0    0  3.1  9 120   M    M   4        14  50
22  68  63  66   2   0   1 0.33  0.0    0  5.2  9 110   M    M  10 13     12 160
================================================================================
SM 1650 1214        41  48  5.63     0.0 120.9          M      147
================================================================================
AV 75.0 55.2                               5.5 FASTST   M    M   7    MAX(MPH)
                                 MISC ---->  # 28 310               # 35  310
================================================================================
NOTES:
# LAST OF SEVERAL OCCURRENCES

COLUMN 17 PEAK WIND IN M.P.H.

PRELIMINARY LOCAL CLIMATOLOGICAL DATA (WS FORM: F-6) , PAGE 2

                                          STATION:  HARRISBURG PA
                                          MONTH:    MAY
                                          YEAR:     2018
                                          LATITUDE:   40 11 N
                                          LONGITUDE:  76 46 W

[TEMPERATURE DATA]      [PRECIPITATION DATA]       SYMBOLS USED IN COLUMN 16

AVERAGE MONTHLY: 65.1   TOTAL FOR MONTH:   5.63    1 = FOG OR MIST
DPTR FM NORMAL:   4.3   DPTR FM NORMAL:    2.97    2 = FOG REDUCING VISIBILITY
HIGHEST:    90 ON  3    GRTST 24HR  1.73 ON 13-13      TO 1/4 MILE OR LESS
LOWEST:     38 ON  1                               3 = THUNDER
                        SNOW, ICE PELLETS, HAIL    4 = ICE PELLETS
                        TOTAL MONTH:   0.0 INCH    5 = HAIL
                        GRTST 24HR     0.0         6 = FREEZING RAIN OR DRIZZLE
                        GRTST DEPTH:   0           7 = DUSTSTORM OR SANDSTORM:
                                                       VSBY 1/2 MILE OR LESS
                                                   8 = SMOKE OR HAZE
[NO. OF DAYS WITH]      [WEATHER - DAYS WITH]      9 = BLOWING SNOW
                                                   X = TORNADO
MAX 32 OR BELOW:   0    0.01 INCH OR MORE:  13
MAX 90 OR ABOVE:   1    0.10 INCH OR MORE:   9
MIN 32 OR BELOW:   0    0.50 INCH OR MORE:   5
MIN  0 OR BELOW:   0    1.00 INCH OR MORE:   1

[HDD (BASE 65) ]
TOTAL THIS MO.    41    CLEAR  (SCALE 0-3)   4
DPTR FM NORMAL   -83    PTCLDY (SCALE 4-7)   7
TOTAL FM JUL 1  5044    CLOUDY (SCALE 8-10) 11
DPTR FM NORMAL  -183

[CDD (BASE 65) ]
TOTAL THIS MO.    48
DPTR FM NORMAL    17    [PRESSURE DATA]
TOTAL FM JAN 1    60    HIGHEST SLP M ON M
DPTR FM NORMAL    22    LOWEST  SLP 29.69 ON  4

[REMARKS]
