986
CXUS53 KGRR 221017
CF6MKG
PRELIMINARY LOCAL CLIMATOLOGICAL DATA (WS FORM: F-6)

                                          STATION:   MUSKEGON
                                          MONTH:     MAY
                                          YEAR:      2018
                                          LATITUDE:   43 10 N
                                          LONGITUDE:  86 14 W

  TEMPERATURE IN F:       :PCPN:    SNOW:  WIND      :SUNSHINE: SKY     :PK WND
================================================================================
1   2   3   4   5  6A  6B    7    8   9   10  11  12  13   14  15   16   17  18
                                     12Z  AVG MX 2MIN
DY MAX MIN AVG DEP HDD CDD  WTR  SNW DPTH SPD SPD DIR MIN PSBL S-S WX    SPD DR
================================================================================

 1  78  58  68  16   0   3 0.00  0.0    0 19.4 28 200   M    M   5        36 200
 2  75  52  64  11   1   0 0.81  0.0    0 14.1 28 200   M    M   8 13     38 210
 3  68  48  58   5   7   0 0.68  0.0    0  4.6 18 220   M    M   9 1238   25 210
 4  64  45  55   2  10   0 0.01  0.0    0 16.8 36 300   M    M   6 1      50 300
 5  75  47  61   7   4   0 0.00  0.0    0  6.0 14 210   M    M   1 8      19 210
 6  73  49  61   7   4   0    T  0.0    0  7.7 20  60   M    M   6 8      27  70
 7  69  43  56   2   9   0 0.00  0.0    0  5.5 14 240   M    M   1        17 270
 8  73  53  63   9   2   0 0.00  0.0    0  8.7 20 210   M    M   4        24 210
 9  78  53  66  11   0   1 0.51  0.0    0 11.0 29 170   M    M   8 13     39 170
10  64  48  56   1   9   0    T  0.0    0  8.6 18  30   M    M   8 1      23  50
11  48  41  45 -10  20   0 0.40  0.0    0 12.3 18  70   M    M  10 1      26  60
12  59  43  51  -5  14   0 0.15  0.0    0  7.7 17  60   M    M  10 1      24  50
13  63  48  56   0   9   0 0.03  0.0    0  6.0 15 280   M    M   8 18     18 250
14  73  48  61   5   4   0 0.40  0.0    0  3.1 16 230   M    M   8 138    21 120
15  73  54  64   7   1   0 0.01  0.0    0  5.4 13 280   M    M   7 12     14 310
16  74  49  62   5   3   0 0.00  0.0    0  5.4 14 220   M    M   2 12     17 230
17  82  49  66   9   0   1 0.00  0.0    0  6.0 18 100   M    M   3        25  90
18  79  52  66   8   0   1 0.07  0.0    0 15.2 24  80   M    M   6        30  70
19  66  52  59   1   6   0 0.26  0.0    0  7.6 20 230   M    M   9 12     21 220
20  64  48  56  -2   9   0 0.06  0.0    0  4.6 12  20   M    M   9 1      16  20
21  59  47  53  -5  12   0 0.90  0.0    0  9.2 20 100   M    M   8 1      27 100
================================================================================
SM 1457 1027       124   6  4.29     0.0 184.9          M      136
================================================================================
AV 69.4 48.9                               8.8 FASTST   M    M   6    MAX(MPH)
                                 MISC ---->  # 36 300               # 50  300
================================================================================
NOTES:
# LAST OF SEVERAL OCCURRENCES

COLUMN 17 PEAK WIND IN M.P.H.

PRELIMINARY LOCAL CLIMATOLOGICAL DATA (WS FORM: F-6) , PAGE 2

                                          STATION:  MUSKEGON
                                          MONTH:    MAY
                                          YEAR:     2018
                                          LATITUDE:   43 10 N
                                          LONGITUDE:  86 14 W

[TEMPERATURE DATA]      [PRECIPITATION DATA]       SYMBOLS USED IN COLUMN 16

AVERAGE MONTHLY: 59.1   TOTAL FOR MONTH:   4.29    1 = FOG OR MIST
DPTR FM NORMAL:   3.8   DPTR FM NORMAL:    2.08    2 = FOG REDUCING VISIBILITY
HIGHEST:    82 ON 17    GRTST 24HR  0.90 ON 21-21      TO 1/4 MILE OR LESS
LOWEST:     41 ON 11                               3 = THUNDER
                        SNOW, ICE PELLETS, HAIL    4 = ICE PELLETS
                        TOTAL MONTH:   0.0 INCH    5 = HAIL
                        GRTST 24HR     0.0         6 = FREEZING RAIN OR DRIZZLE
                        GRTST DEPTH:   0           7 = DUSTSTORM OR SANDSTORM:
                                                       VSBY 1/2 MILE OR LESS
                                                   8 = SMOKE OR HAZE
[NO. OF DAYS WITH]      [WEATHER - DAYS WITH]      9 = BLOWING SNOW
                                                   X = TORNADO
MAX 32 OR BELOW:   0    0.01 INCH OR MORE:  13
MAX 90 OR ABOVE:   0    0.10 INCH OR MORE:   8
MIN 32 OR BELOW:   0    0.50 INCH OR MORE:   4
MIN  0 OR BELOW:   0    1.00 INCH OR MORE:   0

[HDD (BASE 65) ]
TOTAL THIS MO.   124    CLEAR  (SCALE 0-3)   4
DPTR FM NORMAL   -91    PTCLDY (SCALE 4-7)  11
TOTAL FM JUL 1  6387    CLOUDY (SCALE 8-10)  6
DPTR FM NORMAL   -46

[CDD (BASE 65) ]
TOTAL THIS MO.     6
DPTR FM NORMAL    -7    [PRESSURE DATA]
TOTAL FM JAN 1     6    HIGHEST SLP M ON M
DPTR FM NORMAL   -11    LOWEST  SLP 29.58 ON M

[REMARKS]
