000
CXUS52 KMLB 231115
CF6MLB
PRELIMINARY LOCAL CLIMATOLOGICAL DATA (WS FORM: F-6)

                                          STATION:   MELBOURNE
                                          MONTH:     MAY
                                          YEAR:      2018
                                          LATITUDE:   28  6 N
                                          LONGITUDE:  80 39 W

  TEMPERATURE IN F:       :PCPN:    SNOW:  WIND      :SUNSHINE: SKY     :PK WND
================================================================================
1   2   3   4   5  6A  6B    7    8   9   10  11  12  13   14  15   16   17  18
                                     12Z  AVG MX 2MIN
DY MAX MIN AVG DEP HDD CDD  WTR  SNW DPTH SPD SPD DIR MIN PSBL S-S WX    SPD DR
================================================================================

 1  82  73  78   5   0  13    T  0.0    0 13.9 20 100   M    M   4        25 100
 2  82  73  78   4   0  13 0.00  0.0    0 13.4 21 100   M    M   5        24  50
 3  82  73  78   4   0  13 0.00  0.0    0 12.4 24 100   M    M   5        29 100
 4  84  74  79   5   0  14 0.00  0.0    0 12.3 21 100   M    M   3        25  80
 5  85  75  80   6   0  15 0.00  0.0    0 10.4 20  90   M    M   4        24  90
 6  89  73  81   7   0  16 0.31  0.0    0  7.5 24 350   M    M   5 13     30 310
 7  87  69  78   4   0  13 0.00  0.0    0 10.4 21  30   M    M   2 1      25  30
 8  86  72  79   4   0  14 0.00  0.0    0 12.2 20  10   M    M   1        29  10
 9  85  63  74  -1   0   9 0.00  0.0    0 10.6 17  20   M    M   2        25  20
10  83  64  74  -1   0   9 0.00  0.0    0  5.8 13  50   M    M   1        16  40
11  87  66  77   2   0  12 0.00  0.0    0  6.3 15 140   M    M   0 1      22 130
12  82  70  76   0   0  11    T  0.0    0  7.8 14  90   M    M   5        17  40
13  82  72  77   1   0  12 0.90  0.0    0  8.4 15  70   M    M   9 1      20 120
14  76  71  74  -2   0   9 1.94  0.0    0  7.7 16 130   M    M   8 13     22 140
15  84  71  78   2   0  13 0.48  0.0    0  9.3 23 180   M    M   4 13     30 160
16  84  71  78   2   0  13 0.49  0.0    0  9.1 36 150   M    M   4 13     48 160
17  83  70  77   0   0  12 0.61  0.0    0  6.9 30 230   M    M   6 13     39 220
18  84  70  77   0   0  12 0.01  0.0    0  7.7 18 110   M    M   3 3      22 110
19  82  71  77   0   0  12 0.40  0.0    0  5.7 16 150   M    M   6 1      21 150
20  81  72  77   0   0  12 0.36  0.0    0  9.7 23 120   M    M   7 1      29 120
21  81  72  77   0   0  12 0.03  0.0    0  7.7 17 140   M    M   6 1      22 130
22  81  74  78   0   0  13    T  0.0    0  7.7 18 130   M    M   7        23 150
================================================================================
SM 1832 1559         0 272  5.53     0.0 202.9          M       97
================================================================================
AV 83.3 70.9                               9.2 FASTST   M    M   4    MAX(MPH)
                                 MISC ---->  # 36 150               # 48  160
================================================================================
NOTES:
# LAST OF SEVERAL OCCURRENCES

COLUMN 17 PEAK WIND IN M.P.H.

PRELIMINARY LOCAL CLIMATOLOGICAL DATA (WS FORM: F-6) , PAGE 2

                                          STATION:  MELBOURNE
                                          MONTH:    MAY
                                          YEAR:     2018
                                          LATITUDE:   28  6 N
                                          LONGITUDE:  80 39 W

[TEMPERATURE DATA]      [PRECIPITATION DATA]       SYMBOLS USED IN COLUMN 16

AVERAGE MONTHLY: 77.1   TOTAL FOR MONTH:   5.53    1 = FOG OR MIST
DPTR FM NORMAL:   1.6   DPTR FM NORMAL:    3.58    2 = FOG REDUCING VISIBILITY
HIGHEST:    89 ON  6    GRTST 24HR  1.94 ON 14-14      TO 1/4 MILE OR LESS
LOWEST:     63 ON  9                               3 = THUNDER
                        SNOW, ICE PELLETS, HAIL    4 = ICE PELLETS
                        TOTAL MONTH:   0.0 INCH    5 = HAIL
                        GRTST 24HR     0.0         6 = FREEZING RAIN OR DRIZZLE
                        GRTST DEPTH:   0           7 = DUSTSTORM OR SANDSTORM:
                                                       VSBY 1/2 MILE OR LESS
                                                   8 = SMOKE OR HAZE
[NO. OF DAYS WITH]      [WEATHER - DAYS WITH]      9 = BLOWING SNOW
                                                   X = TORNADO
MAX 32 OR BELOW:   0    0.01 INCH OR MORE:  10
MAX 90 OR ABOVE:   0    0.10 INCH OR MORE:   8
MIN 32 OR BELOW:   0    0.50 INCH OR MORE:   3
MIN  0 OR BELOW:   0    1.00 INCH OR MORE:   1

[HDD (BASE 65) ]
TOTAL THIS MO.     0    CLEAR  (SCALE 0-3)   6
DPTR FM NORMAL     0    PTCLDY (SCALE 4-7)  14
TOTAL FM JUL 1   342    CLOUDY (SCALE 8-10)  2
DPTR FM NORMAL  -234

[CDD (BASE 65) ]
TOTAL THIS MO.   272
DPTR FM NORMAL    41    [PRESSURE DATA]
TOTAL FM JAN 1  1011    HIGHEST SLP M ON M
DPTR FM NORMAL   405    LOWEST  SLP 29.88 ON 16

[REMARKS]
