000
CXUS56 KSTO 241300
CF6MOD
PRELIMINARY LOCAL CLIMATOLOGICAL DATA (WS FORM: F-6)
STATION: MODESTO CA
MONTH: APRIL
YEAR: 2024
LATITUDE: 37 37 N
LONGITUDE: 120 57 W
TEMPERATURE IN F: :PCPN: SNOW: WIND :SUNSHINE: SKY :PK WND
================================================================================
1 2 3 4 5 6A 6B 7 8 9 10 11 12 13 14 15 16 17 18
12Z AVG MX 2MIN
DY MAX MIN AVG DEP HDD CDD WTR SNW DPTH SPD SPD DIR MIN PSBL S-S WX SPD DR
================================================================================
1 70 43 57 -1 8 0 0.00 M M 3.0 12 310 M M 1 1 17 310
2 76 44 60 1 5 0 0.00 M M 5.0 13 130 M M 0 18 130
3 75 49 62 3 3 0 0.00 M M 8.5 22 310 M M 2 8 32 320
4 53 42 48 -11 17 0 0.01 M M 9.3 22 100 M M 8 1 29 90
5 55 38 47 -12 18 0 0.60 M M 4.8 18 270 M M 8 1 26 270
6 62 35 49 -10 16 0 0.00 M M 5.7 14 310 M M 2 1 20 310
7 62 44 53 -6 12 0 0.00 0.0 M 8.9 17 300 M M 2 22 320
8 70 46 58 -2 7 0 0.00 0.0 M 10.5 18 330 M M 0 25 320
9 75 42 59 -1 6 0 0.00 0.0 M 3.0 10 250 M M 0 1 14 300
10 79 48 64 4 1 0 0.00 M M 3.6 12 350 M M 0 16 330
11 85 50 68 8 0 3 0.00 M M 3.1 12 320 M M 0 18 14 320
12 77 52 65 5 0 0 0.00 0.0 M 5.3 16 330 M M 1 18 22 220
13 56 42 49 -11 16 0 0.79 0.0 M 9.4 16 310 M M 9 1 22 220
14 59 43 51 -10 14 0 0.18 M M 5.3 12 110 M M 8 1 16 110
15 66 44 55 -6 10 0 0.00 M M 5.3 13 330 M M 3 18 330
16 74 46 60 -1 5 0 0.00 M M 3.5 12 340 M M 0 1 21 270
17 78 50 64 3 1 0 0.00 M M 2.8 10 310 M M 0 1 16 330
18 80 52 66 4 0 1 0.00 M M 3.8 10 350 M M 0 1 14 330
19 80 54 67 5 0 2 0.00 M M 6.9 15 300 M M 0 8 20 300
20 81 50 66 4 0 1 0.00 M M 6.3 18 300 M M 0 24 300
21 83 49 66 4 0 1 0.00 M M 5.3 13 330 M M 0 19 310
22 86 55 71 9 0 6 0.00 M M 5.4 14 340 M M 0 20 350
23 72 52 62 -1 3 0 0.00 M M 6.9 17 330 M M 2 23 340
================================================================================
SM 1654 1070 142 14 1.58 0.0 131.6 M 46
================================================================================
AV 71.9 46.5 5.7 FASTST M M 2 MAX(MPH)
MISC ----> # 22 310 32 320
================================================================================
NOTES:
# LAST OF SEVERAL OCCURRENCES
COLUMN 17 PEAK WIND IN M.P.H.
PRELIMINARY LOCAL CLIMATOLOGICAL DATA (WS FORM: F-6) , PAGE 2
STATION: MODESTO CA
MONTH: APRIL
YEAR: 2024
LATITUDE: 37 37 N
LONGITUDE: 120 57 W
[TEMPERATURE DATA] [PRECIPITATION DATA] SYMBOLS USED IN COLUMN 16
AVERAGE MONTHLY: 59.2 TOTAL FOR MONTH: 1.58 1 = FOG OR MIST
DPTR FM NORMAL: -1.2 DPTR FM NORMAL: 0.73 2 = FOG REDUCING VISIBILITY
HIGHEST: 86 ON 22 GRTST 24HR 0.97 ON 13-14 TO 1/4 MILE OR LESS
LOWEST: 35 ON 6 3 = THUNDER
SNOW, ICE PELLETS, HAIL 4 = ICE PELLETS
TOTAL MONTH: 0.0 INCH 5 = HAIL
GRTST 24HR 0.0 6 = FREEZING RAIN OR DRIZZLE
GRTST DEPTH: M ON M 7 = DUSTSTORM OR SANDSTORM:
VSBY 1/2 MILE OR LESS
8 = SMOKE OR HAZE
[NO. OF DAYS WITH] [WEATHER - DAYS WITH] 9 = BLOWING SNOW
X = TORNADO
MAX 32 OR BELOW: 0 0.01 INCH OR MORE: 4
MAX 90 OR ABOVE: 0 0.10 INCH OR MORE: 3
MIN 32 OR BELOW: 0 0.50 INCH OR MORE: 2
MIN 0 OR BELOW: 0 1.00 INCH OR MORE: 0
[HDD (BASE 65) ]
TOTAL THIS MO. 142 CLEAR (SCALE 0-3) 18
DPTR FM NORMAL 20 PTCLDY (SCALE 4-7) 3
TOTAL FM JUL 1 2098 CLOUDY (SCALE 8-10) 2
DPTR FM NORMAL -130
[CDD (BASE 65) ]
TOTAL THIS MO. 14
DPTR FM NORMAL 0 [PRESSURE DATA]
TOTAL FM JAN 1 14 HIGHEST SLP M ON M
DPTR FM NORMAL -3 LOWEST SLP 29.65 ON 12
[REMARKS]