000
CXUS53 KMKX 250900
CF6MSN
PRELIMINARY LOCAL CLIMATOLOGICAL DATA (WS FORM: F-6)

                                          STATION:   MADISON WI
                                          MONTH:     APRIL
                                          YEAR:      2018
                                          LATITUDE:   43  7 N
                                          LONGITUDE:  89 20 W

  TEMPERATURE IN F:       :PCPN:    SNOW:  WIND      :SUNSHINE: SKY     :PK WND
================================================================================
1   2   3   4   5  6A  6B    7    8   9   10  11  12  13   14  15   16   17  18
                                     12Z  AVG MX 2MIN
DY MAX MIN AVG DEP HDD CDD  WTR  SNW DPTH SPD SPD DIR MIN PSBL S-S WX    SPD DR
================================================================================

 1  35  17  26 -14  39   0 0.00  0.0    0  6.3 13 310   M    M   5        20 320
 2  39  16  28 -13  37   0 0.00  0.0    0  6.3 16 140   M    M   7        21 200
 3  33  25  29 -12  36   0 0.27  2.7    0 13.5 21 340   M    M  10 1468   34 350
 4  32  21  27 -15  38   0 0.01  0.3    3 10.4 18 320   M    M   6 1      31 340
 5  42  14  28 -14  37   0 0.00  0.0    0  5.5 15 180   M    M   6 1      20 190
 6  33  19  26 -17  39   0    T    T    0 12.5 23 300   M    M   5 1      38 290
 7  35  14  25 -18  40   0 0.00  0.0    0  8.7 17 330   M    M   1        26 320
 8  38  14  26 -18  39   0    T    T    0  4.0 14 130   M    M   6 1      20 120
 9  38  26  32 -12  33   0 0.03  0.6    1  3.9 12 350   M    M   7 1      17 340
10  40  25  33 -11  32   0    T    T    0  6.9 13 240   M    M   6        22 230
11  59  37  48   3  17   0 0.06    T    0  6.8 15 120   M    M   8 1      20 110
12  57  35  46   1  19   0    T  0.0    0  8.0 16  80   M    M   7 128    23  50
13  40  34  37  -9  28   0 0.22  0.0    0 16.9 29  40   M    M  10 1      41  70
14  35  27  31 -15  34   0 0.59  0.7    0 21.8 32  70   M    M   9 146    49  60
15  29  24  27 -19  38   0 0.16  1.7    1 15.5 28  50   M    M  10 1      38  80
16  33  24  29 -18  36   0 0.01  0.3    2 10.4 18 310   M    M  10 1      29 300
17  40  26  33 -14  32   0 0.00  0.0    1  7.7 18 330   M    M   6        27 310
18  33  27  30 -18  35   0 0.77  7.2    T 10.4 21  60   M    M   8 124    27  50
19  49  24  37 -11  28   0 0.00  0.0    7  5.8 12 300   M    M   2        17 330
20  58  22  40  -8  25   0 0.00  0.0    2  2.3 13  50   M    M   4        16  60
21  56  30  43  -6  22   0 0.00  0.0    0  2.5 10 250   M    M   7        17 260
22  63  32  48  -1  17   0 0.00  0.0    0  5.7 16 100   M    M   5 1      22 130
23  68  32  50   0  15   0 0.00  0.0    0  5.9 17  50   M    M   5        23  60
24  73  36  55   5  10   0 0.00  0.0    0  7.1 26  50   M    M   5        34  60
================================================================================
SM 1058  601       726   0  2.12    13.5 204.8          M      155
================================================================================
AV 44.1 25.0                               8.5 FASTST   M    M   6    MAX(MPH)
                                 MISC ---->  # 32  70               # 49   60
================================================================================
NOTES:
# LAST OF SEVERAL OCCURRENCES

COLUMN 17 PEAK WIND IN M.P.H.

PRELIMINARY LOCAL CLIMATOLOGICAL DATA (WS FORM: F-6) , PAGE 2

                                          STATION:  MADISON WI
                                          MONTH:    APRIL
                                          YEAR:     2018
                                          LATITUDE:   43  7 N
                                          LONGITUDE:  89 20 W

[TEMPERATURE DATA]      [PRECIPITATION DATA]       SYMBOLS USED IN COLUMN 16

AVERAGE MONTHLY: 34.6   TOTAL FOR MONTH:   2.12    1 = FOG OR MIST
DPTR FM NORMAL: -10.8   DPTR FM NORMAL:   -0.58    2 = FOG REDUCING VISIBILITY
HIGHEST:    73 ON 24    GRTST 24HR  0.77 ON 18-18      TO 1/4 MILE OR LESS
LOWEST:     14 ON  8, 7                            3 = THUNDER
                        SNOW, ICE PELLETS, HAIL    4 = ICE PELLETS
                        TOTAL MONTH:  13.5 INCHES  5 = HAIL
                        GRTST 24HR   7.2 ON 18-18  6 = FREEZING RAIN OR DRIZZLE
                        GRTST DEPTH:   7 ON 19     7 = DUSTSTORM OR SANDSTORM:
                                                       VSBY 1/2 MILE OR LESS
                                                   8 = SMOKE OR HAZE
[NO. OF DAYS WITH]      [WEATHER - DAYS WITH]      9 = BLOWING SNOW
                                                   X = TORNADO
MAX 32 OR BELOW:   2    0.01 INCH OR MORE:   9
MAX 90 OR ABOVE:   0    0.10 INCH OR MORE:   5
MIN 32 OR BELOW:  20    0.50 INCH OR MORE:   2
MIN  0 OR BELOW:   0    1.00 INCH OR MORE:   0

[HDD (BASE 65) ]
TOTAL THIS MO.   726    CLEAR  (SCALE 0-3)   2
DPTR FM NORMAL   252    PTCLDY (SCALE 4-7)  16
TOTAL FM JUL 1  6994    CLOUDY (SCALE 8-10)  6
DPTR FM NORMAL    71

[CDD (BASE 65) ]
TOTAL THIS MO.     0
DPTR FM NORMAL     0    [PRESSURE DATA]
TOTAL FM JAN 1     0    HIGHEST SLP M ON M
DPTR FM NORMAL     0    LOWEST  SLP 29.54 ON 12

[REMARKS]
