000
CXUS56 KMTR 211000
CF6OAK
PRELIMINARY LOCAL CLIMATOLOGICAL DATA (WS FORM: F-6)

                                          STATION:   OAKLAND AIRPORT
                                          MONTH:     APRIL
                                          YEAR:      2018
                                          LATITUDE:   37 43 N
                                          LONGITUDE: 122 13 W

  TEMPERATURE IN F:       :PCPN:    SNOW:  WIND      :SUNSHINE: SKY     :PK WND
================================================================================
1   2   3   4   5  6A  6B    7    8   9   10  11  12  13   14  15   16   17  18
                                     12Z  AVG MX 2MIN
DY MAX MIN AVG DEP HDD CDD  WTR  SNW DPTH SPD SPD DIR MIN PSBL S-S WX    SPD DR
================================================================================

 1  67  47  57   1   8   0 0.00  0.0    0  7.3 21 280   M    M   3        26 260
 2  65  49  57   1   8   0 0.00  0.0    0  7.2 20 250   M    M   4 1      23 240
 3  64  45  55  -1  10   0 0.00  0.0    0  8.0 18 280   M    M   3        23 270
 4  63  50  57   1   8   0 0.00  0.0    0  7.4 18 280   M    M   8        21 280
 5  61  45  53  -3  12   0 0.16    M    0  6.2 14 290   M    M  10 1      16 310
 6  62  56  59   3   6   0 2.14  0.0    0 14.3 24 140   M    M  10 1      30 140
 7  64  54  59   3   6   0 0.70  0.0    0 12.7 20 270   M    M   7 1      27 250
 8  64  48  56  -1   9   0 0.00  0.0    0  9.2 22 280   M    M   2        25 260
 9  73  48  61   4   4   0 0.00  0.0    0  6.2 12 290   M    M   6        15 280
10  64  53  59   2   6   0    T  0.0    0  8.7 18 270   M    M   7        21 290
11  62  49  56  -1   9   0 0.14    M    0 13.4 35 250   M    M   7 1      41 250
12  61  48  55  -2  10   0 0.00  0.0    0 12.7 26 280   M    M   3        31 280
13  67  42  55  -2  10   0 0.00  0.0    0  8.0 18 260   M    M   2 8      24 250
14  72  47  60   3   5   0 0.00  0.0    0  7.0 18 290   M    M   2        22 260
15  63  49  56  -2   9   0 0.04    M    0 13.2 36 250   M    M   7        40 250
16  56  46  51  -7  14   0    T    M    0 13.0 28 280   M    M   6 3      34 270
17  63  39  51  -7  14   0    T    M    0  7.1 17 290   M    M   3        21 290
18  58  46  52  -6  13   0 0.00  0.0    0  7.9 17 260   M    M   8        21 270
19  65  42  54  -4  11   0 0.00  0.0    0  7.9 18 280   M    M   2 8      23 250
20  67  46  57  -1   8   0 0.00  0.0    0  7.3 22 290   M    M   1        24 290
================================================================================
SM 1281  949       180   0  3.18     0.0 184.7          M      101
================================================================================
AV 64.1 47.5                               9.2 FASTST   M    M   5    MAX(MPH)
                                 MISC ---->  # 36 250               # 41  250
================================================================================
NOTES:
# LAST OF SEVERAL OCCURRENCES

COLUMN 17 PEAK WIND IN M.P.H.

PRELIMINARY LOCAL CLIMATOLOGICAL DATA (WS FORM: F-6) , PAGE 2

                                          STATION:  OAKLAND AIRPORT
                                          MONTH:    APRIL
                                          YEAR:     2018
                                          LATITUDE:   37 43 N
                                          LONGITUDE: 122 13 W

[TEMPERATURE DATA]      [PRECIPITATION DATA]       SYMBOLS USED IN COLUMN 16

AVERAGE MONTHLY: 55.8   TOTAL FOR MONTH:   3.18    1 = FOG OR MIST
DPTR FM NORMAL:  -1.2   DPTR FM NORMAL:    2.21    2 = FOG REDUCING VISIBILITY
HIGHEST:    73 ON  9    GRTST 24HR  2.14 ON  6- 6      TO 1/4 MILE OR LESS
LOWEST:     39 ON 17                               3 = THUNDER
                        SNOW, ICE PELLETS, HAIL    4 = ICE PELLETS
                        TOTAL MONTH:   0.0 INCH    5 = HAIL
                        GRTST 24HR     0.0         6 = FREEZING RAIN OR DRIZZLE
                        GRTST DEPTH:   0           7 = DUSTSTORM OR SANDSTORM:
                                                       VSBY 1/2 MILE OR LESS
                                                   8 = SMOKE OR HAZE
[NO. OF DAYS WITH]      [WEATHER - DAYS WITH]      9 = BLOWING SNOW
                                                   X = TORNADO
MAX 32 OR BELOW:   0    0.01 INCH OR MORE:   5
MAX 90 OR ABOVE:   0    0.10 INCH OR MORE:   4
MIN 32 OR BELOW:   0    0.50 INCH OR MORE:   2
MIN  0 OR BELOW:   0    1.00 INCH OR MORE:   1

[HDD (BASE 65) ]
TOTAL THIS MO.   180    CLEAR  (SCALE 0-3)   9
DPTR FM NORMAL    16    PTCLDY (SCALE 4-7)   8
TOTAL FM JUL 1  2286    CLOUDY (SCALE 8-10)  3
DPTR FM NORMAL  -231

[CDD (BASE 65) ]
TOTAL THIS MO.     0
DPTR FM NORMAL     0    [PRESSURE DATA]
TOTAL FM JAN 1     0    HIGHEST SLP M ON M
DPTR FM NORMAL    -1    LOWEST  SLP 29.84 ON  7

[REMARKS]
