000
CXUS54 KMRX 241240
CF6OQT
PRELIMINARY LOCAL CLIMATOLOGICAL DATA (WS FORM: F-6)

                                          STATION:   OAK_RIDGE_(ASOS)
                                          MONTH:     MAY
                                          YEAR:      2018
                                          LATITUDE:   36  1 N
                                          LONGITUDE:  84 14 W

  TEMPERATURE IN F:       :PCPN:    SNOW:  WIND      :SUNSHINE: SKY     :PK WND
================================================================================
1   2   3   4   5  6A  6B    7    8   9   10  11  12  13   14  15   16   17  18
                                     12Z  AVG MX 2MIN
DY MAX MIN AVG DEP HDD CDD  WTR  SNW DPTH SPD SPD DIR MIN PSBL S-S WX    SPD DR
================================================================================

 1  82  43  63   0   2   0 0.00    M    M  1.9  9 180   M    M   0        15 180
 2  85  51  68   5   0   3 0.00    M    M  2.5 12 170   M    M   1        18 150
 3  86  59  73  10   0   8 0.00    M    M  2.6 10 190   M    M   0        17 190
 4  84  62  73  10   0   8    T    M    M  2.5  9 280   M    M   3        16 280
 5  79  62  71   7   0   6 0.03    M    M  1.5 16 270   M    M   4 1      21 260
 6  82  57  70   6   0   5 0.00    M    M  3.0  8 350   M    M   4        24 350
 7  80  55  68   4   0   3 0.00    M    M  1.3  7 200   M    M   3        13  80
 8  82  56  69   5   0   4 0.00    M    M  1.4  8 170   M    M   1        13 250
 9  85  54  70   5   0   5    T    M    M  2.2 10 190   M    M   3        19 190
10  84  66  75  10   0  10 0.08    M    M  3.3 10 250   M    M   3 1      19 270
11  90  63  77  12   0  12 0.00    M    M  2.4 10 190   M    M   0        17 190
12  91  64  78  12   0  13 0.00    M    M  2.2  9 210   M    M   0        15 200
13  91  60  76  10   0  11 0.00    M    M  1.4 10 160   M    M   0        18 150
14  92  63  78  12   0  13 0.00    M    M  1.2  9  80   M    M   1 18     13 110
15  88  68  78  12   0  13 0.03    M    M  2.2 10 170   M    M   1 1      17 160
16  83  66  75   8   0  10 0.00    M    M  1.5  8  80   M    M   4        12 110
17  87  66  77  10   0  12 0.67    M    M  1.4 13 130   M    M   7 1      23 150
18  82  66  74   7   0   9 0.24    M    M  0.9  5  99   M    M   6 1       M  M
19  86  65  76   8   0  11 0.01    M    M  2.4 10 260   M    M   4 1      16 270
20  89  67  78  10   0  13 0.00    M    M  0.9  8 270   M    M   2 1      12 100
21  86  68  77   9   0  12 0.00    M    M  2.8 10 270   M    M   1        14 290
22  86  69  78  10   0  13 0.10    M    M  1.5  8 180   M    M   6 1      13  60
23  87  65  76   7   0  11 0.00    M    M  1.5  9  70   M    M   3 1      14  80
================================================================================
SM 1967 1415         2 205  1.16    M     44.5          M       57
================================================================================
AV 85.5 61.5                               1.9 FASTST   M    M   2    MAX(MPH)
                                 MISC ---->  # 16 270               # 24  350
================================================================================
NOTES:
# LAST OF SEVERAL OCCURRENCES

COLUMN 17 PEAK WIND IN M.P.H.

PRELIMINARY LOCAL CLIMATOLOGICAL DATA (WS FORM: F-6) , PAGE 2

                                          STATION:  OAK_RIDGE_(ASOS)
                                          MONTH:    MAY
                                          YEAR:     2018
                                          LATITUDE:   36  1 N
                                          LONGITUDE:  84 14 W

[TEMPERATURE DATA]      [PRECIPITATION DATA]       SYMBOLS USED IN COLUMN 16

AVERAGE MONTHLY: 73.5   TOTAL FOR MONTH:   1.16    1 = FOG OR MIST
DPTR FM NORMAL:   7.9   DPTR FM NORMAL:   -2.15    2 = FOG REDUCING VISIBILITY
HIGHEST:    92 ON 14    GRTST 24HR  0.67 ON 17-17      TO 1/4 MILE OR LESS
LOWEST:     43 ON  1                               3 = THUNDER
                        SNOW, ICE PELLETS, HAIL    4 = ICE PELLETS
                        TOTAL MONTH:    M          5 = HAIL
                        GRTST 24HR    M  ON   M    6 = FREEZING RAIN OR DRIZZLE
                        GRTST DEPTH:  M  ON   M    7 = DUSTSTORM OR SANDSTORM:
                                                       VSBY 1/2 MILE OR LESS
                                                   8 = SMOKE OR HAZE
[NO. OF DAYS WITH]      [WEATHER - DAYS WITH]      9 = BLOWING SNOW
                                                   X = TORNADO
MAX 32 OR BELOW:   0    0.01 INCH OR MORE:   7
MAX 90 OR ABOVE:   4    0.10 INCH OR MORE:   3
MIN 32 OR BELOW:   0    0.50 INCH OR MORE:   1
MIN  0 OR BELOW:   0    1.00 INCH OR MORE:   0

[HDD (BASE 65) ]
TOTAL THIS MO.     2    CLEAR  (SCALE 0-3)  15
DPTR FM NORMAL   -51    PTCLDY (SCALE 4-7)   8
TOTAL FM JUL 1  3514    CLOUDY (SCALE 8-10)  0
DPTR FM NORMAL  -174

[CDD (BASE 65) ]
TOTAL THIS MO.   205
DPTR FM NORMAL   136    [PRESSURE DATA]
TOTAL FM JAN 1   233    HIGHEST SLP M ON M
DPTR FM NORMAL   133    LOWEST  SLP 29.80 ON 17

[REMARKS]
