000
CXUS51 KBOX 261200
CF6ORH
PRELIMINARY LOCAL CLIMATOLOGICAL DATA (WS FORM: F-6)

                                          STATION:   WORCESTER MA
                                          MONTH:     APRIL
                                          YEAR:      2018
                                          LATITUDE:   42 16 N
                                          LONGITUDE:  71 52 W

  TEMPERATURE IN F:       :PCPN:    SNOW:  WIND      :SUNSHINE: SKY     :PK WND
================================================================================
1   2   3   4   5  6A  6B    7    8   9   10  11  12  13   14  15   16   17  18
                                     12Z  AVG MX 2MIN
DY MAX MIN AVG DEP HDD CDD  WTR  SNW DPTH SPD SPD DIR MIN PSBL S-S WX    SPD DR
================================================================================

 1  50  30  40   0  25   0    T  0.0    M 18.5 31 250   M    M   2        41 270
 2  38  27  33  -8  32   0 0.22  2.6    M  5.5 12 260   M    M   6 12     16 320
 3  41  27  34  -7  31   0 0.49    T    M  8.1 17 150   M    M   7 12     20 140
 4  55  33  44   2  21   0 0.36  0.0    M 13.1 33 270   M    M   8 123    49 260
 5  36  24  30 -12  35   0 0.00  0.0    M 23.1 41 280   M    M   0        58 270
 6  38  22  30 -12  35   0 0.24  2.8    M 10.4 20 190   M    M   6 128    26 190
 7  40  28  34  -9  31   0 0.06    T    M 13.4 24 290   M    M   4 1      33 290
 8  40  26  33 -10  32   0 0.00  0.0    M 11.3 23 290   M    M   4        29 290
 9  41  23  32 -12  33   0 0.00  0.0    M  9.4 23 300   M    M   1        32 280
10  37  28  33 -11  32   0 0.02    T    M  3.0  8 300   M    M   9 18     10  90
11  47  27  37  -7  28   0 0.00  0.0    M  7.0 16 250   M    M   4        19 250
12  54  29  42  -3  23   0 0.07  0.0    M  9.8 20 220   M    M   5        26 220
13  65  45  55  10  10   0    T  0.0    M 10.9 22 230   M    M   2        30 270
14  59  33  46   0  19   0 0.00  0.0    M 10.4 20  70   M    M   5 1      28  70
15  34  27  31 -15  34   0 0.28  0.4    M 15.0 23  70   M    M  10 146    34  70
16  45  30  38  -8  27   0 2.02  0.8    M 13.2 24  60   M    M  10 126    38  80
17  44  32  38  -9  27   0    T    T    M 14.0 24 250   M    M   8 12     32 250
18  45  30  38  -9  27   0 0.00  0.0    M 13.8 24 280   M    M   8        31 280
19  40  32  36 -12  29   0 0.23  0.6    M  8.4 21 280   M    M  10 1      27 290
20  48  30  39  -9  26   0 0.00  0.0    M 17.4 26 290   M    M   5        35 300
21  55  31  43  -5  22   0 0.00  0.0    M 11.6 21 290   M    M   1        30 330
22  58  35  47  -2  18   0 0.00  0.0    M  8.8 20 330   M    M   0        28 330
23  63  41  52   3  13   0 0.00  0.0    M  7.2 17 170   M    M   0        25 150
24  65  40  53   4  12   0 0.00  0.0    M 12.0 21 180   M    M   1        27 200
25  54  45  50   0  15   0 0.97  0.0    M  6.5 18 140   M    M   9 12     24 140
================================================================================
SM 1192  775       637   0  4.96     7.2 281.8          M      125
================================================================================
AV 47.7 31.0                              11.3 FASTST   M    M   5    MAX(MPH)
                                 MISC ---->  # 41 280               # 58  270
================================================================================
NOTES:
# LAST OF SEVERAL OCCURRENCES

COLUMN 17 PEAK WIND IN M.P.H.

PRELIMINARY LOCAL CLIMATOLOGICAL DATA (WS FORM: F-6) , PAGE 2

                                          STATION:  WORCESTER MA
                                          MONTH:    APRIL
                                          YEAR:     2018
                                          LATITUDE:   42 16 N
                                          LONGITUDE:  71 52 W

[TEMPERATURE DATA]      [PRECIPITATION DATA]       SYMBOLS USED IN COLUMN 16

AVERAGE MONTHLY: 39.3   TOTAL FOR MONTH:   4.96    1 = FOG OR MIST
DPTR FM NORMAL:  -5.7   DPTR FM NORMAL:    1.50    2 = FOG REDUCING VISIBILITY
HIGHEST:    65 ON 24,13 GRTST 24HR  2.02 ON 16-16      TO 1/4 MILE OR LESS
LOWEST:     22 ON  6                               3 = THUNDER
                        SNOW, ICE PELLETS, HAIL    4 = ICE PELLETS
                        TOTAL MONTH:   7.2 INCHES  5 = HAIL
                        GRTST 24HR   2.8 ON  6- 6  6 = FREEZING RAIN OR DRIZZLE
                        GRTST DEPTH:  M  ON   M    7 = DUSTSTORM OR SANDSTORM:
                                                       VSBY 1/2 MILE OR LESS
                                                   8 = SMOKE OR HAZE
[NO. OF DAYS WITH]      [WEATHER - DAYS WITH]      9 = BLOWING SNOW
                                                   X = TORNADO
MAX 32 OR BELOW:   0    0.01 INCH OR MORE:  11
MAX 90 OR ABOVE:   0    0.10 INCH OR MORE:   8
MIN 32 OR BELOW:  18    0.50 INCH OR MORE:   2
MIN  0 OR BELOW:   0    1.00 INCH OR MORE:   1

[HDD (BASE 65) ]
TOTAL THIS MO.   637    CLEAR  (SCALE 0-3)   8
DPTR FM NORMAL   138    PTCLDY (SCALE 4-7)   9
TOTAL FM JUL 1  6107    CLOUDY (SCALE 8-10)  8
DPTR FM NORMAL  -168

[CDD (BASE 65) ]
TOTAL THIS MO.     0
DPTR FM NORMAL     0    [PRESSURE DATA]
TOTAL FM JAN 1     0    HIGHEST SLP M ON M
DPTR FM NORMAL     0    LOWEST  SLP 29.29 ON  4

[REMARKS]
