000
CXUS53 KUNR 220945
CF6PHP
PRELIMINARY LOCAL CLIMATOLOGICAL DATA (WS FORM: F-6)

                                          STATION:   PHILIP SD
                                          MONTH:     APRIL
                                          YEAR:      2018
                                          LATITUDE:   44  3 N
                                          LONGITUDE: 101 36 W

  TEMPERATURE IN F:       :PCPN:    SNOW:  WIND      :SUNSHINE: SKY     :PK WND
================================================================================
1   2   3   4   5  6A  6B    7    8   9   10  11  12  13   14  15   16   17  18
                                     12Z  AVG MX 2MIN
DY MAX MIN AVG DEP HDD CDD  WTR  SNW DPTH SPD SPD DIR MIN PSBL S-S WX    SPD DR
================================================================================

 1  44  15  30 -11  35   0 0.00    M    M  9.2 21 180   M    M   4        26 180
 2  41  18  30 -11  35   0 0.14    M    M 16.1 28  40   M    M   7 1      32  40
 3  24   4  14 -28  51   0 0.06    M    M 13.1 26 350   M    M   6 1      32 350
 4  44   4  24 -18  41   0 0.00    M    M  4.9 13  10   M    M   3        15 350
 5  43  27  35  -7  30   0    T    M    M 12.2 24 360   M    M  10        28 350
 6  27  13  20 -23  45   0 0.01    M    M 10.6 22 360   M    M   6 18     26  10
 7  41  12  27 -16  38   0    T    M    M 10.8 22 120   M    M   3        27 120
 8  37  30  34 -10  31   0 0.09    M    M 12.9 35 320   M    M   8 16     41 320
 9  51  26  39  -5  26   0 0.01    M    M  4.7 12 350   M    M   7 1      16 350
10  69  27  48   4  17   0 0.00    M    M  9.5 22 290   M    M   3        28 310
11  69  36  53   8  12   0    T    M    M  7.3 30 350   M    M   2        35 360
12  58  36  47   2  18   0    T    M    M 15.4 32  80   M    M   4 1      37  70
13  38  24  31 -14  34   0 0.35    M    M 22.5 38  10   M    M   8 128    44  10
14  32  13  23 -23  42   0    T    M    M 16.3 24 340   M    M   3        27 350
15  38  10  24 -22  41   0 0.00    M    M  5.1 10  90   M    M   0        12  90
16  46  18  32 -14  33   0 0.00    M    M 15.6 31 130   M    M   0        36 130
17  48  27  38  -9  27   0 0.08    M    M 15.6 28 130   M    M   4 1      39 120
18  55  30  43  -4  22   0 0.10    M    M  9.3 23 320   M    M   5 1      30 320
19  57  24  41  -7  24   0 0.00    M    M  9.4 22 110   M    M   1 12     31 150
20  56  31  44  -4  21   0 0.04    M    M 10.6 20 150   M    M   5 1      24 140
21  51  35  43  -5  22   0 0.02    M    M  9.2 22 160   M    M   6 12     25 160
================================================================================
SM  969  460       645   0  0.90    M    240.3          M       95
================================================================================
AV 46.1 21.9                              11.4 FASTST   M    M   5    MAX(MPH)
                                 MISC ---->  # 38  10               # 44   10
================================================================================
NOTES:
# LAST OF SEVERAL OCCURRENCES

COLUMN 17 PEAK WIND IN M.P.H.

PRELIMINARY LOCAL CLIMATOLOGICAL DATA (WS FORM: F-6) , PAGE 2

                                          STATION:  PHILIP SD
                                          MONTH:    APRIL
                                          YEAR:     2018
                                          LATITUDE:   44  3 N
                                          LONGITUDE: 101 36 W

[TEMPERATURE DATA]      [PRECIPITATION DATA]       SYMBOLS USED IN COLUMN 16

AVERAGE MONTHLY: 34.0   TOTAL FOR MONTH:   0.90    1 = FOG OR MIST
DPTR FM NORMAL: -10.6   DPTR FM NORMAL:   -0.18    2 = FOG REDUCING VISIBILITY
HIGHEST:    69 ON 11,10 GRTST 24HR  0.35 ON 13-13      TO 1/4 MILE OR LESS
LOWEST:      4 ON  4, 3                            3 = THUNDER
                        SNOW, ICE PELLETS, HAIL    4 = ICE PELLETS
                        TOTAL MONTH:    M          5 = HAIL
                        GRTST 24HR    M  ON   M    6 = FREEZING RAIN OR DRIZZLE
                        GRTST DEPTH:  M  ON   M    7 = DUSTSTORM OR SANDSTORM:
                                                       VSBY 1/2 MILE OR LESS
                                                   8 = SMOKE OR HAZE
[NO. OF DAYS WITH]      [WEATHER - DAYS WITH]      9 = BLOWING SNOW
                                                   X = TORNADO
MAX 32 OR BELOW:   3    0.01 INCH OR MORE:  10
MAX 90 OR ABOVE:   0    0.10 INCH OR MORE:   3
MIN 32 OR BELOW:  18    0.50 INCH OR MORE:   0
MIN  0 OR BELOW:   0    1.00 INCH OR MORE:   0

[HDD (BASE 65) ]
TOTAL THIS MO.   645    CLEAR  (SCALE 0-3)   6
DPTR FM NORMAL   217    PTCLDY (SCALE 4-7)  13
TOTAL FM JUL 1  7204    CLOUDY (SCALE 8-10)  2
DPTR FM NORMAL   473

[CDD (BASE 65) ]
TOTAL THIS MO.     0
DPTR FM NORMAL     0    [PRESSURE DATA]
TOTAL FM JAN 1     0    HIGHEST SLP M ON M
DPTR FM NORMAL     0    LOWEST  SLP 29.27 ON  8

[REMARKS]
