000
CXUS55 KLOX 191655
CF6PMD
PRELIMINARY LOCAL CLIMATOLOGICAL DATA (WS FORM: F-6)

                                          STATION:   PALMDALE AIRPORT CA
                                          MONTH:     APRIL
                                          YEAR:      2018
                                          LATITUDE:   34 37 N
                                          LONGITUDE: 118  5 W

  TEMPERATURE IN F:       :PCPN:    SNOW:  WIND      :SUNSHINE: SKY     :PK WND
================================================================================
1   2   3   4   5  6A  6B    7    8   9   10  11  12  13   14  15   16   17  18
                                     12Z  AVG MX 2MIN
DY MAX MIN AVG DEP HDD CDD  WTR  SNW DPTH SPD SPD DIR MIN PSBL S-S WX    SPD DR
================================================================================

 1  79  59  69  14   0   4 0.00  0.0    0 12.6 29 240   M    M   0        39 220
 2  75  56  66  11   0   1 0.00  0.0    0 18.8 37 280   M    M   0 8      46 300
 3  80  50  65  10   0   0 0.00  0.0    0  9.9 28 300   M    M   0 8      35 320
 4  78  51  65  10   0   0 0.00  0.0    0 13.2 29 240   M    M   0        40 220
 5  83  52  68  13   0   3 0.00  0.0    0 17.2 39 300   M    M   0        47 310
 6  78  54  66  10   0   1 0.00  0.0    0 19.5  M   M   M    M   0         M  M
 7  77  57  67  11   0   2 0.00  0.0    0 22.0  M   M   M    M   1         M  M
 8  77  49  63   7   2   0 0.00  0.0    0 18.2  M   M   M    M   0         M  M
 9  85  44  65   9   0   0 0.00  0.0    0  8.1  M   M   M    M   0         M  M
10  88  49  69  13   0   4 0.00  0.0    0 10.9 29 240   M    M   0        34 240
11  81  50  66   9   0   1 0.00  0.0    0 17.0 35 220   M    M   0        42 230
12  57  43  50  -7  15   0 0.00  0.0    0 20.0 39 280   M    M   0 8      50 290
13  72  39  56  -1   9   0 0.00  0.0    0 10.2 22  80   M    M   0        35  60
14  80  39  60   3   5   0 0.00  0.0    0  7.3 24 230   M    M   0        28 240
15  77  53  65   7   0   0 0.00  0.0    0 16.4 32 230   M    M   0        38 220
16  62  40  51  -7  14   0 0.01    M    0 19.6 32 240   M    M   4        41 250
17  66  37  52  -6  13   0 0.00  0.0    0  9.8 24 280   M    M   0        29 330
18  73  38  56  -2   9   0 0.00  0.0    0 11.9 30 230   M    M   0        37 220
================================================================================
SM 1368  860        67  16  0.01     0.0 262.6          M        5
================================================================================
AV 76.0 47.8                              14.6 FASTST   M    M   0    MAX(MPH)
                                 MISC ---->  # 39 300               # 50  290
================================================================================
NOTES:
# LAST OF SEVERAL OCCURRENCES

COLUMN 17 PEAK WIND IN M.P.H.

PRELIMINARY LOCAL CLIMATOLOGICAL DATA (WS FORM: F-6) , PAGE 2

                                          STATION:  PALMDALE AIRPORT CA
                                          MONTH:    APRIL
                                          YEAR:     2018
                                          LATITUDE:   34 37 N
                                          LONGITUDE: 118  5 W

[TEMPERATURE DATA]      [PRECIPITATION DATA]       SYMBOLS USED IN COLUMN 16

AVERAGE MONTHLY: 61.9   TOTAL FOR MONTH:   0.01    1 = FOG OR MIST
DPTR FM NORMAL:   5.5   DPTR FM NORMAL:   -0.29    2 = FOG REDUCING VISIBILITY
HIGHEST:    88 ON 10    GRTST 24HR  0.01 ON 16-16      TO 1/4 MILE OR LESS
LOWEST:     37 ON 17                               3 = THUNDER
                        SNOW, ICE PELLETS, HAIL    4 = ICE PELLETS
                        TOTAL MONTH:   0.0 INCH    5 = HAIL
                        GRTST 24HR     0.0         6 = FREEZING RAIN OR DRIZZLE
                        GRTST DEPTH:   0           7 = DUSTSTORM OR SANDSTORM:
                                                       VSBY 1/2 MILE OR LESS
                                                   8 = SMOKE OR HAZE
[NO. OF DAYS WITH]      [WEATHER - DAYS WITH]      9 = BLOWING SNOW
                                                   X = TORNADO
MAX 32 OR BELOW:   0    0.01 INCH OR MORE:   1
MAX 90 OR ABOVE:   0    0.10 INCH OR MORE:   0
MIN 32 OR BELOW:   0    0.50 INCH OR MORE:   0
MIN  0 OR BELOW:   0    1.00 INCH OR MORE:   0

[HDD (BASE 65) ]
TOTAL THIS MO.    67    CLEAR  (SCALE 0-3)  17
DPTR FM NORMAL   -95    PTCLDY (SCALE 4-7)   1
TOTAL FM JUL 1  2100    CLOUDY (SCALE 8-10)  0
DPTR FM NORMAL  -683

[CDD (BASE 65) ]
TOTAL THIS MO.    16
DPTR FM NORMAL    13    [PRESSURE DATA]
TOTAL FM JAN 1    18    HIGHEST SLP M ON M
DPTR FM NORMAL    13    LOWEST  SLP 29.79 ON  2

[REMARKS]
