000
CXUS54 KOUN 210700
CF6PNC
PRELIMINARY LOCAL CLIMATOLOGICAL DATA (WS FORM: F-6)

                                          STATION:   PONCA CITY
                                          MONTH:     APRIL
                                          YEAR:      2018
                                          LATITUDE:   36 44 N
                                          LONGITUDE:  97  6 W

  TEMPERATURE IN F:       :PCPN:    SNOW:  WIND      :SUNSHINE: SKY     :PK WND
================================================================================
1   2   3   4   5  6A  6B    7    8   9   10  11  12  13   14  15   16   17  18
                                     12Z  AVG MX 2MIN
DY MAX MIN AVG DEP HDD CDD  WTR  SNW DPTH SPD SPD DIR MIN PSBL S-S WX    SPD DR
================================================================================

 1  39  29  34 -20  31   0    T  0.0    0 15.5 28  40   M    M   8        36  30
 2  60  30  45  -9  20   0 0.00  0.0    0  8.9 17 170   M    M  10 18     22 180
 3  64  28  46  -8  19   0 0.00  0.0    0 17.2 37 340   M    M   4        46 330
 4  57  23  40 -15  25   0 0.00  0.0    0  9.0 21 140   M    M   0        26 170
 5  72  48  60   5   5   0 0.00  0.0    0  9.9 21 170   M    M   0        29 170
 6  54  27  41 -14  24   0 0.02    M    0 18.5 33  40   M    M   7 1      42  40
 7  48  22  35 -21  30   0    T    M    M 12.2 28  10   M    M   3        35  10
 8  53  30  42 -14  23   0    T    M    0  8.6 26 160   M    M   4        36 170
 9  55  35  45 -11  20   0    T  0.0    0  7.9 22  10   M    M   3        26  30
10  70  25  48  -9  17   0 0.00  0.0    0  7.7 20 220   M    M   0 18     27 210
11  84  53  69  12   0   4 0.00  0.0    0 13.7 25 210   M    M   0        40 190
12  89  62  76  19   0  11 0.00  0.0    0 18.2 33 160   M    M   0        44 160
13  89  41  65   7   0   0 0.00  0.0    0 17.6 31 220   M    M   2 3      47 230
14  43  33  38 -20  27   0 0.00  0.0    0 18.0 29 320   M    M   9        40 330
15  53  27  40 -18  25   0 0.00  0.0    0 14.6 28 340   M    M   3        40 320
16  65  22  44 -14  21   0 0.00  0.0    0  9.0 22 100   M    M   0        29 100
17  89  48  69  10   0   4 0.00  0.0    0 12.8 24 170   M    M   0 8      35 160
18  71  36  54  -5  11   0 0.00  0.0    0 15.2 32 340   M    M   1 8      44 350
19  63  30  47 -13  18   0 0.00  0.0    0  9.1 20  40   M    M   0 8      25  20
20  69  40  55  -5  10   0 0.01  0.0    0 13.6 28 140   M    M   2 3      38 120
================================================================================
SM 1287  689       326  19  0.03     0.0 257.2          M       56
================================================================================
AV 64.4 34.5                              12.9 FASTST   M    M   3    MAX(MPH)
                                 MISC ---->  # 37 340               # 47  230
================================================================================
NOTES:
# LAST OF SEVERAL OCCURRENCES

COLUMN 17 PEAK WIND IN M.P.H.

PRELIMINARY LOCAL CLIMATOLOGICAL DATA (WS FORM: F-6) , PAGE 2

                                          STATION:  PONCA CITY
                                          MONTH:    APRIL
                                          YEAR:     2018
                                          LATITUDE:   36 44 N
                                          LONGITUDE:  97  6 W

[TEMPERATURE DATA]      [PRECIPITATION DATA]       SYMBOLS USED IN COLUMN 16

AVERAGE MONTHLY: 49.4   TOTAL FOR MONTH:   0.03    1 = FOG OR MIST
DPTR FM NORMAL:  -7.4   DPTR FM NORMAL:   -2.09    2 = FOG REDUCING VISIBILITY
HIGHEST:    89 ON 17,13 GRTST 24HR  0.02 ON  6- 6      TO 1/4 MILE OR LESS
LOWEST:     22 ON 16, 7                            3 = THUNDER
                        SNOW, ICE PELLETS, HAIL    4 = ICE PELLETS
                        TOTAL MONTH:   0.0 INCH    5 = HAIL
                        GRTST 24HR     0.0         6 = FREEZING RAIN OR DRIZZLE
                        GRTST DEPTH:   0           7 = DUSTSTORM OR SANDSTORM:
                                                       VSBY 1/2 MILE OR LESS
                                                   8 = SMOKE OR HAZE
[NO. OF DAYS WITH]      [WEATHER - DAYS WITH]      9 = BLOWING SNOW
                                                   X = TORNADO
MAX 32 OR BELOW:   0    0.01 INCH OR MORE:   2
MAX 90 OR ABOVE:   0    0.10 INCH OR MORE:   0
MIN 32 OR BELOW:  11    0.50 INCH OR MORE:   0
MIN  0 OR BELOW:   0    1.00 INCH OR MORE:   0

[HDD (BASE 65) ]
TOTAL THIS MO.   326    CLEAR  (SCALE 0-3)  13
DPTR FM NORMAL   140    PTCLDY (SCALE 4-7)   5
TOTAL FM JUL 1  3818    CLOUDY (SCALE 8-10)  2
DPTR FM NORMAL  -162

[CDD (BASE 65) ]
TOTAL THIS MO.    19
DPTR FM NORMAL    -4    [PRESSURE DATA]
TOTAL FM JAN 1    21    HIGHEST SLP M ON M
DPTR FM NORMAL    -9    LOWEST  SLP 29.39 ON 13

[REMARKS]
