000
CXUS54 KLIX 280810
CF6PQL
PRELIMINARY LOCAL CLIMATOLOGICAL DATA (WS FORM: F-6)
STATION: PASCAGOULA
MONTH: MARCH
YEAR: 2024
LATITUDE: 30 27 N
LONGITUDE: 88 32 W
TEMPERATURE IN F: :PCPN: SNOW: WIND :SUNSHINE: SKY :PK WND
================================================================================
1 2 3 4 5 6A 6B 7 8 9 10 11 12 13 14 15 16 17 18
12Z AVG MX 2MIN
DY MAX MIN AVG DEP HDD CDD WTR SNW DPTH SPD SPD DIR MIN PSBL S-S WX SPD DR
================================================================================
1 70 50 60 4 5 0 1.26 M M 6.6 21 130 M M 10 13 30 130
2 72 58 65 8 0 0 0.00 0.0 M 4.1 12 360 M M 10 12 14 10
3 80 59 70 13 0 5 0.00 0.0 M 5.5 15 150 M M 6 12 22 160
4 75 66 71 14 0 6 0.94 0.0 M 8.7 17 140 M M 10 1 26 100
5 76 60 68 11 0 3 0.68 0.0 M 6.9 25 150 M M 7 13 34 160
6 82 58 70 12 0 5 0.00 0.0 M 3.4 14 360 M M 4 1 20 350
7 76 53 65 7 0 0 0.00 0.0 M 4.2 14 160 M M 0 1 20 140
8 75 56 66 8 0 1 1.24 0.0 M 10.3 24 150 M M 8 123 36 140
9 73 58 66 8 0 1 0.33 0.0 M 7.7 21 350 M M 6 13 28 350
10 70 46 58 0 7 0 0.00 0.0 M 6.9 18 360 M M 1 26 350
11 68 44 56 -3 9 0 0.00 0.0 M 2.1 9 110 M M 1 1 15 80
12 73 41 57 -2 8 0 0.00 0.0 M 1.9 13 160 M M 0 1 19 160
13 76 48 62 3 3 0 0.00 0.0 M 4.4 14 150 M M 3 1 19 150
14 78 55 67 8 0 2 0.00 0.0 M 8.7 17 150 M M 6 1 24 140
15 85 62 74 15 0 9 0.11 0.0 M 6.1 25 350 M M 7 13 35 360
16 81 59 70 10 0 5 0.01 0.0 M 3.4 13 140 M M 3 1 18 340
17 69 58 64 4 1 0 0.52 0.0 M 2.6 10 10 M M 8 123 14 360
18 71 44 58 -2 7 0 M M M 10.4 23 350 M M 4 35 350
19 64 31 48 -12 17 0 0.00 0.0 M 3.6 12 190 M M 0 20 190
20 73 36 55 -5 10 0 0.00 0.0 M 1.8 12 190 M M 2 1 20 210
21 71 42 57 -4 8 0 0.04 0.0 M 2.7 12 160 M M 2 1 16 150
22 75 53 64 3 1 0 0.52 0.0 M 4.6 17 100 M M 5 18 26 90
23 76 54 65 4 0 0 T 0.0 M 10.9 24 360 M M 5 36 360
24 68 44 56 -5 9 0 0.00 0.0 M 7.2 16 150 M M 0 22 150
25 74 66 70 8 0 5 T 0.0 M 17.9 28 130 M M 10 43 120
26 76 51 64 2 1 0 0.55 0.0 M 8.1 23 150 M M 6 1 34 350
27 79 50 65 3 0 0 0.00 0.0 M 8.1 18 360 M M 0 1 25 10
================================================================================
SM 2006 1402 86 42 6.20 0.0 168.8 M 124
================================================================================
AV 74.3 51.9 6.3 FASTST M M 5 MAX(MPH)
MISC ----> 28 130 43 120
================================================================================
NOTES:
# LAST OF SEVERAL OCCURRENCES
COLUMN 17 PEAK WIND IN M.P.H.
PRELIMINARY LOCAL CLIMATOLOGICAL DATA (WS FORM: F-6) , PAGE 2
STATION: PASCAGOULA
MONTH: MARCH
YEAR: 2024
LATITUDE: 30 27 N
LONGITUDE: 88 32 W
[TEMPERATURE DATA] [PRECIPITATION DATA] SYMBOLS USED IN COLUMN 16
AVERAGE MONTHLY: 63.1 TOTAL FOR MONTH: 6.20 1 = FOG OR MIST
DPTR FM NORMAL: 3.9 DPTR FM NORMAL: 1.17 2 = FOG REDUCING VISIBILITY
HIGHEST: 85 ON 15 GRTST 24HR 1.60 ON 4- 5 TO 1/4 MILE OR LESS
LOWEST: 31 ON 19 3 = THUNDER
SNOW, ICE PELLETS, HAIL 4 = ICE PELLETS
TOTAL MONTH: 0.0 INCH 5 = HAIL
GRTST 24HR 0.0 6 = FREEZING RAIN OR DRIZZLE
GRTST DEPTH: M ON M 7 = DUSTSTORM OR SANDSTORM:
VSBY 1/2 MILE OR LESS
8 = SMOKE OR HAZE
[NO. OF DAYS WITH] [WEATHER - DAYS WITH] 9 = BLOWING SNOW
X = TORNADO
MAX 32 OR BELOW: 0 0.01 INCH OR MORE: 11
MAX 90 OR ABOVE: 0 0.10 INCH OR MORE: 9
MIN 32 OR BELOW: 1 0.50 INCH OR MORE: 7
MIN 0 OR BELOW: 0 1.00 INCH OR MORE: 2
[HDD (BASE 65) ]
TOTAL THIS MO. 86 CLEAR (SCALE 0-3) 11
DPTR FM NORMAL -93 PTCLDY (SCALE 4-7) 12
TOTAL FM JUL 1 1299 CLOUDY (SCALE 8-10) 4
DPTR FM NORMAL -312
[CDD (BASE 65) ]
TOTAL THIS MO. 42
DPTR FM NORMAL 15 [PRESSURE DATA]
TOTAL FM JAN 1 74 HIGHEST SLP M ON M
DPTR FM NORMAL 31 LOWEST SLP 29.67 ON 8
[REMARKS]