000
CXUS53 KLOT 230800
CF6PWK
PRELIMINARY LOCAL CLIMATOLOGICAL DATA (WS FORM: F-6)
STATION: CHICAGO EXECUTIVE AIRPORT
MONTH: APRIL
YEAR: 2024
LATITUDE: 42 5 N
LONGITUDE: 87 54 W
TEMPERATURE IN F: :PCPN: SNOW: WIND :SUNSHINE: SKY :PK WND
================================================================================
1 2 3 4 5 6A 6B 7 8 9 10 11 12 13 14 15 16 17 18
12Z AVG MX 2MIN
DY MAX MIN AVG DEP HDD CDD WTR SNW DPTH SPD SPD DIR MIN PSBL S-S WX SPD DR
================================================================================
1 46 41 44 0 21 0 0.37 M M 11.0 20 360 M M 9 13 29 360
2 43 36 40 -4 25 0 0.47 M M 11.0 24 300 M M 10 1 37 310
3 40 34 37 -7 28 0 0.24 M M 12.5 22 330 M M 10 1 32 330
4 42 36 39 -6 26 0 0.06 M M 10.8 21 360 M M 10 1 33 360
5 49 33 41 -4 24 0 0.00 M M 8.2 20 20 M M 5 30 10
6 51 30 41 -4 24 0 0.00 M M 4.8 14 50 M M 0 20 60
7 49 38 44 -2 21 0 0.36 M M 8.5 17 130 M M 5 13 28 120
8 70 40 55 9 10 0 0.00 M M 9.2 22 240 M M 0 34 240
9 63 44 54 8 11 0 0.00 M M 7.2 17 300 M M 1 27 240
10 68 41 55 8 10 0 0.00 M M 3.3 14 130 M M 1 19 110
11 59 50 55 8 10 0 0.01 M M 6.7 15 30 M M 9 23 30
12 64 45 55 8 10 0 0.04 M M 13.2 29 320 M M 5 3 43 320
13 70 42 56 8 9 0 0.00 M M 8.1 20 210 M M 0 28 220
14 79 50 65 17 0 0 0.00 M M 9.0 20 210 M M 0 31 220
15 74 48 61 13 4 0 0.00 M M 6.2 12 130 M M 0 17 30
16 74 49 62 13 3 0 0.10 M M 10.1 28 170 M M 4 3 38 180
17 68 54 61 12 4 0 T M M 15.8 28 240 M M 9 3 40 240
18 56 45 51 1 14 0 0.10 M M 5.8 12 340 M M 6 13 19 300
19 56 40 48 -2 17 0 0.00 M M 15.4 28 300 M M 1 39 300
20 45 35 40 -10 25 0 0.00 M M 11.8 17 300 M M 6 26 310
21 58 33 46 -5 19 0 0.00 M M 6.5 18 290 M M 1 31 310
22 66 35 51 0 14 0 T M M 10.1 23 210 M M 0 35 220
================================================================================
SM 1290 899 329 0 1.75 M 205.2 M 92
================================================================================
AV 58.6 40.9 9.3 FASTST M M 4 MAX(MPH)
MISC ----> 29 320 43 320
================================================================================
NOTES:
# LAST OF SEVERAL OCCURRENCES
COLUMN 17 PEAK WIND IN M.P.H.
PRELIMINARY LOCAL CLIMATOLOGICAL DATA (WS FORM: F-6) , PAGE 2
STATION: CHICAGO EXECUTIVE AIRPORT
MONTH: APRIL
YEAR: 2024
LATITUDE: 42 5 N
LONGITUDE: 87 54 W
[TEMPERATURE DATA] [PRECIPITATION DATA] SYMBOLS USED IN COLUMN 16
AVERAGE MONTHLY: 49.8 TOTAL FOR MONTH: 1.75 1 = FOG OR MIST
DPTR FM NORMAL: 2.5 DPTR FM NORMAL: -0.50 2 = FOG REDUCING VISIBILITY
HIGHEST: 79 ON 14 GRTST 24HR 0.83 ON 1- 2 TO 1/4 MILE OR LESS
LOWEST: 30 ON 6 3 = THUNDER
SNOW, ICE PELLETS, HAIL 4 = ICE PELLETS
TOTAL MONTH: M 5 = HAIL
GRTST 24HR M ON M 6 = FREEZING RAIN OR DRIZZLE
GRTST DEPTH: M ON M 7 = DUSTSTORM OR SANDSTORM:
VSBY 1/2 MILE OR LESS
8 = SMOKE OR HAZE
[NO. OF DAYS WITH] [WEATHER - DAYS WITH] 9 = BLOWING SNOW
X = TORNADO
MAX 32 OR BELOW: 0 0.01 INCH OR MORE: 9
MAX 90 OR ABOVE: 0 0.10 INCH OR MORE: 6
MIN 32 OR BELOW: 1 0.50 INCH OR MORE: 0
MIN 0 OR BELOW: 0 1.00 INCH OR MORE: 0
[HDD (BASE 65) ]
TOTAL THIS MO. 329 CLEAR (SCALE 0-3) 10
DPTR FM NORMAL -63 PTCLDY (SCALE 4-7) 6
TOTAL FM JUL 1 4862 CLOUDY (SCALE 8-10) 6
DPTR FM NORMAL -864
[CDD (BASE 65) ]
TOTAL THIS MO. 0
DPTR FM NORMAL 0 [PRESSURE DATA]
TOTAL FM JAN 1 0 HIGHEST SLP M ON M
DPTR FM NORMAL -2 LOWEST SLP 29.16 ON 3
[REMARKS]