000
CXUS56 KMFR 211000
CF6RBG
PRELIMINARY LOCAL CLIMATOLOGICAL DATA (WS FORM: F-6)

                                          STATION:   ROSEBURG OR
                                          MONTH:     APRIL
                                          YEAR:      2018
                                          LATITUDE:   43 13 N
                                          LONGITUDE: 123 22 W

  TEMPERATURE IN F:       :PCPN:    SNOW:  WIND      :SUNSHINE: SKY     :PK WND
================================================================================
1   2   3   4   5  6A  6B    7    8   9   10  11  12  13   14  15   16   17  18
                                     12Z  AVG MX 2MIN
DY MAX MIN AVG DEP HDD CDD  WTR  SNW DPTH SPD SPD DIR MIN PSBL S-S WX    SPD DR
================================================================================

 1  61  37  49  -1  16   0 0.03    M    M  3.2 15 330   M    M   7 1      20 320
 2  55  36  46  -4  19   0    T    M    M  2.8 20 320   M    M   5        25 320
 3  61  32  47  -3  18   0 0.01    M    M  1.0  9 360   M    M   5        11 360
 4  73  46  60  10   5   0 0.01    M    M  2.1  8 320   M    M   8        11 330
 5  57  50  54   4  11   0 0.27    M    M  0.7  6 160   M    M   9 1       8 170
 6  68  52  60  10   5   0 0.03    M    M  3.6 15 140   M    M   9 12     22 140
 7  63  48  56   5   9   0 0.48    M    M  8.6 24 170   M    M   9 1      38 170
 8  59  43  51   0  14   0 0.06    M    M  5.3 15 230   M    M   9 1      23 210
 9  72  38  55   4  10   0 0.00    M    M  1.3  6 340   M    M   0 1       9 360
10  65  46  56   5   9   0    T    M    M  4.3 16 250   M    M   6        25 240
11  60  42  51   0  14   0 0.14    M    M  4.5 23 170   M    M   8 1      37 170
12  50  40  45  -6  20   0 0.16    M    M  4.6 17 160   M    M   7 1      25 220
13  58  44  51  -1  14   0 0.00    M    M  3.6 12 160   M    M   9        16 180
14  60  45  53   1  12   0 0.00    M    M  3.5 12 160   M    M   6        15 160
15  55  42  49  -3  16   0 0.26    M    M  5.0 16 240   M    M   9 1      23 230
16  55  41  48  -4  17   0 0.05    M    M  5.2 16 300   M    M   9        25 310
17  56  41  49  -3  16   0 0.04    M    M  3.8 13 300   M    M   7 1      20 300
18  63  42  53   1  12   0 0.02    M    M  2.7 17 320   M    M   5 1      23 340
19  66  37  52  -1  13   0 0.00    M    M  3.5 15  10   M    M   1        19 360
20  69  39  54   1  11   0 0.00    M    M  3.0 12 300   M    M   2        16 300
================================================================================
SM 1226  841       261   0  1.56    M     72.3          M      130
================================================================================
AV 61.3 42.1                               3.6 FASTST   M    M   7    MAX(MPH)
                                 MISC ---->  # 24 170               # 38  170
================================================================================
NOTES:
# LAST OF SEVERAL OCCURRENCES

COLUMN 17 PEAK WIND IN M.P.H.

PRELIMINARY LOCAL CLIMATOLOGICAL DATA (WS FORM: F-6) , PAGE 2

                                          STATION:  ROSEBURG OR
                                          MONTH:    APRIL
                                          YEAR:     2018
                                          LATITUDE:   43 13 N
                                          LONGITUDE: 123 22 W

[TEMPERATURE DATA]      [PRECIPITATION DATA]       SYMBOLS USED IN COLUMN 16

AVERAGE MONTHLY: 51.7   TOTAL FOR MONTH:   1.56    1 = FOG OR MIST
DPTR FM NORMAL:   0.5   DPTR FM NORMAL:   -0.43    2 = FOG REDUCING VISIBILITY
HIGHEST:    73 ON  4    GRTST 24HR  0.48 ON  7- 7      TO 1/4 MILE OR LESS
LOWEST:     32 ON  3                               3 = THUNDER
                        SNOW, ICE PELLETS, HAIL    4 = ICE PELLETS
                        TOTAL MONTH:    M          5 = HAIL
                        GRTST 24HR    M  ON   M    6 = FREEZING RAIN OR DRIZZLE
                        GRTST DEPTH:  M  ON   M    7 = DUSTSTORM OR SANDSTORM:
                                                       VSBY 1/2 MILE OR LESS
                                                   8 = SMOKE OR HAZE
[NO. OF DAYS WITH]      [WEATHER - DAYS WITH]      9 = BLOWING SNOW
                                                   X = TORNADO
MAX 32 OR BELOW:   0    0.01 INCH OR MORE:  13
MAX 90 OR ABOVE:   0    0.10 INCH OR MORE:   5
MIN 32 OR BELOW:   1    0.50 INCH OR MORE:   0
MIN  0 OR BELOW:   0    1.00 INCH OR MORE:   0

[HDD (BASE 65) ]
TOTAL THIS MO.   261    CLEAR  (SCALE 0-3)   3
DPTR FM NORMAL   -14    PTCLDY (SCALE 4-7)  10
TOTAL FM JUL 1  3550    CLOUDY (SCALE 8-10)  7
DPTR FM NORMAL  -104

[CDD (BASE 65) ]
TOTAL THIS MO.     0
DPTR FM NORMAL     0    [PRESSURE DATA]
TOTAL FM JAN 1     0    HIGHEST SLP M ON M
DPTR FM NORMAL     0    LOWEST  SLP  0.00 ON  7

[REMARKS]
