000
CXUS55 KLOX 231655
CF6SDB
PRELIMINARY LOCAL CLIMATOLOGICAL DATA (WS FORM: F-6)

                                          STATION:   SANDBERG CA
                                          MONTH:     MAY
                                          YEAR:      2018
                                          LATITUDE:   34 45 N
                                          LONGITUDE: 118 44 W

  TEMPERATURE IN F:       :PCPN:    SNOW:  WIND      :SUNSHINE: SKY     :PK WND
================================================================================
1   2   3   4   5  6A  6B    7    8   9   10  11  12  13   14  15   16   17  18
                                     12Z  AVG MX 2MIN
DY MAX MIN AVG DEP HDD CDD  WTR  SNW DPTH SPD SPD DIR MIN PSBL S-S WX    SPD DR
================================================================================

 1  46  37  42 -12  23   0 0.23    M    0 10.8 20 190   M    M  10 12     24 190
 2  57  38  48  -6  17   0 0.00  0.0    0 10.0 23 350   M    M   6 128    30 350
 3  71  45  58   4   7   0 0.00  0.0    0 13.2 23 340   M    M   0        27 350
 4  78  52  65  10   0   0 0.00  0.0    0 11.0 21 110   M    M   0        28 110
 5  78  58  68  13   0   3 0.00  0.0    0  9.6 17 210   M    M   0        26 130
 6  76  57  67  12   0   2 0.00  0.0    0 11.3 21 170   M    M   0        32 200
 7  72  51  62   6   3   0 0.00  0.0    0 16.1 31 340   M    M   0        38 340
 8  81  57  69  13   0   4 0.00  0.0    0 12.7 33 340   M    M   0        43 340
 9  79  56  68  12   0   3 0.00  0.0    0 17.6 36 340   M    M   0        45 340
10  72  51  62   6   3   0 0.00  0.0    0 16.7 30 340   M    M   0        36 330
11  57  44  51  -6  14   0 0.02    M    0 15.5 31 160   M    M   5 128    38 170
12  55  43  49  -8  16   0 0.00  0.0    0 13.3 21 180   M    M   9 12     27 200
13  59  41  50  -7  15   0 0.00  0.0    0 10.8 21 330   M    M   4 12     28 170
14  65  43  54  -4  11   0 0.00  0.0    0 10.4 20 200   M    M   2 12     28 210
15  65  45  55  -3  10   0 0.00  0.0    0 10.1 24 160   M    M   0        32 150
16  67  43  55  -3  10   0 0.00  0.0    0 14.8 24 330   M    M   0        30 340
17  67  41  54  -4  11   0 0.00  0.0    0 13.9 31 340   M    M   1 12     42 340
18  70  48  59   0   6   0 0.00  0.0    0 16.2 30 330   M    M   0        43 330
19  69  52  61   2   4   0 0.00  0.0    0 15.3 30 330   M    M   0        38 340
20  68  50  59   0   6   0    T  0.0    0 12.8 23 340   M    M   0        32 340
21  56  43  50  -9  15   0 0.00  0.0    0 11.9 23 160   M    M   5 128    27 170
22  66  43  55  -5  10   0 0.00  0.0    0 10.1 20 330   M    M   1 12     25 320
================================================================================
SM 1474 1038       181  12  0.25     0.0 284.2          M       43
================================================================================
AV 67.0 47.2                              12.9 FASTST   M    M   2    MAX(MPH)
                                 MISC ---->  # 36 340               # 45  340
================================================================================
NOTES:
# LAST OF SEVERAL OCCURRENCES

COLUMN 17 PEAK WIND IN M.P.H.

PRELIMINARY LOCAL CLIMATOLOGICAL DATA (WS FORM: F-6) , PAGE 2

                                          STATION:  SANDBERG CA
                                          MONTH:    MAY
                                          YEAR:     2018
                                          LATITUDE:   34 45 N
                                          LONGITUDE: 118 44 W

[TEMPERATURE DATA]      [PRECIPITATION DATA]       SYMBOLS USED IN COLUMN 16

AVERAGE MONTHLY: 57.1   TOTAL FOR MONTH:   0.25    1 = FOG OR MIST
DPTR FM NORMAL:   0.3   DPTR FM NORMAL:   -0.09    2 = FOG REDUCING VISIBILITY
HIGHEST:    81 ON  8    GRTST 24HR  0.23 ON  1- 1      TO 1/4 MILE OR LESS
LOWEST:     37 ON  1                               3 = THUNDER
                        SNOW, ICE PELLETS, HAIL    4 = ICE PELLETS
                        TOTAL MONTH:   0.0 INCH    5 = HAIL
                        GRTST 24HR     0.0         6 = FREEZING RAIN OR DRIZZLE
                        GRTST DEPTH:   0           7 = DUSTSTORM OR SANDSTORM:
                                                       VSBY 1/2 MILE OR LESS
                                                   8 = SMOKE OR HAZE
[NO. OF DAYS WITH]      [WEATHER - DAYS WITH]      9 = BLOWING SNOW
                                                   X = TORNADO
MAX 32 OR BELOW:   0    0.01 INCH OR MORE:   2
MAX 90 OR ABOVE:   0    0.10 INCH OR MORE:   1
MIN 32 OR BELOW:   0    0.50 INCH OR MORE:   0
MIN  0 OR BELOW:   0    1.00 INCH OR MORE:   0

[HDD (BASE 65) ]
TOTAL THIS MO.   181    CLEAR  (SCALE 0-3)  16
DPTR FM NORMAL   -18    PTCLDY (SCALE 4-7)   4
TOTAL FM JUL 1  2710    CLOUDY (SCALE 8-10)  2
DPTR FM NORMAL -1264

[CDD (BASE 65) ]
TOTAL THIS MO.    12
DPTR FM NORMAL    -8    [PRESSURE DATA]
TOTAL FM JAN 1    16    HIGHEST SLP M ON M
DPTR FM NORMAL   -12    LOWEST  SLP 29.76 ON 10

[REMARKS]
