000
CXUS56 KFGZ 200900
CF6SJN
PRELIMINARY LOCAL CLIMATOLOGICAL DATA (WS FORM: F-6)

                                          STATION:   SAINT JOHNS AZ AIRPORT
                                          MONTH:     MAY
                                          YEAR:      2018
                                          LATITUDE:   34 31 N
                                          LONGITUDE: 109 23 W

  TEMPERATURE IN F:       :PCPN:    SNOW:  WIND      :SUNSHINE: SKY     :PK WND
================================================================================
1   2   3   4   5  6A  6B    7    8   9   10  11  12  13   14  15   16   17  18
                                     12Z  AVG MX 2MIN
DY MAX MIN AVG DEP HDD CDD  WTR  SNW DPTH SPD SPD DIR MIN PSBL S-S WX    SPD DR
================================================================================

 1  71  36  54  -4  11   0 0.00    M    M 13.5 29 250   M    M   0        38 230
 2  59  36  48 -11  17   0 0.02    M    M 13.8 31 280   M    M   6        41 200
 3  64  31  48 -11  17   0 0.00    M    M  7.7 18 340   M    M   2        25 340
 4  75  32  54  -5  11   0 0.00    M    M  4.2 14 320   M    M   0        19 320
 5  82  35  59   0   6   0 0.00    M    M  4.2 14 150   M    M   0        21 130
 6  87  39  63   3   2   0 0.00    M    M  4.5 16 320   M    M   0        24 340
 7  86  48  67   7   0   2 0.00    M    M  7.0 24 280   M    M   0        31 290
 8  88  43  66   6   0   1 0.00  0.0    0  5.0 12 290   M    M   0        16  99
 9  93  51  72  11   0   7 0.00  0.0    0  6.9 25 260   M    M   0        33 290
10  90  50  70   9   0   5 0.00  0.0    0 11.3 29 240   M    M   0        40 270
11  85  49  67   6   0   2 0.00  0.0    0 18.3 40 250   M    M   1        54 250
12  81  52  67   6   0   2 0.00  0.0    0 15.7 35 240   M    M   0        48 250
13  78  41  60  -2   5   0 0.00  0.0    0 11.3 30 250   M    M   0        39 250
14  80  43  62   0   3   0 0.00  0.0    0 10.7 26 220   M    M   1        43 210
15  83  47  65   3   0   0 0.00    M    M 10.8 31 270   M    M   0        45 260
16  88  37  63   1   2   0 0.00    M    M  8.4 24 250   M    M   0        33 250
17  85  48  67   4   0   2 0.00    M    M 11.0 28 240   M    M   0        38 200
18  79  48  64   1   1   0 0.00    M    0 10.5 23 280   M    M   0        33 290
19  83  46  65   2   0   0 0.00    M    0  7.3 17 290   M    M   0        23 340
================================================================================
SM 1537  812        75  21  0.02     0.0 182.1          M       10
================================================================================
AV 80.9 42.7                               9.6 FASTST   M    M   1    MAX(MPH)
                                 MISC ---->  # 40 250               # 54  250
================================================================================
NOTES:
# LAST OF SEVERAL OCCURRENCES

COLUMN 17 PEAK WIND IN M.P.H.

PRELIMINARY LOCAL CLIMATOLOGICAL DATA (WS FORM: F-6) , PAGE 2

                                          STATION:  SAINT JOHNS AZ AIRPORT
                                          MONTH:    MAY
                                          YEAR:     2018
                                          LATITUDE:   34 31 N
                                          LONGITUDE: 109 23 W

[TEMPERATURE DATA]      [PRECIPITATION DATA]       SYMBOLS USED IN COLUMN 16

AVERAGE MONTHLY: 61.8   TOTAL FOR MONTH:   0.02    1 = FOG OR MIST
DPTR FM NORMAL:   1.0   DPTR FM NORMAL:   -0.30    2 = FOG REDUCING VISIBILITY
HIGHEST:    93 ON  9    GRTST 24HR  0.02 ON  2- 2      TO 1/4 MILE OR LESS
LOWEST:     31 ON  3                               3 = THUNDER
                        SNOW, ICE PELLETS, HAIL    4 = ICE PELLETS
                        TOTAL MONTH:   0.0 INCH    5 = HAIL
                        GRTST 24HR     0.0         6 = FREEZING RAIN OR DRIZZLE
                        GRTST DEPTH:   0           7 = DUSTSTORM OR SANDSTORM:
                                                       VSBY 1/2 MILE OR LESS
                                                   8 = SMOKE OR HAZE
[NO. OF DAYS WITH]      [WEATHER - DAYS WITH]      9 = BLOWING SNOW
                                                   X = TORNADO
MAX 32 OR BELOW:   0    0.01 INCH OR MORE:   1
MAX 90 OR ABOVE:   2    0.10 INCH OR MORE:   0
MIN 32 OR BELOW:   2    0.50 INCH OR MORE:   0
MIN  0 OR BELOW:   0    1.00 INCH OR MORE:   0

[HDD (BASE 65) ]
TOTAL THIS MO.    75    CLEAR  (SCALE 0-3)  18
DPTR FM NORMAL   -23    PTCLDY (SCALE 4-7)   1
TOTAL FM JUL 1  4137    CLOUDY (SCALE 8-10)  0
DPTR FM NORMAL  -528

[CDD (BASE 65) ]
TOTAL THIS MO.    21
DPTR FM NORMAL     4    [PRESSURE DATA]
TOTAL FM JAN 1    23    HIGHEST SLP M ON M
DPTR FM NORMAL     6    LOWEST  SLP 29.55 ON 11

[REMARKS]
