000
CXUS55 KPUB 231059
CF6TAD
PRELIMINARY LOCAL CLIMATOLOGICAL DATA (WS FORM: F-6)

                                          STATION:   TRINIDAD CO
                                          MONTH:     JUNE
                                          YEAR:      2018
                                          LATITUDE:   37 16 N
                                          LONGITUDE: 104 20 W

  TEMPERATURE IN F:       :PCPN:    SNOW:  WIND      :SUNSHINE: SKY     :PK WND
================================================================================
1   2   3   4   5  6A  6B    7    8   9   10  11  12  13   14  15   16   17  18
                                     12Z  AVG MX 2MIN
DY MAX MIN AVG DEP HDD CDD  WTR  SNW DPTH SPD SPD DIR MIN PSBL S-S WX    SPD DR
================================================================================

 1  96  55  76  12   0  11 0.00  0.0    0 14.3 28 270   M    M   0        39 270
 2  81  52  67   3   0   2 0.00  0.0    0  8.0 21 170   M    M   0        28 120
 3  80  52  66   2   0   1 0.08  0.0    0 12.0 28 250   M    M   2 1      38 330
 4  90  55  73   8   0   8 0.00  0.0    0 11.8 28 240   M    M   0        35 240
 5  97  55  76  11   0  11 0.00  0.0    0  9.7 22 250   M    M   0        32 280
 6  95  58  77  11   0  12 0.00  0.0    0  9.7 31 190   M    M   0        41 190
 7  92  56  74   8   0   9 0.00  0.0    0 11.5 36 170   M    M   0        58 190
 8  94  58  76  10   0  11 0.00  0.0    0 13.4 37 190   M    M   1 3      59 190
 9  96  65  81  15   0  16 0.00  0.0    0 18.8 37 200   M    M   0        53 190
10  95  65  80  13   0  15 0.00  0.0    0 14.4 24 260   M    M   0        35 280
11  91  52  72   5   0   7 0.00  0.0    0 11.4 23 140   M    M   1        37 130
12  94  56  75   8   0  10 0.00  0.0    0 10.1 31 150   M    M   0 3      40 130
13  90  63  77   9   0  12 0.00  0.0    0 16.8 46 240   M    M   0        61 230
14  95  60  78  10   0  13    T  0.0    0 14.4 25 200   M    M   0 3      37 170
15  96  60  78  10   0  13 0.00  0.0    0 14.4 36 200   M    M   0        50 190
16  83  67  75   6   0  10 0.02  0.0    0 12.2 35 200   M    M   1 3      47 200
17  89  60  75   6   0  10 0.01  0.0    0 14.6 32 210   M    M   2        43 200
18  95  55  75   6   0  10 0.00  0.0    0 11.0 29 170   M    M   2        39 170
19  95  57  76   6   0  11    T  0.0    0 12.8 33  30   M    M   1        48  30
20  89  53  71   1   0   6    T  0.0    0  9.1 24  60   M    M   3        34  60
21  94  58  76   6   0  11 0.00  0.0    0  7.7 23 180   M    M   2 3      30 170
22  90  57  74   4   0   9    T  0.0    0  9.0 29  40   M    M   0 3      39  40
================================================================================
SM 2017 1269         0 218  0.11     0.0 267.1          M       15
================================================================================
AV 91.7 57.7                              12.1 FASTST   M    M   1    MAX(MPH)
                                 MISC ---->  # 46 240               # 61  230
================================================================================
NOTES:
# LAST OF SEVERAL OCCURRENCES

COLUMN 17 PEAK WIND IN M.P.H.

PRELIMINARY LOCAL CLIMATOLOGICAL DATA (WS FORM: F-6) , PAGE 2

                                          STATION:  TRINIDAD CO
                                          MONTH:    JUNE
                                          YEAR:     2018
                                          LATITUDE:   37 16 N
                                          LONGITUDE: 104 20 W

[TEMPERATURE DATA]      [PRECIPITATION DATA]       SYMBOLS USED IN COLUMN 16

AVERAGE MONTHLY: 74.7   TOTAL FOR MONTH:   0.11    1 = FOG OR MIST
DPTR FM NORMAL:   7.5   DPTR FM NORMAL:   -0.93    2 = FOG REDUCING VISIBILITY
HIGHEST:    97 ON  5    GRTST 24HR  0.08 ON  3- 3      TO 1/4 MILE OR LESS
LOWEST:     52 ON 11, 3                            3 = THUNDER
                        SNOW, ICE PELLETS, HAIL    4 = ICE PELLETS
                        TOTAL MONTH:   0.0 INCH    5 = HAIL
                        GRTST 24HR     0.0         6 = FREEZING RAIN OR DRIZZLE
                        GRTST DEPTH:   0           7 = DUSTSTORM OR SANDSTORM:
                                                       VSBY 1/2 MILE OR LESS
                                                   8 = SMOKE OR HAZE
[NO. OF DAYS WITH]      [WEATHER - DAYS WITH]      9 = BLOWING SNOW
                                                   X = TORNADO
MAX 32 OR BELOW:   0    0.01 INCH OR MORE:   3
MAX 90 OR ABOVE:  17    0.10 INCH OR MORE:   0
MIN 32 OR BELOW:   0    0.50 INCH OR MORE:   0
MIN  0 OR BELOW:   0    1.00 INCH OR MORE:   0

[HDD (BASE 65) ]
TOTAL THIS MO.     0    CLEAR  (SCALE 0-3)  21
DPTR FM NORMAL   -38    PTCLDY (SCALE 4-7)   1
TOTAL FM JUL 1  4630    CLOUDY (SCALE 8-10)  0
DPTR FM NORMAL  -903

[CDD (BASE 65) ]
TOTAL THIS MO.   218
DPTR FM NORMAL   132    [PRESSURE DATA]
TOTAL FM JAN 1   304    HIGHEST SLP M ON M
DPTR FM NORMAL   190    LOWEST  SLP 29.63 ON 16

[REMARKS]
